{"id":60032,"date":"2023-04-21T10:20:02","date_gmt":"2023-04-21T14:20:02","guid":{"rendered":"https:\/\/localhost:10096\/conference-speakers\/henrik-larsen\/"},"modified":"2023-04-21T10:20:02","modified_gmt":"2023-04-21T14:20:02","slug":"henrik-larsen","status":"publish","type":"conference-speakers","link":"https:\/\/upstateinternational.org\/de\/conference-speakers\/henrik-larsen\/","title":{"rendered":"Henrik Larsen"},"content":{"rendered":"<p>Henrik Larsen ist Brigadegeneral der K\u00f6niglich D\u00e4nischen Luftwaffe und verf\u00fcgt \u00fcber mehr als 39 Dienstjahre. Er bekleidete zahlreiche hohe und F\u00fchrungspositionen auf nationaler und internationaler Ebene, darunter mehrere Verwendungen im NATO-Hauptquartier, bei den Vereinten Nationen sowie die Positionen des Kommandeurs des D\u00e4nischen Luftwaffengeschwaders, des Ausbildungszentrums der Luftwaffe und des Leiters der Abteilung f\u00fcr gemeinsame Operationen im Verteidigungskommando D\u00e4nemark. Er diente au\u00dferdem als Adjutant der d\u00e4nischen K\u00f6nigin. Von 2011 bis 2012 war er als leitender Milit\u00e4rberater der Unterst\u00fctzungsmission der Vereinten Nationen in Afghanistan (UNAMA) eingesetzt. Er absolvierte 1997 das US Air Command and Staff College auf der Maxwell Air Force Base in Alabama.<\/p>\r\n\r\n\r\n\r\n<p>Als hochrangiger nationaler Vertreter leitet er derzeit das d\u00e4nische Verbindungselement innerhalb der Koalition des US-Zentralkommandos. Dessen Aufgabe ist es, Frieden und Stabilit\u00e4t im Verantwortungsbereich des Zentralkommandos zu f\u00f6rdern. Er fungiert zudem als Vorsitzender der Koalition, und seine F\u00fchrungs- und Koordinierungsma\u00dfnahmen im Namen D\u00e4nemarks tragen unmittelbar zu den internationalen Bem\u00fchungen der Koalition bei, destabilisierende Probleme im Nahen Osten und weltweit anzugehen.<\/p>\r\n\r\n\r\n\r\n<p>Henrik Larsen ist mit Sanne verheiratet. Drei Kinder (Julie, Catrine und Nikolai) und drei Enkelkinder.<\/p>","protected":false},"excerpt":{"rendered":"","protected":false},"featured_media":58338,"template":"","conference-years":[64],"class_list":["post-60032","conference-speakers","type-conference-speakers","status-publish","has-post-thumbnail","hentry","conference-years-2022-conference-speakers"],"acf":[],"_links":{"self":[{"href":"https:\/\/upstateinternational.org\/de\/wp-json\/wp\/v2\/conference-speakers\/60032","targetHints":{"allow":["GET"]}}],"collection":[{"href":"https:\/\/upstateinternational.org\/de\/wp-json\/wp\/v2\/conference-speakers"}],"about":[{"href":"https:\/\/upstateinternational.org\/de\/wp-json\/wp\/v2\/types\/conference-speakers"}],"version-history":[{"count":0,"href":"https:\/\/upstateinternational.org\/de\/wp-json\/wp\/v2\/conference-speakers\/60032\/revisions"}],"wp:featuredmedia":[{"embeddable":true,"href":"https:\/\/upstateinternational.org\/de\/wp-json\/wp\/v2\/media\/58338"}],"wp:attachment":[{"href":"https:\/\/upstateinternational.org\/de\/wp-json\/wp\/v2\/media?parent=60032"}],"wp:term":[{"taxonomy":"conference-years","embeddable":true,"href":"https:\/\/upstateinternational.org\/de\/wp-json\/wp\/v2\/conference-years?post=60032"}],"curies":[{"name":"wp","href":"https:\/\/api.w.org\/{rel}","templated":true}]}}

<p>Henrik Larsen ist Brigadegeneral der Königlich Dänischen Luftwaffe und verfügt über mehr als 39 Dienstjahre. Er bekleidete zahlreiche hohe und Führungspositionen auf nationaler und internationaler Ebene, darunter mehrere Verwendungen im NATO-Hauptquartier, bei den Vereinten Nationen sowie die Positionen des Kommandeurs des Dänischen Luftwaffengeschwaders, des Ausbildungszentrums der Luftwaffe und des Leiters der Abteilung für gemeinsame Operationen im Verteidigungskommando Dänemark. Er diente außerdem als Adjutant der dänischen Königin. Von 2011 bis 2012 war er als leitender Militärberater der Unterstützungsmission der Vereinten Nationen in Afghanistan (UNAMA) eingesetzt. Er absolvierte 1997 das US Air Command and Staff College auf der Maxwell Air Force Base in Alabama.</p>



<p>Als hochrangiger nationaler Vertreter leitet er derzeit das dänische Verbindungselement innerhalb der Koalition des US-Zentralkommandos. Dessen Aufgabe ist es, Frieden und Stabilität im Verantwortungsbereich des Zentralkommandos zu fördern. Er fungiert zudem als Vorsitzender der Koalition, und seine Führungs- und Koordinierungsmaßnahmen im Namen Dänemarks tragen unmittelbar zu den internationalen Bemühungen der Koalition bei, destabilisierende Probleme im Nahen Osten und weltweit anzugehen.</p>



<p>Henrik Larsen ist mit Sanne verheiratet. Drei Kinder (Julie, Catrine und Nikolai) und drei Enkelkinder.</p>
