{"id":60073,"date":"2023-07-11T11:39:00","date_gmt":"2023-07-11T15:39:00","guid":{"rendered":"https:\/\/localhost:10096\/conference-speakers\/maurie-lawrence\/"},"modified":"2023-10-20T05:33:26","modified_gmt":"2023-10-20T09:33:26","slug":"maurie-lawrence","status":"publish","type":"conference-speakers","link":"https:\/\/upstateinternational.org\/de\/conference-speakers\/maurie-lawrence\/","title":{"rendered":"Maurie Lawrence"},"content":{"rendered":"<p>Maurie Lawrence ist derzeit Vizepr\u00e4sidentin f\u00fcr Nachhaltigkeit und stellvertretende Generalbevollm\u00e4chtigte von Milliken &amp; Company mit Hauptsitz in Spartanburg, South Carolina. Sie arbeitet mit interdisziplin\u00e4ren Teams zusammen, um Nachhaltigkeit in die Gesch\u00e4ftsstrategie von Milliken zu integrieren. Milliken ist eines von nur sieben Unternehmen, die seit der Einf\u00fchrung der Auszeichnung jedes Jahr als \u201eWorld\u2019s Most Ethical Companies\u00ae\u201c geehrt wurden. Zudem z\u00e4hlt Milliken zu den Unternehmen, die 2023 in der Liste der \u201eAmerica\u2019s Most Innovative Companies\u201c aufgef\u00fchrt sind, und geh\u00f6rt zu den ersten 50 Unternehmen weltweit, die validierte, wissenschaftlich fundierte Netto-Null-Ziele erreicht haben. Erfahren Sie mehr \u00fcber Millikens Nachhaltigkeitsbem\u00fchungen unter www.milliken.com\/en-us\/sustainability<\/p>","protected":false},"excerpt":{"rendered":"","protected":false},"featured_media":60089,"template":"","conference-years":[63],"class_list":["post-60073","conference-speakers","type-conference-speakers","status-publish","has-post-thumbnail","hentry","conference-years-2023-conference-speakers"],"acf":[],"_links":{"self":[{"href":"https:\/\/upstateinternational.org\/de\/wp-json\/wp\/v2\/conference-speakers\/60073","targetHints":{"allow":["GET"]}}],"collection":[{"href":"https:\/\/upstateinternational.org\/de\/wp-json\/wp\/v2\/conference-speakers"}],"about":[{"href":"https:\/\/upstateinternational.org\/de\/wp-json\/wp\/v2\/types\/conference-speakers"}],"version-history":[{"count":0,"href":"https:\/\/upstateinternational.org\/de\/wp-json\/wp\/v2\/conference-speakers\/60073\/revisions"}],"wp:featuredmedia":[{"embeddable":true,"href":"https:\/\/upstateinternational.org\/de\/wp-json\/wp\/v2\/media\/60089"}],"wp:attachment":[{"href":"https:\/\/upstateinternational.org\/de\/wp-json\/wp\/v2\/media?parent=60073"}],"wp:term":[{"taxonomy":"conference-years","embeddable":true,"href":"https:\/\/upstateinternational.org\/de\/wp-json\/wp\/v2\/conference-years?post=60073"}],"curies":[{"name":"wp","href":"https:\/\/api.w.org\/{rel}","templated":true}]}}

<p>Maurie Lawrence ist derzeit Vizepräsidentin für Nachhaltigkeit und stellvertretende Generalbevollmächtigte von Milliken &amp; Company mit Hauptsitz in Spartanburg, South Carolina. Sie arbeitet mit interdisziplinären Teams zusammen, um Nachhaltigkeit in die Geschäftsstrategie von Milliken zu integrieren. Milliken ist eines von nur sieben Unternehmen, die seit der Einführung der Auszeichnung jedes Jahr als „World’s Most Ethical Companies®“ geehrt wurden. Zudem zählt Milliken zu den Unternehmen, die 2023 in der Liste der „America’s Most Innovative Companies“ aufgeführt sind, und gehört zu den ersten 50 Unternehmen weltweit, die validierte, wissenschaftlich fundierte Netto-Null-Ziele erreicht haben. Erfahren Sie mehr über Millikens Nachhaltigkeitsbemühungen unter www.milliken.com/en-us/sustainability</p>
