{"id":62250,"date":"2023-10-01T14:08:00","date_gmt":"2023-10-01T18:08:00","guid":{"rendered":"https:\/\/localhost:10096\/conference-speakers\/david-olave\/"},"modified":"2023-10-20T05:51:12","modified_gmt":"2023-10-20T09:51:12","slug":"david-olave","status":"publish","type":"conference-speakers","link":"https:\/\/upstateinternational.org\/de\/conference-speakers\/david-olave\/","title":{"rendered":"David Olave"},"content":{"rendered":"<p style=\"font-weight: 400;\">David Olave ist Associate und Berater f\u00fcr Handelspolitik bei Sandler, Travis &amp; Rosenberg, PA. Er verf\u00fcgt \u00fcber umfassende Erfahrung im Zollrecht, in Handelsverhandlungen, Gesetzgebungsverfahren, Lobbyarbeit und im Engagement in der Zivilgesellschaft. So ber\u00e4t er Mandanten zu Rechtsfragen, den Auswirkungen handelsbezogener Gesetze und arbeitet mit der US-Regierung zusammen, um deren Bed\u00fcrfnisse zu erf\u00fcllen. Zu seinen Fachgebieten geh\u00f6ren Freihandelsabkommensverhandlungen, Pr\u00e4ferenzprogramme, internationale Arbeits- und Corporate-Social-Responsibility-Standards, Transparenz in Lieferketten sowie die Entwicklung effektiver Strategien f\u00fcr Regierungsbeziehungen und Kommunikation f\u00fcr Mandanten der Kanzlei. Er hat die Interessen von Mandanten vor den Aussch\u00fcssen f\u00fcr Wege und Mittel des Repr\u00e4sentantenhauses, Finanzen des Senats, ausw\u00e4rtigen Angelegenheiten des Repr\u00e4sentantenhauses und ausw\u00e4rtigen Beziehungen des Senats sowie vor verschiedenen Bundesbeh\u00f6rden vertreten, darunter die US-Zoll- und Grenzschutzbeh\u00f6rde, das Ministerium f\u00fcr Innere Sicherheit, der US-Handelsbeauftragte, das Arbeitsministerium, das Handelsministerium, das Au\u00dfenministerium und die Internationale Handelskommission.<\/p>\n<p style=\"font-weight: 400;\">Herr Olave besitzt einen Juris Doctor (JD) der Columbus School of Law der Catholic University of America, einen Master-Abschluss in internationaler Handelspolitik der George Mason University und einen Bachelor-Abschluss in internationaler Politik und Wirtschaft der Brigham Young University. Er spricht flie\u00dfend Spanisch und Portugiesisch.<\/p>","protected":false},"excerpt":{"rendered":"","protected":false},"featured_media":62271,"template":"","conference-years":[63],"class_list":["post-62250","conference-speakers","type-conference-speakers","status-publish","has-post-thumbnail","hentry","conference-years-2023-conference-speakers"],"acf":[],"_links":{"self":[{"href":"https:\/\/upstateinternational.org\/de\/wp-json\/wp\/v2\/conference-speakers\/62250","targetHints":{"allow":["GET"]}}],"collection":[{"href":"https:\/\/upstateinternational.org\/de\/wp-json\/wp\/v2\/conference-speakers"}],"about":[{"href":"https:\/\/upstateinternational.org\/de\/wp-json\/wp\/v2\/types\/conference-speakers"}],"version-history":[{"count":0,"href":"https:\/\/upstateinternational.org\/de\/wp-json\/wp\/v2\/conference-speakers\/62250\/revisions"}],"wp:featuredmedia":[{"embeddable":true,"href":"https:\/\/upstateinternational.org\/de\/wp-json\/wp\/v2\/media\/62271"}],"wp:attachment":[{"href":"https:\/\/upstateinternational.org\/de\/wp-json\/wp\/v2\/media?parent=62250"}],"wp:term":[{"taxonomy":"conference-years","embeddable":true,"href":"https:\/\/upstateinternational.org\/de\/wp-json\/wp\/v2\/conference-years?post=62250"}],"curies":[{"name":"wp","href":"https:\/\/api.w.org\/{rel}","templated":true}]}}

<p style="font-weight: 400;">David Olave ist Associate und Berater für Handelspolitik bei Sandler, Travis &amp; Rosenberg, PA. Er verfügt über umfassende Erfahrung im Zollrecht, in Handelsverhandlungen, Gesetzgebungsverfahren, Lobbyarbeit und im Engagement in der Zivilgesellschaft. So berät er Mandanten zu Rechtsfragen, den Auswirkungen handelsbezogener Gesetze und arbeitet mit der US-Regierung zusammen, um deren Bedürfnisse zu erfüllen. Zu seinen Fachgebieten gehören Freihandelsabkommensverhandlungen, Präferenzprogramme, internationale Arbeits- und Corporate-Social-Responsibility-Standards, Transparenz in Lieferketten sowie die Entwicklung effektiver Strategien für Regierungsbeziehungen und Kommunikation für Mandanten der Kanzlei. Er hat die Interessen von Mandanten vor den Ausschüssen für Wege und Mittel des Repräsentantenhauses, Finanzen des Senats, auswärtigen Angelegenheiten des Repräsentantenhauses und auswärtigen Beziehungen des Senats sowie vor verschiedenen Bundesbehörden vertreten, darunter die US-Zoll- und Grenzschutzbehörde, das Ministerium für Innere Sicherheit, der US-Handelsbeauftragte, das Arbeitsministerium, das Handelsministerium, das Außenministerium und die Internationale Handelskommission.</p>
<p style="font-weight: 400;">Herr Olave besitzt einen Juris Doctor (JD) der Columbus School of Law der Catholic University of America, einen Master-Abschluss in internationaler Handelspolitik der George Mason University und einen Bachelor-Abschluss in internationaler Politik und Wirtschaft der Brigham Young University. Er spricht fließend Spanisch und Portugiesisch.</p>
