{"id":62263,"date":"2023-09-19T10:57:00","date_gmt":"2023-09-19T14:57:00","guid":{"rendered":"https:\/\/localhost:10096\/conference-speakers\/sonata-coulter\/"},"modified":"2023-10-20T05:56:35","modified_gmt":"2023-10-20T09:56:35","slug":"sonata-coulter","status":"publish","type":"conference-speakers","link":"https:\/\/upstateinternational.org\/de\/conference-speakers\/sonata-coulter\/","title":{"rendered":"Sonata Coulter"},"content":{"rendered":"<p>Sonata Coulter ist stellvertretende Staatssekret\u00e4rin und zust\u00e4ndig f\u00fcr die Politik gegen\u00fcber Russland und Mitteleuropa. Unmittelbar vor Antritt ihrer neuen Position war sie Gesch\u00e4ftstr\u00e4gerin und stellvertretende Missionschefin an der US-Botschaft in Bischkek, Kirgisische Republik.<\/p>\n\n\n\n<p>Zuvor war Frau Coulter von September 2018 bis Juni 2021 als stellvertretende politische Beraterin an der US-Botschaft in Moskau t\u00e4tig. Weitere Auslandsverwendungen umfassten die Position der Leiterin der Abteilung f\u00fcr Politik und Wirtschaft in Bischkek, Kirgisistan, und der leitenden Wirtschaftsreferentin in Monrovia, Liberia, sowie fr\u00fchere Eins\u00e4tze in Moskau und Jekaterinburg, Russland. In Washington arbeitete sie als Koordinatorin f\u00fcr die Kaukasusregion im B\u00fcro des Koordinators der US-Hilfe f\u00fcr Europa und Eurasien, war im Referat f\u00fcr die Bek\u00e4mpfung von Terrorismusfinanzierung und Sanktionen im Wirtschaftsb\u00fcro f\u00fcr die Iran-Sanktionen zust\u00e4ndig und fungierte als Referentin f\u00fcr Tschad und Zentralafrika im B\u00fcro f\u00fcr Zentralafrikanische Angelegenheiten.<\/p>\n\n\n\n<p>Frau Coulter stammt urspr\u00fcnglich aus Los Angeles, Kalifornien. Sie hat einen Bachelor-Abschluss in Kunstgeschichte und Franz\u00f6sisch von der Columbia University und einen Master-Abschluss in Internationalen Beziehungen von der George Washington University. Sie spricht Russisch und Franz\u00f6sisch.<\/p>","protected":false},"excerpt":{"rendered":"","protected":false},"featured_media":62281,"template":"","conference-years":[63],"class_list":["post-62263","conference-speakers","type-conference-speakers","status-publish","has-post-thumbnail","hentry","conference-years-2023-conference-speakers"],"acf":[],"_links":{"self":[{"href":"https:\/\/upstateinternational.org\/de\/wp-json\/wp\/v2\/conference-speakers\/62263","targetHints":{"allow":["GET"]}}],"collection":[{"href":"https:\/\/upstateinternational.org\/de\/wp-json\/wp\/v2\/conference-speakers"}],"about":[{"href":"https:\/\/upstateinternational.org\/de\/wp-json\/wp\/v2\/types\/conference-speakers"}],"version-history":[{"count":0,"href":"https:\/\/upstateinternational.org\/de\/wp-json\/wp\/v2\/conference-speakers\/62263\/revisions"}],"wp:featuredmedia":[{"embeddable":true,"href":"https:\/\/upstateinternational.org\/de\/wp-json\/wp\/v2\/media\/62281"}],"wp:attachment":[{"href":"https:\/\/upstateinternational.org\/de\/wp-json\/wp\/v2\/media?parent=62263"}],"wp:term":[{"taxonomy":"conference-years","embeddable":true,"href":"https:\/\/upstateinternational.org\/de\/wp-json\/wp\/v2\/conference-years?post=62263"}],"curies":[{"name":"wp","href":"https:\/\/api.w.org\/{rel}","templated":true}]}}

<p>Sonata Coulter ist stellvertretende Staatssekretärin und zuständig für die Politik gegenüber Russland und Mitteleuropa. Unmittelbar vor Antritt ihrer neuen Position war sie Geschäftsträgerin und stellvertretende Missionschefin an der US-Botschaft in Bischkek, Kirgisische Republik.</p>



<p>Zuvor war Frau Coulter von September 2018 bis Juni 2021 als stellvertretende politische Beraterin an der US-Botschaft in Moskau tätig. Weitere Auslandsverwendungen umfassten die Position der Leiterin der Abteilung für Politik und Wirtschaft in Bischkek, Kirgisistan, und der leitenden Wirtschaftsreferentin in Monrovia, Liberia, sowie frühere Einsätze in Moskau und Jekaterinburg, Russland. In Washington arbeitete sie als Koordinatorin für die Kaukasusregion im Büro des Koordinators der US-Hilfe für Europa und Eurasien, war im Referat für die Bekämpfung von Terrorismusfinanzierung und Sanktionen im Wirtschaftsbüro für die Iran-Sanktionen zuständig und fungierte als Referentin für Tschad und Zentralafrika im Büro für Zentralafrikanische Angelegenheiten.</p>



<p>Frau Coulter stammt ursprünglich aus Los Angeles, Kalifornien. Sie hat einen Bachelor-Abschluss in Kunstgeschichte und Französisch von der Columbia University und einen Master-Abschluss in Internationalen Beziehungen von der George Washington University. Sie spricht Russisch und Französisch.</p>
