{"id":88936,"date":"2023-10-28T07:19:00","date_gmt":"2023-10-28T11:19:00","guid":{"rendered":"https:\/\/ui-hybrid.local\/ui-events\/pulling-back-the-curtain-on-the-2023-israel-hamas-war\/"},"modified":"2023-10-28T07:19:00","modified_gmt":"2023-10-28T11:19:00","slug":"pulling-back-the-curtain-on-the-2023-israel-hamas-war","status":"publish","type":"ui-events","link":"https:\/\/upstateinternational.org\/de\/ui-events\/pulling-back-the-curtain-on-the-2023-israel-hamas-war\/","title":{"rendered":"Ein Blick hinter die Kulissen des Israel-HAMAS-Krieges von 2023"},"content":{"rendered":"<p>Seien Sie im November dabei! <strong>Hinter den Schlagzeilen<\/strong> Im Rahmen einer Mittagspause mit anschlie\u00dfendem Vortrag spricht Dr. Josef Olmert \u00fcber die israelische Perspektive des j\u00fcngsten israelisch-hamasischen Krieges. Themen sind unter anderem die Urspr\u00fcnge des Konflikts und seine Auswirkungen auf Israel, Pal\u00e4stina und den Nahen Osten. Dr. Josef Olmert stammt aus Israel und bekleidete verschiedene Positionen in der israelischen Regierung, darunter die des Direktors des Regierungs-Presseamtes, des Beraters von Premierminister Jitzchak Schamir w\u00e4hrend des ersten Golfkriegs und der syrisch-israelischen Friedensgespr\u00e4che 1991\/92 in Madrid sowie des politischen Beraters von Verteidigungsminister Mosche Arens. <strong>Eine Anmeldung ist erforderlich.<\/strong><\/p>\n<p><strong>Die Veranstaltung ist kostenlos, Mittagessen ausgenommen.<\/strong><\/p>","protected":false},"excerpt":{"rendered":"","protected":false},"featured_media":64121,"template":"","ui-event-category":[21,22,88],"class_list":["post-88936","ui-events","type-ui-events","status-publish","has-post-thumbnail","hentry","ui-event-category-open-to-public","ui-event-category-ui-program","ui-event-category-wacu-program"],"acf":[],"event_meta":{"start_datetime":"1701172800","start_datetime_formatted":"2023-11-28T12:00:00+00:00","end_datetime":0,"end_datetime_formatted":null,"location_name":"Kroc Center","location_address":"424 Westfield St, Greenville SC","price":"14","cost":"","external_registration_link":"https:\/\/events.r20.constantcontact.com\/register\/eventReg?oeidk=a07ek1kicqge19098f9&amp;oseq=&amp;c=&amp;ch=","internal_registration_product":0,"link":"","featured":false},"_links":{"self":[{"href":"https:\/\/upstateinternational.org\/de\/wp-json\/wp\/v2\/ui-events\/88936","targetHints":{"allow":["GET"]}}],"collection":[{"href":"https:\/\/upstateinternational.org\/de\/wp-json\/wp\/v2\/ui-events"}],"about":[{"href":"https:\/\/upstateinternational.org\/de\/wp-json\/wp\/v2\/types\/ui-events"}],"version-history":[{"count":0,"href":"https:\/\/upstateinternational.org\/de\/wp-json\/wp\/v2\/ui-events\/88936\/revisions"}],"wp:featuredmedia":[{"embeddable":true,"href":"https:\/\/upstateinternational.org\/de\/wp-json\/wp\/v2\/media\/64121"}],"wp:attachment":[{"href":"https:\/\/upstateinternational.org\/de\/wp-json\/wp\/v2\/media?parent=88936"}],"wp:term":[{"taxonomy":"ui-event-category","embeddable":true,"href":"https:\/\/upstateinternational.org\/de\/wp-json\/wp\/v2\/ui-event-category?post=88936"}],"curies":[{"name":"wp","href":"https:\/\/api.w.org\/{rel}","templated":true}]}}

<p>Seien Sie im November dabei! <strong>Hinter den Schlagzeilen</strong> Im Rahmen einer Mittagspause mit anschließendem Vortrag spricht Dr. Josef Olmert über die israelische Perspektive des jüngsten israelisch-hamasischen Krieges. Themen sind unter anderem die Ursprünge des Konflikts und seine Auswirkungen auf Israel, Palästina und den Nahen Osten. Dr. Josef Olmert stammt aus Israel und bekleidete verschiedene Positionen in der israelischen Regierung, darunter die des Direktors des Regierungs-Presseamtes, des Beraters von Premierminister Jitzchak Schamir während des ersten Golfkriegs und der syrisch-israelischen Friedensgespräche 1991/92 in Madrid sowie des politischen Beraters von Verteidigungsminister Mosche Arens. <strong>Eine Anmeldung ist erforderlich.</strong></p>
<p><strong>Die Veranstaltung ist kostenlos, Mittagessen ausgenommen.</strong></p>
