{"id":89219,"date":"2024-02-27T15:36:06","date_gmt":"2024-02-27T20:36:06","guid":{"rendered":"https:\/\/ui-hybrid.local\/ui-events\/st-patricks-parade-and-festival\/"},"modified":"2024-02-27T15:36:06","modified_gmt":"2024-02-27T20:36:06","slug":"st-patricks-parade-and-festival","status":"publish","type":"ui-events","link":"https:\/\/upstateinternational.org\/de\/ui-events\/st-patricks-parade-and-festival\/","title":{"rendered":"St. Patrick&#039;s Parade und Festival"},"content":{"rendered":"<p><p>Parade von 10 bis 11 Uhr am 16. M\u00e4rz, anschlie\u00dfend Fest von 11 bis 20 Uhr.<\/p><div id=\"block-20d2d7d07ef691626788\" class=\"sqs-block html-block sqs-block-html\" data-block-type=\"2\" data-border-radii=\"{\"topleft\":{\"unit\":\"px\",\"value\":0.0},\"topright\":{\"unit\":\"px\",\"value\":0.0},\"bottomleft\":{\"unit\":\"px\",\"value\":0.0},\"bottomright\":{\"unit\":\"px\",\"value\":0.0}}\"><div class=\"sqs-block-content\"><div class=\"sqs-html-content\"><\/div><\/div><span style=\"font-size: revert; background-color: rgba(0, 0, 0, 0.2); color: initial;\">Der St. Patrick&#039;s Day wird in Greenville seit 1918 auf vielf\u00e4ltige Weise gefeiert, angefangen mit einer Parade von Soldaten in Ausbildung im Camp Sevier bis hin zu Festivals, Konzerten, Theaterauff\u00fchrungen und sogar Radrennen im Laufe der Jahre.\u00a0<\/span><\/div><div id=\"yui_3_17_2_1_1708889917594_192\" class=\"row sqs-row\"><div class=\"col sqs-col-8 span-8\" id=\"yui_3_17_2_1_1708889917594_191\"><div id=\"block-9b68428d3dc4235f06c2\" class=\"sqs-block html-block sqs-block-html\" data-block-type=\"2\" data-border-radii=\"{\"topleft\":{\"unit\":\"px\",\"value\":0.0},\"topright\":{\"unit\":\"px\",\"value\":0.0},\"bottomleft\":{\"unit\":\"px\",\"value\":0.0},\"bottomright\":{\"unit\":\"px\",\"value\":0.0}}\"><div id=\"yui_3_17_2_1_1708889917594_190\" class=\"sqs-block-content\"><div id=\"yui_3_17_2_1_1708889917594_189\" class=\"sqs-html-content\"><p class=\"\">Wir konnten 2023 eine der gr\u00f6\u00dften Besucherzahlen verzeichnen, die wir uns je h\u00e4tten vorstellen k\u00f6nnen. Wir freuen uns \u00fcber die Unterst\u00fctzung der Gemeinde und die Begeisterung f\u00fcr unsere wachsende Veranstaltung und planen bereits, 2024 noch gr\u00f6\u00dfer und besser als je zuvor zur\u00fcckzukehren! Wir freuen uns darauf, in den kommenden Tagen gemeinsam mit unseren irisch-amerikanischen Mitb\u00fcrgern und den Einwohnern des Upstate das irische Erbe zu feiern und bedanken uns f\u00fcr Ihr Interesse am Greenville St. Patrick&#039;s Day Komitee.<\/p><\/div><\/div><\/div><\/div><\/div><p style=\"text-align: center;\"><a href=\"https:\/\/www.gvlstpatricks.com\/\">https:\/\/www.gvlstpatricks.com\/<\/a><\/p> <p style=\"text-align: center;\">Veranstaltet vom Greenville St. Patrick&#039;s Day Parade and Festival Committee<\/p><\/p>","protected":false},"excerpt":{"rendered":"","protected":false},"featured_media":70445,"template":"","ui-event-category":[28],"class_list":["post-89219","ui-events","type-ui-events","status-publish","has-post-thumbnail","hentry","ui-event-category-ui-month"],"acf":[],"event_meta":{"start_datetime":"1710583200","start_datetime_formatted":"2024-03-16T10:00:00+00:00","end_datetime":0,"end_datetime_formatted":null,"location_name":"","location_address":"Downtown Greenville, South Carolina","price":"Free","cost":"","external_registration_link":"","internal_registration_product":0,"link":"","featured":false},"_links":{"self":[{"href":"https:\/\/upstateinternational.org\/de\/wp-json\/wp\/v2\/ui-events\/89219","targetHints":{"allow":["GET"]}}],"collection":[{"href":"https:\/\/upstateinternational.org\/de\/wp-json\/wp\/v2\/ui-events"}],"about":[{"href":"https:\/\/upstateinternational.org\/de\/wp-json\/wp\/v2\/types\/ui-events"}],"version-history":[{"count":0,"href":"https:\/\/upstateinternational.org\/de\/wp-json\/wp\/v2\/ui-events\/89219\/revisions"}],"wp:featuredmedia":[{"embeddable":true,"href":"https:\/\/upstateinternational.org\/de\/wp-json\/wp\/v2\/media\/70445"}],"wp:attachment":[{"href":"https:\/\/upstateinternational.org\/de\/wp-json\/wp\/v2\/media?parent=89219"}],"wp:term":[{"taxonomy":"ui-event-category","embeddable":true,"href":"https:\/\/upstateinternational.org\/de\/wp-json\/wp\/v2\/ui-event-category?post=89219"}],"curies":[{"name":"wp","href":"https:\/\/api.w.org\/{rel}","templated":true}]}}

<p><p>Parade von 10 bis 11 Uhr am 16. März, anschließend Fest von 11 bis 20 Uhr.</p><div id="block-20d2d7d07ef691626788" class="sqs-block html-block sqs-block-html" data-block-type="2" data-border-radii="{"topleft":{"unit":"px","value":0.0},"topright":{"unit":"px","value":0.0},"bottomleft":{"unit":"px","value":0.0},"bottomright":{"unit":"px","value":0.0}}"><div class="sqs-block-content"><div class="sqs-html-content"></div></div><span style="font-size: revert; background-color: rgba(0, 0, 0, 0.2); color: initial;">Der St. Patrick&#039;s Day wird in Greenville seit 1918 auf vielfältige Weise gefeiert, angefangen mit einer Parade von Soldaten in Ausbildung im Camp Sevier bis hin zu Festivals, Konzerten, Theateraufführungen und sogar Radrennen im Laufe der Jahre. </span></div><div id="yui_3_17_2_1_1708889917594_192" class="row sqs-row"><div class="col sqs-col-8 span-8" id="yui_3_17_2_1_1708889917594_191"><div id="block-9b68428d3dc4235f06c2" class="sqs-block html-block sqs-block-html" data-block-type="2" data-border-radii="{"topleft":{"unit":"px","value":0.0},"topright":{"unit":"px","value":0.0},"bottomleft":{"unit":"px","value":0.0},"bottomright":{"unit":"px","value":0.0}}"><div id="yui_3_17_2_1_1708889917594_190" class="sqs-block-content"><div id="yui_3_17_2_1_1708889917594_189" class="sqs-html-content"><p class="">Wir konnten 2023 eine der größten Besucherzahlen verzeichnen, die wir uns je hätten vorstellen können. Wir freuen uns über die Unterstützung der Gemeinde und die Begeisterung für unsere wachsende Veranstaltung und planen bereits, 2024 noch größer und besser als je zuvor zurückzukehren! Wir freuen uns darauf, in den kommenden Tagen gemeinsam mit unseren irisch-amerikanischen Mitbürgern und den Einwohnern des Upstate das irische Erbe zu feiern und bedanken uns für Ihr Interesse am Greenville St. Patrick&#039;s Day Komitee.</p></div></div></div></div></div><p style="text-align: center;"><a href="https://www.gvlstpatricks.com/">https://www.gvlstpatricks.com/</a></p> <p style="text-align: center;">Veranstaltet vom Greenville St. Patrick&#039;s Day Parade and Festival Committee</p></p>
