{"id":60008,"date":"2023-04-21T10:00:20","date_gmt":"2023-04-21T14:00:20","guid":{"rendered":"https:\/\/localhost:10096\/conference-speakers\/paul-berg\/"},"modified":"2023-04-21T10:00:20","modified_gmt":"2023-04-21T14:00:20","slug":"paul-berg","status":"publish","type":"conference-speakers","link":"https:\/\/upstateinternational.org\/es\/conference-speakers\/paul-berg\/","title":{"rendered":"Paul Berg"},"content":{"rendered":"<p>Paul Berg, miembro distinguido del Servicio Exterior de Estados Unidos desde 1983, ocup\u00f3 importantes cargos en Vietnam, Italia, M\u00e9xico, Colombia, Nueva Guinea, B\u00e9lgica, Afganist\u00e1n y Washington D. C. Le entusiasma compartir sus perspectivas como funcionario reci\u00e9n jubilado del Servicio Exterior.<\/p>\r\n\r\n\r\n\r\n<p>Paul Berg, miembro del Servicio Exterior de Estados Unidos desde 1983, se desempe\u00f1\u00f3 recientemente en el extranjero como Ministro Consejero de Asuntos Pol\u00edticos en la Embajada de Estados Unidos en Roma. Anteriormente, fue Representante Civil Superior en la Plataforma Regional del Suroeste en Camp Leatherneck, provincia de Helmand, Afganist\u00e1n. Ascendi\u00f3 al Servicio Exterior Superior (SFS) en oto\u00f1o de 2011, tras una misi\u00f3n como Subjefe de Misi\u00f3n (DCM) de la Embajada de Estados Unidos en Puerto Moresby, Pap\u00faa Nueva Guinea, tambi\u00e9n acreditada en Vanuatu y las Islas Salom\u00f3n. De 2007 a abril de 2009, fue Subdirector de la Oficina de Pol\u00edtica, Planificaci\u00f3n y Coordinaci\u00f3n Regional de la Oficina del Hemisferio Occidental. De 2003 a 2006, fue Funcionario Principal del Consulado General de Estados Unidos en Medan, el cual reabri\u00f3. Durante sus tres a\u00f1os all\u00ed, fue el representante clave del gobierno estadounidense en la lucha contra la insurgencia en Aceh y supervis\u00f3 la respuesta del gobierno estadounidense al tsunami de Aceh de diciembre de 2004 y al terremoto de Nias de marzo de 2005. En marzo de 2007, la secretaria de Estado Condoleezza Rice le otorg\u00f3 un Premio de Honor Distinguido por sus logros all\u00ed. Tambi\u00e9n ha recibido cuatro Premios de Honor Superior individuales.<\/p>\r\n\r\n\r\n\r\n<p>Antes de su servicio en Indonesia, el Sr. Berg se desempe\u00f1\u00f3 como Director del Plan Colombia en la Embajada de Estados Unidos en Bogot\u00e1, Colombia, entre 2001 y 2002. Fue Subjefe de la Secci\u00f3n Pol\u00edtica de la Embajada de Estados Unidos en Han\u00f3i, Vietnam, entre 1998 y 2001. Previamente, supervis\u00f3 los asuntos policiales y pol\u00edtico-militares en la Embajada de Estados Unidos en la Ciudad de M\u00e9xico, entre 1994 y 1997. Tambi\u00e9n ha prestado servicios en Roma, Bruselas, Bombay y Washington, D. C. Los idiomas que domina son el franc\u00e9s, el italiano, el \u00e1rabe, el espa\u00f1ol, el vietnamita, el bahasa indonesio y el past\u00fan.<\/p>\r\n\r\n\r\n\r\n<p>El Sr. Berg se gradu\u00f3 en 2007 de la Escuela Nacional de Guerra en Fort McNair, Washington D. C., con una Maestr\u00eda en Estudios Estrat\u00e9gicos. Es Doctor en Derecho y Licenciado en Artes por la Universidad de Wisconsin en Madison, y tiene una Maestr\u00eda en Asuntos Internacionales por la Universidad de Columbia en la Ciudad de Nueva York. Antes de incorporarse al Servicio Exterior, fue Director Ejecutivo Interino de International House en la Ciudad de Nueva York y, previamente, pol\u00edtico local en Wisconsin.<\/p>","protected":false},"excerpt":{"rendered":"","protected":false},"featured_media":58403,"template":"","conference-years":[64],"class_list":["post-60008","conference-speakers","type-conference-speakers","status-publish","has-post-thumbnail","hentry","conference-years-2022-conference-speakers"],"acf":[],"_links":{"self":[{"href":"https:\/\/upstateinternational.org\/es\/wp-json\/wp\/v2\/conference-speakers\/60008","targetHints":{"allow":["GET"]}}],"collection":[{"href":"https:\/\/upstateinternational.org\/es\/wp-json\/wp\/v2\/conference-speakers"}],"about":[{"href":"https:\/\/upstateinternational.org\/es\/wp-json\/wp\/v2\/types\/conference-speakers"}],"version-history":[{"count":0,"href":"https:\/\/upstateinternational.org\/es\/wp-json\/wp\/v2\/conference-speakers\/60008\/revisions"}],"wp:featuredmedia":[{"embeddable":true,"href":"https:\/\/upstateinternational.org\/es\/wp-json\/wp\/v2\/media\/58403"}],"wp:attachment":[{"href":"https:\/\/upstateinternational.org\/es\/wp-json\/wp\/v2\/media?parent=60008"}],"wp:term":[{"taxonomy":"conference-years","embeddable":true,"href":"https:\/\/upstateinternational.org\/es\/wp-json\/wp\/v2\/conference-years?post=60008"}],"curies":[{"name":"wp","href":"https:\/\/api.w.org\/{rel}","templated":true}]}}

<p>Paul Berg, miembro distinguido del Servicio Exterior de Estados Unidos desde 1983, ocupó importantes cargos en Vietnam, Italia, México, Colombia, Nueva Guinea, Bélgica, Afganistán y Washington D. C. Le entusiasma compartir sus perspectivas como funcionario recién jubilado del Servicio Exterior.</p>



<p>Paul Berg, miembro del Servicio Exterior de Estados Unidos desde 1983, se desempeñó recientemente en el extranjero como Ministro Consejero de Asuntos Políticos en la Embajada de Estados Unidos en Roma. Anteriormente, fue Representante Civil Superior en la Plataforma Regional del Suroeste en Camp Leatherneck, provincia de Helmand, Afganistán. Ascendió al Servicio Exterior Superior (SFS) en otoño de 2011, tras una misión como Subjefe de Misión (DCM) de la Embajada de Estados Unidos en Puerto Moresby, Papúa Nueva Guinea, también acreditada en Vanuatu y las Islas Salomón. De 2007 a abril de 2009, fue Subdirector de la Oficina de Política, Planificación y Coordinación Regional de la Oficina del Hemisferio Occidental. De 2003 a 2006, fue Funcionario Principal del Consulado General de Estados Unidos en Medan, el cual reabrió. Durante sus tres años allí, fue el representante clave del gobierno estadounidense en la lucha contra la insurgencia en Aceh y supervisó la respuesta del gobierno estadounidense al tsunami de Aceh de diciembre de 2004 y al terremoto de Nias de marzo de 2005. En marzo de 2007, la secretaria de Estado Condoleezza Rice le otorgó un Premio de Honor Distinguido por sus logros allí. También ha recibido cuatro Premios de Honor Superior individuales.</p>



<p>Antes de su servicio en Indonesia, el Sr. Berg se desempeñó como Director del Plan Colombia en la Embajada de Estados Unidos en Bogotá, Colombia, entre 2001 y 2002. Fue Subjefe de la Sección Política de la Embajada de Estados Unidos en Hanói, Vietnam, entre 1998 y 2001. Previamente, supervisó los asuntos policiales y político-militares en la Embajada de Estados Unidos en la Ciudad de México, entre 1994 y 1997. También ha prestado servicios en Roma, Bruselas, Bombay y Washington, D. C. Los idiomas que domina son el francés, el italiano, el árabe, el español, el vietnamita, el bahasa indonesio y el pastún.</p>



<p>El Sr. Berg se graduó en 2007 de la Escuela Nacional de Guerra en Fort McNair, Washington D. C., con una Maestría en Estudios Estratégicos. Es Doctor en Derecho y Licenciado en Artes por la Universidad de Wisconsin en Madison, y tiene una Maestría en Asuntos Internacionales por la Universidad de Columbia en la Ciudad de Nueva York. Antes de incorporarse al Servicio Exterior, fue Director Ejecutivo Interino de International House en la Ciudad de Nueva York y, previamente, político local en Wisconsin.</p>
