{"id":60065,"date":"2023-06-22T15:53:00","date_gmt":"2023-06-22T19:53:00","guid":{"rendered":"https:\/\/localhost:10096\/conference-speakers\/jacob-olcott\/"},"modified":"2023-08-22T22:35:05","modified_gmt":"2023-08-23T02:35:05","slug":"jacob-olcott","status":"publish","type":"conference-speakers","link":"https:\/\/upstateinternational.org\/es\/conference-speakers\/jacob-olcott\/","title":{"rendered":"Jacob Olcott"},"content":{"rendered":"<p>Jacob Olcott es Vicepresidente de Asuntos Gubernamentales de BitSight, empresa de calificaci\u00f3n y an\u00e1lisis de ciberseguridad. Anteriormente, se desempe\u00f1\u00f3 como asesor legal y de pol\u00edticas sobre ciberseguridad para el Comit\u00e9 de Comercio del Senado de EE. UU. y el Comit\u00e9 de Seguridad Nacional de la C\u00e1mara de Representantes de EE. UU. Antes de incorporarse a BitSight, asesor\u00f3 a ejecutivos de empresas de la lista Fortune 1000 sobre gobernanza y tecnolog\u00eda en ciberseguridad. Tambi\u00e9n fue profesor adjunto de ciberseguridad en la Escuela de Servicio Exterior de la Universidad de Georgetown. Es licenciado por la Universidad de Texas en Austin y la Facultad de Derecho de la Universidad de Virginia.<\/p>","protected":false},"excerpt":{"rendered":"","protected":false},"featured_media":60082,"template":"","conference-years":[63],"class_list":["post-60065","conference-speakers","type-conference-speakers","status-publish","has-post-thumbnail","hentry","conference-years-2023-conference-speakers"],"acf":[],"_links":{"self":[{"href":"https:\/\/upstateinternational.org\/es\/wp-json\/wp\/v2\/conference-speakers\/60065","targetHints":{"allow":["GET"]}}],"collection":[{"href":"https:\/\/upstateinternational.org\/es\/wp-json\/wp\/v2\/conference-speakers"}],"about":[{"href":"https:\/\/upstateinternational.org\/es\/wp-json\/wp\/v2\/types\/conference-speakers"}],"version-history":[{"count":0,"href":"https:\/\/upstateinternational.org\/es\/wp-json\/wp\/v2\/conference-speakers\/60065\/revisions"}],"wp:featuredmedia":[{"embeddable":true,"href":"https:\/\/upstateinternational.org\/es\/wp-json\/wp\/v2\/media\/60082"}],"wp:attachment":[{"href":"https:\/\/upstateinternational.org\/es\/wp-json\/wp\/v2\/media?parent=60065"}],"wp:term":[{"taxonomy":"conference-years","embeddable":true,"href":"https:\/\/upstateinternational.org\/es\/wp-json\/wp\/v2\/conference-years?post=60065"}],"curies":[{"name":"wp","href":"https:\/\/api.w.org\/{rel}","templated":true}]}}

<p>Jacob Olcott es Vicepresidente de Asuntos Gubernamentales de BitSight, empresa de calificación y análisis de ciberseguridad. Anteriormente, se desempeñó como asesor legal y de políticas sobre ciberseguridad para el Comité de Comercio del Senado de EE. UU. y el Comité de Seguridad Nacional de la Cámara de Representantes de EE. UU. Antes de incorporarse a BitSight, asesoró a ejecutivos de empresas de la lista Fortune 1000 sobre gobernanza y tecnología en ciberseguridad. También fue profesor adjunto de ciberseguridad en la Escuela de Servicio Exterior de la Universidad de Georgetown. Es licenciado por la Universidad de Texas en Austin y la Facultad de Derecho de la Universidad de Virginia.</p>
