{"id":60066,"date":"2023-06-22T16:01:00","date_gmt":"2023-06-22T20:01:00","guid":{"rendered":"https:\/\/localhost:10096\/conference-speakers\/lisa-dewaard\/"},"modified":"2023-08-22T22:35:06","modified_gmt":"2023-08-23T02:35:06","slug":"lisa-dewaard","status":"publish","type":"conference-speakers","link":"https:\/\/upstateinternational.org\/es\/conference-speakers\/lisa-dewaard\/","title":{"rendered":"Lisa DeWaard"},"content":{"rendered":"<p>Lisa, exprofesora, ense\u00f1\u00f3 e investig\u00f3 en el campo de la comunicaci\u00f3n intercultural durante 16 a\u00f1os antes de unirse a Hofstede Insights como socia asociada en 2017. Ahora, como directora general y directora ejecutiva de Hofstede Insights USA, trabaja con los profesionales asociados del pa\u00eds para dise\u00f1ar y brindar servicios de consultor\u00eda excepcionales en las \u00e1reas de gesti\u00f3n intercultural, cultura organizacional e inteligencia cultural del consumidor.<\/p>\n<p>Lisa posee una Maestr\u00eda en Ling\u00fc\u00edstica Rusa, una Maestr\u00eda en Ense\u00f1anza del Espa\u00f1ol y un Doctorado en Adquisici\u00f3n de Segundas Lenguas. Es miembro de la Junta Directiva de Johann Goethe Schule, un colegio internacional en San Petersburgo, Rusia. Tambi\u00e9n ha vivido en Italia y viajado extensamente mientras trabajaba como profesora y consultora, impartiendo formaci\u00f3n docente y compartiendo investigaciones en Estados Unidos, Argentina, Rusia, Francia, Canad\u00e1, Italia y Hungr\u00eda, entre muchos otros pa\u00edses.<\/p>\n<p>Lisa cuenta con 12 a\u00f1os de experiencia administrativa, gestionando tanto personas como programas. A trav\u00e9s de Hofstede Insights, cuenta con certificaciones en Gesti\u00f3n Intercultural, Cultura Organizacional, Fomento de la Confianza, Inteligencia Cultural del Consumidor y Gesti\u00f3n Virtual Global.<\/p>\n<p>Cuando no est\u00e1 trabajando, a Lisa se la puede encontrar viajando por el mundo con su esposo, Kirk, un estudiante de idiomas y aventurero af\u00edn, con sus perros o acurrucada en una c\u00f3moda silla tejiendo.<\/p>","protected":false},"excerpt":{"rendered":"","protected":false},"featured_media":60083,"template":"","conference-years":[63],"class_list":["post-60066","conference-speakers","type-conference-speakers","status-publish","has-post-thumbnail","hentry","conference-years-2023-conference-speakers"],"acf":[],"_links":{"self":[{"href":"https:\/\/upstateinternational.org\/es\/wp-json\/wp\/v2\/conference-speakers\/60066","targetHints":{"allow":["GET"]}}],"collection":[{"href":"https:\/\/upstateinternational.org\/es\/wp-json\/wp\/v2\/conference-speakers"}],"about":[{"href":"https:\/\/upstateinternational.org\/es\/wp-json\/wp\/v2\/types\/conference-speakers"}],"version-history":[{"count":0,"href":"https:\/\/upstateinternational.org\/es\/wp-json\/wp\/v2\/conference-speakers\/60066\/revisions"}],"wp:featuredmedia":[{"embeddable":true,"href":"https:\/\/upstateinternational.org\/es\/wp-json\/wp\/v2\/media\/60083"}],"wp:attachment":[{"href":"https:\/\/upstateinternational.org\/es\/wp-json\/wp\/v2\/media?parent=60066"}],"wp:term":[{"taxonomy":"conference-years","embeddable":true,"href":"https:\/\/upstateinternational.org\/es\/wp-json\/wp\/v2\/conference-years?post=60066"}],"curies":[{"name":"wp","href":"https:\/\/api.w.org\/{rel}","templated":true}]}}

<p>Lisa, exprofesora, enseñó e investigó en el campo de la comunicación intercultural durante 16 años antes de unirse a Hofstede Insights como socia asociada en 2017. Ahora, como directora general y directora ejecutiva de Hofstede Insights USA, trabaja con los profesionales asociados del país para diseñar y brindar servicios de consultoría excepcionales en las áreas de gestión intercultural, cultura organizacional e inteligencia cultural del consumidor.</p>
<p>Lisa posee una Maestría en Lingüística Rusa, una Maestría en Enseñanza del Español y un Doctorado en Adquisición de Segundas Lenguas. Es miembro de la Junta Directiva de Johann Goethe Schule, un colegio internacional en San Petersburgo, Rusia. También ha vivido en Italia y viajado extensamente mientras trabajaba como profesora y consultora, impartiendo formación docente y compartiendo investigaciones en Estados Unidos, Argentina, Rusia, Francia, Canadá, Italia y Hungría, entre muchos otros países.</p>
<p>Lisa cuenta con 12 años de experiencia administrativa, gestionando tanto personas como programas. A través de Hofstede Insights, cuenta con certificaciones en Gestión Intercultural, Cultura Organizacional, Fomento de la Confianza, Inteligencia Cultural del Consumidor y Gestión Virtual Global.</p>
<p>Cuando no está trabajando, a Lisa se la puede encontrar viajando por el mundo con su esposo, Kirk, un estudiante de idiomas y aventurero afín, con sus perros o acurrucada en una cómoda silla tejiendo.</p>
