{"id":62250,"date":"2023-10-01T14:08:00","date_gmt":"2023-10-01T18:08:00","guid":{"rendered":"https:\/\/localhost:10096\/conference-speakers\/david-olave\/"},"modified":"2023-10-20T05:51:12","modified_gmt":"2023-10-20T09:51:12","slug":"david-olave","status":"publish","type":"conference-speakers","link":"https:\/\/upstateinternational.org\/es\/conference-speakers\/david-olave\/","title":{"rendered":"David Olave"},"content":{"rendered":"<p style=\"font-weight: 400;\">David Olave es un asociado y asesor de pol\u00edtica comercial para Sandler, Travis &amp; Rosenberg, PA. Emplea una combinaci\u00f3n \u00fanica de experiencia en derecho aduanero, negociaciones comerciales, procedimientos legislativos, cabildeo y participaci\u00f3n de la sociedad civil para asesorar a los clientes sobre asuntos legales, el impacto de la legislaci\u00f3n relacionada con el comercio y para trabajar con el gobierno de los EE. UU. para abordar las necesidades de los clientes. Sus \u00e1reas de especializaci\u00f3n incluyen negociaciones de tratados de libre comercio, programas de preferencia, est\u00e1ndares internacionales de responsabilidad social corporativa y laboral, transparencia en la cadena de suministro y dise\u00f1o de relaciones gubernamentales efectivas y estrategias de comunicaci\u00f3n para clientes de la firma. Ha representado los intereses de los clientes ante los comit\u00e9s de Medios y Arbitrios de la C\u00e1mara de Representantes, Finanzas del Senado, Asuntos Exteriores de la C\u00e1mara de Representantes y Relaciones Exteriores del Senado, as\u00ed como ante diferentes agencias federales, incluidas la Aduana y Protecci\u00f3n Fronteriza de los EE. UU., el Departamento de Seguridad Nacional, el Representante Comercial de los EE. UU., el Departamento de Trabajo, el Departamento de Comercio, el Departamento de Estado y la Comisi\u00f3n de Comercio Internacional.<\/p>\n<p style=\"font-weight: 400;\">El Sr. Olave posee un doctorado en Derecho por la Facultad de Derecho de Columbus de la Universidad Cat\u00f3lica de Am\u00e9rica, una maestr\u00eda en pol\u00edtica comercial internacional por la Universidad George Mason y una licenciatura en pol\u00edtica y negocios internacionales por la Universidad Brigham Young. Habla espa\u00f1ol y portugu\u00e9s con fluidez.<\/p>","protected":false},"excerpt":{"rendered":"","protected":false},"featured_media":62271,"template":"","conference-years":[63],"class_list":["post-62250","conference-speakers","type-conference-speakers","status-publish","has-post-thumbnail","hentry","conference-years-2023-conference-speakers"],"acf":[],"_links":{"self":[{"href":"https:\/\/upstateinternational.org\/es\/wp-json\/wp\/v2\/conference-speakers\/62250","targetHints":{"allow":["GET"]}}],"collection":[{"href":"https:\/\/upstateinternational.org\/es\/wp-json\/wp\/v2\/conference-speakers"}],"about":[{"href":"https:\/\/upstateinternational.org\/es\/wp-json\/wp\/v2\/types\/conference-speakers"}],"version-history":[{"count":0,"href":"https:\/\/upstateinternational.org\/es\/wp-json\/wp\/v2\/conference-speakers\/62250\/revisions"}],"wp:featuredmedia":[{"embeddable":true,"href":"https:\/\/upstateinternational.org\/es\/wp-json\/wp\/v2\/media\/62271"}],"wp:attachment":[{"href":"https:\/\/upstateinternational.org\/es\/wp-json\/wp\/v2\/media?parent=62250"}],"wp:term":[{"taxonomy":"conference-years","embeddable":true,"href":"https:\/\/upstateinternational.org\/es\/wp-json\/wp\/v2\/conference-years?post=62250"}],"curies":[{"name":"wp","href":"https:\/\/api.w.org\/{rel}","templated":true}]}}

<p style="font-weight: 400;">David Olave es un asociado y asesor de política comercial para Sandler, Travis &amp; Rosenberg, PA. Emplea una combinación única de experiencia en derecho aduanero, negociaciones comerciales, procedimientos legislativos, cabildeo y participación de la sociedad civil para asesorar a los clientes sobre asuntos legales, el impacto de la legislación relacionada con el comercio y para trabajar con el gobierno de los EE. UU. para abordar las necesidades de los clientes. Sus áreas de especialización incluyen negociaciones de tratados de libre comercio, programas de preferencia, estándares internacionales de responsabilidad social corporativa y laboral, transparencia en la cadena de suministro y diseño de relaciones gubernamentales efectivas y estrategias de comunicación para clientes de la firma. Ha representado los intereses de los clientes ante los comités de Medios y Arbitrios de la Cámara de Representantes, Finanzas del Senado, Asuntos Exteriores de la Cámara de Representantes y Relaciones Exteriores del Senado, así como ante diferentes agencias federales, incluidas la Aduana y Protección Fronteriza de los EE. UU., el Departamento de Seguridad Nacional, el Representante Comercial de los EE. UU., el Departamento de Trabajo, el Departamento de Comercio, el Departamento de Estado y la Comisión de Comercio Internacional.</p>
<p style="font-weight: 400;">El Sr. Olave posee un doctorado en Derecho por la Facultad de Derecho de Columbus de la Universidad Católica de América, una maestría en política comercial internacional por la Universidad George Mason y una licenciatura en política y negocios internacionales por la Universidad Brigham Young. Habla español y portugués con fluidez.</p>
