{"id":62251,"date":"2023-09-19T11:01:00","date_gmt":"2023-09-19T15:01:00","guid":{"rendered":"https:\/\/localhost:10096\/conference-speakers\/david-snepp-2\/"},"modified":"2023-10-20T06:05:21","modified_gmt":"2023-10-20T10:05:21","slug":"david-snepp","status":"publish","type":"conference-speakers","link":"https:\/\/upstateinternational.org\/es\/conference-speakers\/david-snepp\/","title":{"rendered":"David Snepp"},"content":{"rendered":"<p>David Snepp dirige el subsegmento de seguridad de Defensa, Inteligencia y Aplicaci\u00f3n de la Ley para la pr\u00e1ctica de Gobierno Global de Moody&#039;s Analytics. Antes de incorporarse a Moody&#039;s, David fue experto en la materia en el Programa de Entrenamiento de Mando de Misi\u00f3n del Ej\u00e9rcito de EE. UU., con sede en Ft. Leavenworth, Kansas. Tambi\u00e9n fue instructor adjunto en la Universidad de Operaciones Especiales Conjuntas de EE. UU., Base A\u00e9rea MacDill, Tampa, como Planificador Antiterrorista. David ocup\u00f3 durante cuatro a\u00f1os altos cargos en el Cuartel General de la ISAF de la OTAN y en la Embajada de EE. UU. en Kabul. Tambi\u00e9n trabaj\u00f3 en el Capitolio como asesor principal de dos senadores estadounidenses. David se gradu\u00f3 de la Universidad Estatal de los Apalaches con una licenciatura en Comunicaci\u00f3n y Ciencias Pol\u00edticas.<\/p>","protected":false},"excerpt":{"rendered":"","protected":false},"featured_media":62272,"template":"","conference-years":[64,63],"class_list":["post-62251","conference-speakers","type-conference-speakers","status-publish","has-post-thumbnail","hentry","conference-years-2022-conference-speakers","conference-years-2023-conference-speakers"],"acf":[],"_links":{"self":[{"href":"https:\/\/upstateinternational.org\/es\/wp-json\/wp\/v2\/conference-speakers\/62251","targetHints":{"allow":["GET"]}}],"collection":[{"href":"https:\/\/upstateinternational.org\/es\/wp-json\/wp\/v2\/conference-speakers"}],"about":[{"href":"https:\/\/upstateinternational.org\/es\/wp-json\/wp\/v2\/types\/conference-speakers"}],"version-history":[{"count":0,"href":"https:\/\/upstateinternational.org\/es\/wp-json\/wp\/v2\/conference-speakers\/62251\/revisions"}],"wp:featuredmedia":[{"embeddable":true,"href":"https:\/\/upstateinternational.org\/es\/wp-json\/wp\/v2\/media\/62272"}],"wp:attachment":[{"href":"https:\/\/upstateinternational.org\/es\/wp-json\/wp\/v2\/media?parent=62251"}],"wp:term":[{"taxonomy":"conference-years","embeddable":true,"href":"https:\/\/upstateinternational.org\/es\/wp-json\/wp\/v2\/conference-years?post=62251"}],"curies":[{"name":"wp","href":"https:\/\/api.w.org\/{rel}","templated":true}]}}

<p>David Snepp dirige el subsegmento de seguridad de Defensa, Inteligencia y Aplicación de la Ley para la práctica de Gobierno Global de Moody&#039;s Analytics. Antes de incorporarse a Moody&#039;s, David fue experto en la materia en el Programa de Entrenamiento de Mando de Misión del Ejército de EE. UU., con sede en Ft. Leavenworth, Kansas. También fue instructor adjunto en la Universidad de Operaciones Especiales Conjuntas de EE. UU., Base Aérea MacDill, Tampa, como Planificador Antiterrorista. David ocupó durante cuatro años altos cargos en el Cuartel General de la ISAF de la OTAN y en la Embajada de EE. UU. en Kabul. También trabajó en el Capitolio como asesor principal de dos senadores estadounidenses. David se graduó de la Universidad Estatal de los Apalaches con una licenciatura en Comunicación y Ciencias Políticas.</p>
