{"id":89486,"date":"2025-02-18T12:27:19","date_gmt":"2025-02-18T17:27:19","guid":{"rendered":"https:\/\/ui-hybrid.local\/ui-events\/made-in-america-paid-by-america-tariffs-protectionism-in-a-new-administration\/"},"modified":"2025-02-18T12:27:19","modified_gmt":"2025-02-18T17:27:19","slug":"made-in-america-paid-by-america-tariffs-protectionism-in-a-new-administration","status":"publish","type":"ui-events","link":"https:\/\/upstateinternational.org\/es\/ui-events\/made-in-america-paid-by-america-tariffs-protectionism-in-a-new-administration\/","title":{"rendered":"\u00bfHecho en Estados Unidos, pagado por Estados Unidos? Aranceles y proteccionismo en una nueva administraci\u00f3n"},"content":{"rendered":"<p><strong>Consejo de Asuntos Mundiales Upstate \u2013 Serie M\u00e1s all\u00e1 de los titulares<\/strong><\/p>\n\n\n\n<p><strong>Dr. Scott Baier<\/strong>, experto en econom\u00eda internacional, analizar\u00e1 el creciente uso de aranceles durante el segundo mandato del presidente Trump y sus amplias consecuencias. Con nuevas restricciones comerciales dirigidas a Canad\u00e1, M\u00e9xico, China, Colombia y la UE, junto con aranceles radicales sobre el acero y el aluminio, esta charla analizar\u00e1 la l\u00f3gica econ\u00f3mica de estas pol\u00edticas, su eficacia y su impacto en empresas y consumidores. La charla tambi\u00e9n revisar\u00e1 los aranceles del primer mandato de Trump y explorar\u00e1 c\u00f3mo estas renovadas batallas comerciales podr\u00edan transformar las industrias en el norte del estado y en todo Carolina del Sur.<\/p>","protected":false},"excerpt":{"rendered":"","protected":false},"featured_media":82168,"template":"","ui-event-category":[148,21,28,88,26],"class_list":["post-89486","ui-events","type-ui-events","status-publish","has-post-thumbnail","hentry","ui-event-category-beyond-the-headlines","ui-event-category-open-to-public","ui-event-category-ui-month","ui-event-category-wacu-program","ui-event-category-wacu-programming"],"acf":[],"event_meta":{"start_datetime":"1741694400","start_datetime_formatted":"2025-03-11T12:00:00+00:00","end_datetime":"1741699800","end_datetime_formatted":"2025-03-11T13:30:00+00:00","location_name":"Greenville Community Room","location_address":"407 W Broad St, Greenville, SC 29601","price":"Free","cost":"","external_registration_link":"","internal_registration_product":0,"link":"","featured":false},"_links":{"self":[{"href":"https:\/\/upstateinternational.org\/es\/wp-json\/wp\/v2\/ui-events\/89486","targetHints":{"allow":["GET"]}}],"collection":[{"href":"https:\/\/upstateinternational.org\/es\/wp-json\/wp\/v2\/ui-events"}],"about":[{"href":"https:\/\/upstateinternational.org\/es\/wp-json\/wp\/v2\/types\/ui-events"}],"version-history":[{"count":0,"href":"https:\/\/upstateinternational.org\/es\/wp-json\/wp\/v2\/ui-events\/89486\/revisions"}],"wp:featuredmedia":[{"embeddable":true,"href":"https:\/\/upstateinternational.org\/es\/wp-json\/wp\/v2\/media\/82168"}],"wp:attachment":[{"href":"https:\/\/upstateinternational.org\/es\/wp-json\/wp\/v2\/media?parent=89486"}],"wp:term":[{"taxonomy":"ui-event-category","embeddable":true,"href":"https:\/\/upstateinternational.org\/es\/wp-json\/wp\/v2\/ui-event-category?post=89486"}],"curies":[{"name":"wp","href":"https:\/\/api.w.org\/{rel}","templated":true}]}}

¿Hecho en Estados Unidos, pagado por Estados Unidos? Aranceles y proteccionismo en una nueva administración

<p><strong>Consejo de Asuntos Mundiales Upstate – Serie Más allá de los titulares</strong></p>



<p><strong>Dr. Scott Baier</strong>, experto en economía internacional, analizará el creciente uso de aranceles durante el segundo mandato del presidente Trump y sus amplias consecuencias. Con nuevas restricciones comerciales dirigidas a Canadá, México, China, Colombia y la UE, junto con aranceles radicales sobre el acero y el aluminio, esta charla analizará la lógica económica de estas políticas, su eficacia y su impacto en empresas y consumidores. La charla también revisará los aranceles del primer mandato de Trump y explorará cómo estas renovadas batallas comerciales podrían transformar las industrias en el norte del estado y en todo Carolina del Sur.</p>
