{"id":93451,"date":"2026-01-15T09:43:05","date_gmt":"2026-01-15T14:43:05","guid":{"rendered":"https:\/\/upstateinternational.org\/?post_type=ui-events&#038;p=93451"},"modified":"2026-01-15T09:48:57","modified_gmt":"2026-01-15T14:48:57","slug":"jorge-garcia-jazz-night","status":"publish","type":"ui-events","link":"https:\/\/upstateinternational.org\/es\/ui-events\/jorge-garcia-jazz-night\/","title":{"rendered":"Noche de Jazz de Jorge Garc\u00eda"},"content":{"rendered":"<p><strong>Upstate International | Arte 906<\/strong><\/p>\n\n\n\n<p>\u00danase a nosotros para una velada relajada de jazz cubano y arte visual mientras celebramos nuestra exposici\u00f3n actual, <em>Joherms Quiala Brooks, El Dal\u00ed cubano<\/em>. Disfrute de los sonidos ricos y expresivos de Jorge Garc\u00eda mientras su m\u00fasica llena la galer\u00eda, creando la atm\u00f3sfera perfecta para relajarse, descansar y contemplar la obra de arte.<\/p>\n\n\n\n<p>Esta noche BYOB te invita a disfrutar, escuchar y sumergirte en la cultura cubana a trav\u00e9s del sonido y el arte. Ya sea que vengas por la m\u00fasica, el arte o simplemente por una forma \u00fanica de pasar la noche, es una oportunidad para relajarte y vivir una experiencia verdaderamente especial.<\/p>\n\n\n\n<div class=\"wp-block-buttons is-layout-flex wp-block-buttons-is-layout-flex\">\n<div class=\"wp-block-button is-style-outline is-style-outline--1\"><a class=\"wp-block-button__link has-gold-light-color has-button-primary-background-color has-text-color has-background has-link-color wp-element-button\" href=\"https:\/\/www.906art.com\/event-details\/jorge-garcia-cuban-jazz-night\">Comprar boleto<\/a><\/div>\n<\/div>","protected":false},"excerpt":{"rendered":"","protected":false},"featured_media":93438,"template":"","ui-event-category":[21],"class_list":["post-93451","ui-events","type-ui-events","status-publish","has-post-thumbnail","hentry","ui-event-category-open-to-public"],"acf":[],"event_meta":{"start_datetime":"1768586400","start_datetime_formatted":"2026-01-16T18:00:00+00:00","end_datetime":"1768600800","end_datetime_formatted":"2026-01-16T22:00:00+00:00","location_name":"","location_address":"46 Lois Ave, Greenville, SC 29611, USA","price":"10","cost":"","external_registration_link":"https:\/\/www.906art.com\/event-details\/jorge-garcia-cuban-jazz-night","internal_registration_product":0,"link":"","featured":false},"_links":{"self":[{"href":"https:\/\/upstateinternational.org\/es\/wp-json\/wp\/v2\/ui-events\/93451","targetHints":{"allow":["GET"]}}],"collection":[{"href":"https:\/\/upstateinternational.org\/es\/wp-json\/wp\/v2\/ui-events"}],"about":[{"href":"https:\/\/upstateinternational.org\/es\/wp-json\/wp\/v2\/types\/ui-events"}],"version-history":[{"count":0,"href":"https:\/\/upstateinternational.org\/es\/wp-json\/wp\/v2\/ui-events\/93451\/revisions"}],"wp:featuredmedia":[{"embeddable":true,"href":"https:\/\/upstateinternational.org\/es\/wp-json\/wp\/v2\/media\/93438"}],"wp:attachment":[{"href":"https:\/\/upstateinternational.org\/es\/wp-json\/wp\/v2\/media?parent=93451"}],"wp:term":[{"taxonomy":"ui-event-category","embeddable":true,"href":"https:\/\/upstateinternational.org\/es\/wp-json\/wp\/v2\/ui-event-category?post=93451"}],"curies":[{"name":"wp","href":"https:\/\/api.w.org\/{rel}","templated":true}]}}

Noche de Jazz de Jorge García

<p><strong>Upstate International | Arte 906</strong></p>



<p>Únase a nosotros para una velada relajada de jazz cubano y arte visual mientras celebramos nuestra exposición actual, <em>Joherms Quiala Brooks, El Dalí cubano</em>. Disfrute de los sonidos ricos y expresivos de Jorge García mientras su música llena la galería, creando la atmósfera perfecta para relajarse, descansar y contemplar la obra de arte.</p>



<p>Esta noche BYOB te invita a disfrutar, escuchar y sumergirte en la cultura cubana a través del sonido y el arte. Ya sea que vengas por la música, el arte o simplemente por una forma única de pasar la noche, es una oportunidad para relajarte y vivir una experiencia verdaderamente especial.</p>



<div class="wp-block-buttons is-layout-flex wp-block-buttons-is-layout-flex">
<div class="wp-block-button is-style-outline is-style-outline--1"><a class="wp-block-button__link has-gold-light-color has-button-primary-background-color has-text-color has-background has-link-color wp-element-button" href="https://www.906art.com/event-details/jorge-garcia-cuban-jazz-night">Comprar boleto</a></div>
</div>
