{"id":60002,"date":"2023-04-21T03:16:29","date_gmt":"2023-04-21T07:16:29","guid":{"rendered":"https:\/\/localhost:10096\/conference-speakers\/chris-richardson\/"},"modified":"2023-08-22T22:35:02","modified_gmt":"2023-08-23T02:35:02","slug":"chris-richardson","status":"publish","type":"conference-speakers","link":"https:\/\/upstateinternational.org\/fi\/conference-speakers\/chris-richardson\/","title":{"rendered":"Chris Richardson"},"content":{"rendered":"<p>\u00a0<\/p>\r\n\r\n\r\n\r\n<p>Chris Richardson on entinen Yhdysvaltain diplomaatti, maahanmuuttoasianajaja ja maailman ensimm\u00e4isen entisi\u00e4 konsulivirkailijoita k\u00e4ytt\u00e4v\u00e4n et\u00e4videoneuvontateknologiayrityksen, Argo Visa LLC:n, toinen perustajista. H\u00e4n on my\u00f6s Greenvilless\u00e4 sijaitsevan maahanmuuttokonsultointiyrityksen BDV Solutions, LLC:n p\u00e4\u00e4lakimies ja operatiivinen johtaja.<\/p>\r\n\r\n\r\n\r\n<p>Richardson palveli Yhdysvaltain diplomaattina Nigeriassa, Nicaraguassa, Pakistanissa ja Espanjassa. Palveluksestaan Richardson voitti useita palkintoja, kuten Meritorious Honors Awards ja Superior Honors Award. H\u00e4n erosi ulkoministeri\u00f6st\u00e4 vuonna 2018 ja laati valaehtoisen lausunnon muslimien maahantulokieltoa vastaan, johon korkeimman oikeuden tuomari Stephen Breyer viittasi Trump v. Hawaii -tapauksessa. H\u00e4n on neuvonut sek\u00e4 demokraatti- ett\u00e4 republikaanipuolueen kongressin j\u00e4seni\u00e4 ja heid\u00e4n henkil\u00f6kuntaansa Yhdysvaltain edustajainhuoneessa ja senaatissa maahanmuutto-, monimuotoisuus- ja ulkopoliittisissa kysymyksiss\u00e4. Richardson toimi Pete Buttigiegin maahanmuuttopoliittisen komitean puheenjohtajana ja ty\u00f6skenteli Bidenin vuoden 2020 kampanjan maahanmuuttopoliittisessa komiteassa. Richardsonista on kirjoitettu Mother Jonesissa, Slate Magazinessa, Reutersissa, NPR:ss\u00e4, Embeddediss\u00e4, All Things Consideredissa, SCOTUS Blogissa, BBC:ll\u00e4, Georgia Public Radiossa, Interceptiss\u00e4 ja Atlanta Journal Constitutionissa. H\u00e4nt\u00e4 ovat my\u00f6s haastatelleet New York Times, CNN ja CBS. Richardson on kirjoittanut useita hyvin vastaanotettuja mielipidekirjoituksia Los Angeles Timesiin, Washington Postiin, San Francisco Chronicleen, Slate Magazineen, Chicago Sun-Timesiin, The Hilliin ja Nationiin maahanmuuttopolitiikasta ja ulkoministeri\u00f6n monimuotoisuuskysymyksest\u00e4. Presidenttiehdokkaat ja kongressin j\u00e4senet mainitsivat h\u00e4nen New York Timesille julkaisemansa kolumnin ulkoministeri\u00f6n rodusta syyn\u00e4 monimuotoisuus- ja osallisuustoimiston tarpeeseen ulkoministeri\u00f6ss\u00e4.<\/p>\r\n\r\n\r\n\r\n<p>H\u00e4n on valmistunut Duken yliopiston oikeustieteellisest\u00e4 tiedekunnasta ja Emoryn yliopistosta erinomaisin arvosanoin vuonna 2003. H\u00e4n on my\u00f6s kirjoittanut teoksen Historical Dictionary of the Civil Rights Movement (2014) ja luennoinut Amerikan kansalaisoikeusliikkeest\u00e4 yliopistoissa ja korkeakouluissa ymp\u00e4ri maailmaa. Entinen Yhdysvaltain diplomaatti, maahanmuuttoasianajaja ja Argo Visan perustaja.<\/p>","protected":false},"excerpt":{"rendered":"","protected":false},"featured_media":58365,"template":"","conference-years":[64,63],"class_list":["post-60002","conference-speakers","type-conference-speakers","status-publish","has-post-thumbnail","hentry","conference-years-2022-conference-speakers","conference-years-2023-conference-speakers"],"acf":[],"_links":{"self":[{"href":"https:\/\/upstateinternational.org\/fi\/wp-json\/wp\/v2\/conference-speakers\/60002","targetHints":{"allow":["GET"]}}],"collection":[{"href":"https:\/\/upstateinternational.org\/fi\/wp-json\/wp\/v2\/conference-speakers"}],"about":[{"href":"https:\/\/upstateinternational.org\/fi\/wp-json\/wp\/v2\/types\/conference-speakers"}],"version-history":[{"count":0,"href":"https:\/\/upstateinternational.org\/fi\/wp-json\/wp\/v2\/conference-speakers\/60002\/revisions"}],"wp:featuredmedia":[{"embeddable":true,"href":"https:\/\/upstateinternational.org\/fi\/wp-json\/wp\/v2\/media\/58365"}],"wp:attachment":[{"href":"https:\/\/upstateinternational.org\/fi\/wp-json\/wp\/v2\/media?parent=60002"}],"wp:term":[{"taxonomy":"conference-years","embeddable":true,"href":"https:\/\/upstateinternational.org\/fi\/wp-json\/wp\/v2\/conference-years?post=60002"}],"curies":[{"name":"wp","href":"https:\/\/api.w.org\/{rel}","templated":true}]}}

<p> </p>



<p>Chris Richardson on entinen Yhdysvaltain diplomaatti, maahanmuuttoasianajaja ja maailman ensimmäisen entisiä konsulivirkailijoita käyttävän etävideoneuvontateknologiayrityksen, Argo Visa LLC:n, toinen perustajista. Hän on myös Greenvillessä sijaitsevan maahanmuuttokonsultointiyrityksen BDV Solutions, LLC:n päälakimies ja operatiivinen johtaja.</p>



<p>Richardson palveli Yhdysvaltain diplomaattina Nigeriassa, Nicaraguassa, Pakistanissa ja Espanjassa. Palveluksestaan Richardson voitti useita palkintoja, kuten Meritorious Honors Awards ja Superior Honors Award. Hän erosi ulkoministeriöstä vuonna 2018 ja laati valaehtoisen lausunnon muslimien maahantulokieltoa vastaan, johon korkeimman oikeuden tuomari Stephen Breyer viittasi Trump v. Hawaii -tapauksessa. Hän on neuvonut sekä demokraatti- että republikaanipuolueen kongressin jäseniä ja heidän henkilökuntaansa Yhdysvaltain edustajainhuoneessa ja senaatissa maahanmuutto-, monimuotoisuus- ja ulkopoliittisissa kysymyksissä. Richardson toimi Pete Buttigiegin maahanmuuttopoliittisen komitean puheenjohtajana ja työskenteli Bidenin vuoden 2020 kampanjan maahanmuuttopoliittisessa komiteassa. Richardsonista on kirjoitettu Mother Jonesissa, Slate Magazinessa, Reutersissa, NPR:ssä, Embeddedissä, All Things Consideredissa, SCOTUS Blogissa, BBC:llä, Georgia Public Radiossa, Interceptissä ja Atlanta Journal Constitutionissa. Häntä ovat myös haastatelleet New York Times, CNN ja CBS. Richardson on kirjoittanut useita hyvin vastaanotettuja mielipidekirjoituksia Los Angeles Timesiin, Washington Postiin, San Francisco Chronicleen, Slate Magazineen, Chicago Sun-Timesiin, The Hilliin ja Nationiin maahanmuuttopolitiikasta ja ulkoministeriön monimuotoisuuskysymyksestä. Presidenttiehdokkaat ja kongressin jäsenet mainitsivat hänen New York Timesille julkaisemansa kolumnin ulkoministeriön rodusta syynä monimuotoisuus- ja osallisuustoimiston tarpeeseen ulkoministeriössä.</p>



<p>Hän on valmistunut Duken yliopiston oikeustieteellisestä tiedekunnasta ja Emoryn yliopistosta erinomaisin arvosanoin vuonna 2003. Hän on myös kirjoittanut teoksen Historical Dictionary of the Civil Rights Movement (2014) ja luennoinut Amerikan kansalaisoikeusliikkeestä yliopistoissa ja korkeakouluissa ympäri maailmaa. Entinen Yhdysvaltain diplomaatti, maahanmuuttoasianajaja ja Argo Visan perustaja.</p>
