{"id":60004,"date":"2023-04-21T03:22:26","date_gmt":"2023-04-21T07:22:26","guid":{"rendered":"https:\/\/localhost:10096\/conference-speakers\/christian-tschurtschenthaler\/"},"modified":"2023-08-22T22:35:03","modified_gmt":"2023-08-23T02:35:03","slug":"christian-tschurtschenthaler","status":"publish","type":"conference-speakers","link":"https:\/\/upstateinternational.org\/fi\/conference-speakers\/christian-tschurtschenthaler\/","title":{"rendered":"Christian Tschurtschenthaler"},"content":{"rendered":"<p>Herra Tschurtschenthalerilla on yli 20 vuoden kokemus useista projekteista BMW Groupilla ty\u00f6skentelyns\u00e4 aikana. H\u00e4n aloitti uransa teknisen\u00e4 suunnitteluna MINIn Oxfordin tehtaalla Isossa-Britanniassa ja jatkoi moottoritehtaalla Steyriss\u00e4 It\u00e4vallassa. Vuonna 2010 herra Tschurtschenthaler siirtyi BMW:n Spartanburgin tehtaalle Etel\u00e4-Carolinaan toisen kokoonpanohallin teknisen suunnittelun toteutusvaiheen johtajaksi. T\u00e4m\u00e4 johti 10 vuoden tuotekehitykseen ja kokonaisvaltaiseen tuotevastuuseen BMW Luxury Class -mallistossa, johon kuuluvat Etel\u00e4-Carolinassa valmistetut BMW 7-sarja, iX ja X-mallit. Vuonna 2022 herra Tschurtschenthaler palasi suunnittelun juurilleen Spartanburgin tehtaalle. Nopeasti muuttuvan autoteollisuuden vuoksi asiakkaiden odotusten t\u00e4ytt\u00e4minen vaatii tuotekehityksess\u00e4 ja tuotantoprosesseissa aiempaa enemm\u00e4n joustavuutta, luovuutta ja sopeutumiskyky\u00e4. Spartanburgin tehtaan missio &quot;Rakennamme perint\u00f6\u00e4mme, ajamme tulevaisuuttamme&quot; kuvaa t\u00e4t\u00e4 t\u00e4ydellisesti.<\/p>","protected":false},"excerpt":{"rendered":"","protected":false},"featured_media":58368,"template":"","conference-years":[64,63],"class_list":["post-60004","conference-speakers","type-conference-speakers","status-publish","has-post-thumbnail","hentry","conference-years-2022-conference-speakers","conference-years-2023-conference-speakers"],"acf":[],"_links":{"self":[{"href":"https:\/\/upstateinternational.org\/fi\/wp-json\/wp\/v2\/conference-speakers\/60004","targetHints":{"allow":["GET"]}}],"collection":[{"href":"https:\/\/upstateinternational.org\/fi\/wp-json\/wp\/v2\/conference-speakers"}],"about":[{"href":"https:\/\/upstateinternational.org\/fi\/wp-json\/wp\/v2\/types\/conference-speakers"}],"version-history":[{"count":0,"href":"https:\/\/upstateinternational.org\/fi\/wp-json\/wp\/v2\/conference-speakers\/60004\/revisions"}],"wp:featuredmedia":[{"embeddable":true,"href":"https:\/\/upstateinternational.org\/fi\/wp-json\/wp\/v2\/media\/58368"}],"wp:attachment":[{"href":"https:\/\/upstateinternational.org\/fi\/wp-json\/wp\/v2\/media?parent=60004"}],"wp:term":[{"taxonomy":"conference-years","embeddable":true,"href":"https:\/\/upstateinternational.org\/fi\/wp-json\/wp\/v2\/conference-years?post=60004"}],"curies":[{"name":"wp","href":"https:\/\/api.w.org\/{rel}","templated":true}]}}

<p>Herra Tschurtschenthalerilla on yli 20 vuoden kokemus useista projekteista BMW Groupilla työskentelynsä aikana. Hän aloitti uransa teknisenä suunnitteluna MINIn Oxfordin tehtaalla Isossa-Britanniassa ja jatkoi moottoritehtaalla Steyrissä Itävallassa. Vuonna 2010 herra Tschurtschenthaler siirtyi BMW:n Spartanburgin tehtaalle Etelä-Carolinaan toisen kokoonpanohallin teknisen suunnittelun toteutusvaiheen johtajaksi. Tämä johti 10 vuoden tuotekehitykseen ja kokonaisvaltaiseen tuotevastuuseen BMW Luxury Class -mallistossa, johon kuuluvat Etelä-Carolinassa valmistetut BMW 7-sarja, iX ja X-mallit. Vuonna 2022 herra Tschurtschenthaler palasi suunnittelun juurilleen Spartanburgin tehtaalle. Nopeasti muuttuvan autoteollisuuden vuoksi asiakkaiden odotusten täyttäminen vaatii tuotekehityksessä ja tuotantoprosesseissa aiempaa enemmän joustavuutta, luovuutta ja sopeutumiskykyä. Spartanburgin tehtaan missio &quot;Rakennamme perintöämme, ajamme tulevaisuuttamme&quot; kuvaa tätä täydellisesti.</p>
