{"id":60027,"date":"2023-04-21T10:17:47","date_gmt":"2023-04-21T14:17:47","guid":{"rendered":"https:\/\/localhost:10096\/conference-speakers\/david-manning\/"},"modified":"2023-04-21T10:17:47","modified_gmt":"2023-04-21T14:17:47","slug":"david-manning","status":"publish","type":"conference-speakers","link":"https:\/\/upstateinternational.org\/fi\/conference-speakers\/david-manning\/","title":{"rendered":"David Manning"},"content":{"rendered":"<p>Dave Manning on kotoisin Tewksburysta, Massachusettsista. H\u00e4n liittyi Yhdysvaltain ilmavoimiin vuonna 1972 ja vuonna 1974 h\u00e4net m\u00e4\u00e4r\u00e4ttiin Euroopan laajuiselle operaatioalueelle palvelulogistiikka-avustajaksi Yhdysvaltain ilmavoimien Euroopan-esikuntiin, Pohjois-Atlantin liittoon (Nato), Euroopan maavoimien ja ilmavoimien vaihtopalveluun sek\u00e4 Yhdysvaltain Euroopan komentoon. H\u00e4n j\u00e4i el\u00e4kkeelle Yhdysvaltain ilmavoimien palveluksesta lokakuussa 1997. Vuosina 1997\u20131998 h\u00e4n toimi AAFES:n sotilasvaate- ja taisteluvarustejakeluosaston operaatiop\u00e4\u00e4llikk\u00f6n\u00e4, joka tuki SFOR:ia koko Balkanin alueella. Nyky\u00e4\u00e4n Manning on freelance-luennoitsija ja kirjoittaja, jonka aiheet ovat kansainv\u00e4liset suhteet, sotahistoria ja kansainv\u00e4liset puolustusliittoutumat. H\u00e4n on kirjoittanut &quot;Global Arms&quot; -sarjan kansainv\u00e4listen sotilassuhteiden historiasta ja sosiologiasta sek\u00e4 puolustusalan koulutusohjelmista: Cultivating and Sustaining Professional Defence Alliance Partnerships. Vuonna 2020 h\u00e4n kirjoitti kirjan &quot;Global Arms in Defense of Eurasia&quot;, joka on geopoliittinen katsaus voimatasapainoon Euraasiassa.<\/p>","protected":false},"excerpt":{"rendered":"","protected":false},"featured_media":60046,"template":"","conference-years":[64],"class_list":["post-60027","conference-speakers","type-conference-speakers","status-publish","has-post-thumbnail","hentry","conference-years-2022-conference-speakers"],"acf":[],"_links":{"self":[{"href":"https:\/\/upstateinternational.org\/fi\/wp-json\/wp\/v2\/conference-speakers\/60027","targetHints":{"allow":["GET"]}}],"collection":[{"href":"https:\/\/upstateinternational.org\/fi\/wp-json\/wp\/v2\/conference-speakers"}],"about":[{"href":"https:\/\/upstateinternational.org\/fi\/wp-json\/wp\/v2\/types\/conference-speakers"}],"version-history":[{"count":0,"href":"https:\/\/upstateinternational.org\/fi\/wp-json\/wp\/v2\/conference-speakers\/60027\/revisions"}],"wp:featuredmedia":[{"embeddable":true,"href":"https:\/\/upstateinternational.org\/fi\/wp-json\/wp\/v2\/media\/60046"}],"wp:attachment":[{"href":"https:\/\/upstateinternational.org\/fi\/wp-json\/wp\/v2\/media?parent=60027"}],"wp:term":[{"taxonomy":"conference-years","embeddable":true,"href":"https:\/\/upstateinternational.org\/fi\/wp-json\/wp\/v2\/conference-years?post=60027"}],"curies":[{"name":"wp","href":"https:\/\/api.w.org\/{rel}","templated":true}]}}

<p>Dave Manning on kotoisin Tewksburysta, Massachusettsista. Hän liittyi Yhdysvaltain ilmavoimiin vuonna 1972 ja vuonna 1974 hänet määrättiin Euroopan laajuiselle operaatioalueelle palvelulogistiikka-avustajaksi Yhdysvaltain ilmavoimien Euroopan-esikuntiin, Pohjois-Atlantin liittoon (Nato), Euroopan maavoimien ja ilmavoimien vaihtopalveluun sekä Yhdysvaltain Euroopan komentoon. Hän jäi eläkkeelle Yhdysvaltain ilmavoimien palveluksesta lokakuussa 1997. Vuosina 1997–1998 hän toimi AAFES:n sotilasvaate- ja taisteluvarustejakeluosaston operaatiopäällikkönä, joka tuki SFOR:ia koko Balkanin alueella. Nykyään Manning on freelance-luennoitsija ja kirjoittaja, jonka aiheet ovat kansainväliset suhteet, sotahistoria ja kansainväliset puolustusliittoutumat. Hän on kirjoittanut &quot;Global Arms&quot; -sarjan kansainvälisten sotilassuhteiden historiasta ja sosiologiasta sekä puolustusalan koulutusohjelmista: Cultivating and Sustaining Professional Defence Alliance Partnerships. Vuonna 2020 hän kirjoitti kirjan &quot;Global Arms in Defense of Eurasia&quot;, joka on geopoliittinen katsaus voimatasapainoon Euraasiassa.</p>
