{"id":60065,"date":"2023-06-22T15:53:00","date_gmt":"2023-06-22T19:53:00","guid":{"rendered":"https:\/\/localhost:10096\/conference-speakers\/jacob-olcott\/"},"modified":"2023-08-22T22:35:05","modified_gmt":"2023-08-23T02:35:05","slug":"jacob-olcott","status":"publish","type":"conference-speakers","link":"https:\/\/upstateinternational.org\/fi\/conference-speakers\/jacob-olcott\/","title":{"rendered":"Jacob Olcott"},"content":{"rendered":"<p>Jacob Olcott on BitSightin, kyberturvallisuusluokitus- ja analytiikkayrityksen, hallintoasioiden varapuheenjohtaja. H\u00e4n on aiemmin toiminut Yhdysvaltain senaatin kauppavaliokunnan ja Yhdysvaltain edustajainhuoneen kotimaan turvallisuusvaliokunnan oikeudellisena ja poliittisena neuvonantajana kyberturvallisuuskysymyksiss\u00e4. Ennen BitSightia h\u00e4n neuvoi Fortune 1000 -yritysten johtoa kyberturvallisuuden hallintaan ja teknologiaan liittyviss\u00e4 kysymyksiss\u00e4. H\u00e4n on my\u00f6s toiminut kyberturvallisuuden apulaisprofessorina Georgetownin yliopiston ulkoministeri\u00f6n tiedekunnassa. H\u00e4nell\u00e4 on tutkinnot Texasin yliopistosta Austinissa ja Virginian yliopiston oikeustieteellisest\u00e4 tiedekunnasta.<\/p>","protected":false},"excerpt":{"rendered":"","protected":false},"featured_media":60082,"template":"","conference-years":[63],"class_list":["post-60065","conference-speakers","type-conference-speakers","status-publish","has-post-thumbnail","hentry","conference-years-2023-conference-speakers"],"acf":[],"_links":{"self":[{"href":"https:\/\/upstateinternational.org\/fi\/wp-json\/wp\/v2\/conference-speakers\/60065","targetHints":{"allow":["GET"]}}],"collection":[{"href":"https:\/\/upstateinternational.org\/fi\/wp-json\/wp\/v2\/conference-speakers"}],"about":[{"href":"https:\/\/upstateinternational.org\/fi\/wp-json\/wp\/v2\/types\/conference-speakers"}],"version-history":[{"count":0,"href":"https:\/\/upstateinternational.org\/fi\/wp-json\/wp\/v2\/conference-speakers\/60065\/revisions"}],"wp:featuredmedia":[{"embeddable":true,"href":"https:\/\/upstateinternational.org\/fi\/wp-json\/wp\/v2\/media\/60082"}],"wp:attachment":[{"href":"https:\/\/upstateinternational.org\/fi\/wp-json\/wp\/v2\/media?parent=60065"}],"wp:term":[{"taxonomy":"conference-years","embeddable":true,"href":"https:\/\/upstateinternational.org\/fi\/wp-json\/wp\/v2\/conference-years?post=60065"}],"curies":[{"name":"wp","href":"https:\/\/api.w.org\/{rel}","templated":true}]}}

<p>Jacob Olcott on BitSightin, kyberturvallisuusluokitus- ja analytiikkayrityksen, hallintoasioiden varapuheenjohtaja. Hän on aiemmin toiminut Yhdysvaltain senaatin kauppavaliokunnan ja Yhdysvaltain edustajainhuoneen kotimaan turvallisuusvaliokunnan oikeudellisena ja poliittisena neuvonantajana kyberturvallisuuskysymyksissä. Ennen BitSightia hän neuvoi Fortune 1000 -yritysten johtoa kyberturvallisuuden hallintaan ja teknologiaan liittyvissä kysymyksissä. Hän on myös toiminut kyberturvallisuuden apulaisprofessorina Georgetownin yliopiston ulkoministeriön tiedekunnassa. Hänellä on tutkinnot Texasin yliopistosta Austinissa ja Virginian yliopiston oikeustieteellisestä tiedekunnasta.</p>
