{"id":62257,"date":"2023-06-29T12:59:00","date_gmt":"2023-06-29T16:59:00","guid":{"rendered":"https:\/\/localhost:10096\/conference-speakers\/kevin-cassidy-2-2\/"},"modified":"2023-10-20T06:05:04","modified_gmt":"2023-10-20T10:05:04","slug":"kevin-cassidy","status":"publish","type":"conference-speakers","link":"https:\/\/upstateinternational.org\/fi\/conference-speakers\/kevin-cassidy\/","title":{"rendered":"Kevin Cassidy"},"content":{"rendered":"<p>Kevin Cassidylla on l\u00e4hes nelj\u00e4n vuosikymmenen kokemus kansainv\u00e4lisest\u00e4 kehitysty\u00f6st\u00e4. H\u00e4n toimii t\u00e4ll\u00e4 hetkell\u00e4 Kansainv\u00e4lisen ty\u00f6j\u00e4rjest\u00f6n (ILO) Yhdysvaltojen toimiston Bretton Woods- ja monenkeskisten j\u00e4rjest\u00f6jen johtajana ja edustajana.<\/p>\n\n\n\n<p>Ennen t\u00e4t\u00e4 nimityst\u00e4 Cassidy toimi 11 vuotta Yhdistyneiden Kansakuntien ILO:n toimiston viestint\u00e4-, talous- ja sosiaaliasioiden vanhempana virkamiehen\u00e4 ja vastasi lis\u00e4ksi Pohjois-Amerikan kumppanuuksista.<\/p>\n\n\n\n<p>T\u00e4n\u00e4 aikana Cassidy ty\u00f6skenteli j\u00e4senvaltioiden kanssa j\u00e4rjest\u00e4\u00e4kseen valtion- ja hallitusten p\u00e4\u00e4miesten sek\u00e4 ministeritason tapahtumia, joissa korostettiin ihmisarvoista ty\u00f6t\u00e4 ja esiteltiin keskeisi\u00e4 kehityskysymyksi\u00e4 koskevaa poliittista kielt\u00e4 YK:n yleiskokouksen kolmannen komitean ja talous- ja sosiaalineuvoston (ECOSOC) toimikuntien p\u00e4\u00e4t\u00f6slauselmissa ja loppuasiakirjoissa.<\/p>\n\n\n\n<p>Ennen New Yorkin komennuksensa herra Cassidy toimi ILO:n maailmanlaajuisen ty\u00f6el\u00e4m\u00e4n perusoikeuksia edist\u00e4v\u00e4n kampanjan teknisen\u00e4 p\u00e4\u00e4neuvonantajana. Tuona aikana h\u00e4n kehitti lukuisia viestint\u00e4aloitteita yli 40 maassa, kuten interaktiivisia radio- ja televisio-ohjelmia, sek\u00e4 koulutti toimittajia viestim\u00e4\u00e4n paikallisesti ihmisarvoisesta ty\u00f6st\u00e4, lapsity\u00f6voimasta, pakkoty\u00f6st\u00e4, syrjinn\u00e4st\u00e4 ja yhdistymisvapaudesta.<\/p>\n\n\n\n<p>Ennen ILO:on liittymist\u00e4\u00e4n Cassidy ty\u00f6skenteli Aga Khan -s\u00e4\u00e4ti\u00f6n (AKF-UK) operatiivisena, viestint\u00e4- ja kumppanuusjohtajana Lontoossa. H\u00e4nen ty\u00f6ns\u00e4 AKF-UK:ssa keskittyi maaseudun ja yhteis\u00f6pohjaiseen kehitykseen Keski- ja Etel\u00e4-Aasiassa.<\/p>\n\n\n\n<p>Herra Cassidy on ty\u00f6skennellyt uransa aikana useissa YK:n toimistoissa, mukaan lukien rauhanturvaoperaatioiden osastolla (DPKO) maamiinojen kysymyksess\u00e4, humanitaarisen avun koordinointitoimistossa (OCHA), p\u00e4\u00e4sihteerin (Boutros Boutros-Ghali ja Ban Ki-moon) toimeenpanovirastossa, YK:n tiedotusosastolla ja YK:n kansalaisj\u00e4rjest\u00f6jen yhteyspalvelussa (NGLS) New Yorkissa.<\/p>\n\n\n\n<p>Herra Cassidylla on taloudellisen ja poliittisen kehityksen maisterin tutkinto Columbian yliopiston kansainv\u00e4listen ja julkisten asioiden laitokselta.<\/p>","protected":false},"excerpt":{"rendered":"","protected":false},"featured_media":58397,"template":"","conference-years":[64,63],"class_list":["post-62257","conference-speakers","type-conference-speakers","status-publish","has-post-thumbnail","hentry","conference-years-2022-conference-speakers","conference-years-2023-conference-speakers"],"acf":[],"_links":{"self":[{"href":"https:\/\/upstateinternational.org\/fi\/wp-json\/wp\/v2\/conference-speakers\/62257","targetHints":{"allow":["GET"]}}],"collection":[{"href":"https:\/\/upstateinternational.org\/fi\/wp-json\/wp\/v2\/conference-speakers"}],"about":[{"href":"https:\/\/upstateinternational.org\/fi\/wp-json\/wp\/v2\/types\/conference-speakers"}],"version-history":[{"count":0,"href":"https:\/\/upstateinternational.org\/fi\/wp-json\/wp\/v2\/conference-speakers\/62257\/revisions"}],"wp:featuredmedia":[{"embeddable":true,"href":"https:\/\/upstateinternational.org\/fi\/wp-json\/wp\/v2\/media\/58397"}],"wp:attachment":[{"href":"https:\/\/upstateinternational.org\/fi\/wp-json\/wp\/v2\/media?parent=62257"}],"wp:term":[{"taxonomy":"conference-years","embeddable":true,"href":"https:\/\/upstateinternational.org\/fi\/wp-json\/wp\/v2\/conference-years?post=62257"}],"curies":[{"name":"wp","href":"https:\/\/api.w.org\/{rel}","templated":true}]}}

<p>Kevin Cassidylla on lähes neljän vuosikymmenen kokemus kansainvälisestä kehitystyöstä. Hän toimii tällä hetkellä Kansainvälisen työjärjestön (ILO) Yhdysvaltojen toimiston Bretton Woods- ja monenkeskisten järjestöjen johtajana ja edustajana.</p>



<p>Ennen tätä nimitystä Cassidy toimi 11 vuotta Yhdistyneiden Kansakuntien ILO:n toimiston viestintä-, talous- ja sosiaaliasioiden vanhempana virkamiehenä ja vastasi lisäksi Pohjois-Amerikan kumppanuuksista.</p>



<p>Tänä aikana Cassidy työskenteli jäsenvaltioiden kanssa järjestääkseen valtion- ja hallitusten päämiesten sekä ministeritason tapahtumia, joissa korostettiin ihmisarvoista työtä ja esiteltiin keskeisiä kehityskysymyksiä koskevaa poliittista kieltä YK:n yleiskokouksen kolmannen komitean ja talous- ja sosiaalineuvoston (ECOSOC) toimikuntien päätöslauselmissa ja loppuasiakirjoissa.</p>



<p>Ennen New Yorkin komennuksensa herra Cassidy toimi ILO:n maailmanlaajuisen työelämän perusoikeuksia edistävän kampanjan teknisenä pääneuvonantajana. Tuona aikana hän kehitti lukuisia viestintäaloitteita yli 40 maassa, kuten interaktiivisia radio- ja televisio-ohjelmia, sekä koulutti toimittajia viestimään paikallisesti ihmisarvoisesta työstä, lapsityövoimasta, pakkotyöstä, syrjinnästä ja yhdistymisvapaudesta.</p>



<p>Ennen ILO:on liittymistään Cassidy työskenteli Aga Khan -säätiön (AKF-UK) operatiivisena, viestintä- ja kumppanuusjohtajana Lontoossa. Hänen työnsä AKF-UK:ssa keskittyi maaseudun ja yhteisöpohjaiseen kehitykseen Keski- ja Etelä-Aasiassa.</p>



<p>Herra Cassidy on työskennellyt uransa aikana useissa YK:n toimistoissa, mukaan lukien rauhanturvaoperaatioiden osastolla (DPKO) maamiinojen kysymyksessä, humanitaarisen avun koordinointitoimistossa (OCHA), pääsihteerin (Boutros Boutros-Ghali ja Ban Ki-moon) toimeenpanovirastossa, YK:n tiedotusosastolla ja YK:n kansalaisjärjestöjen yhteyspalvelussa (NGLS) New Yorkissa.</p>



<p>Herra Cassidylla on taloudellisen ja poliittisen kehityksen maisterin tutkinto Columbian yliopiston kansainvälisten ja julkisten asioiden laitokselta.</p>
