{"id":89219,"date":"2024-02-27T15:36:06","date_gmt":"2024-02-27T20:36:06","guid":{"rendered":"https:\/\/ui-hybrid.local\/ui-events\/st-patricks-parade-and-festival\/"},"modified":"2024-02-27T15:36:06","modified_gmt":"2024-02-27T20:36:06","slug":"st-patricks-parade-and-festival","status":"publish","type":"ui-events","link":"https:\/\/upstateinternational.org\/fi\/ui-events\/st-patricks-parade-and-festival\/","title":{"rendered":"Pyh\u00e4n Patrickin paraati ja festivaali"},"content":{"rendered":"<p><p>Paraati 16. maaliskuuta klo 10.00\u201311.00 ja sen j\u00e4lkeen festivaali klo 11.00\u201320.00.<\/p><div id=\"block-20d2d7d07ef691626788\" class=\"sqs-block html-block sqs-block-html\" data-block-type=\"2\" data-border-radii=\"{\"topleft\":{\"unit\":\"px\",\"value\":0.0},\"topright\":{\"unit\":\"px\",\"value\":0.0},\"bottomleft\":{\"unit\":\"px\",\"value\":0.0},\"bottomright\":{\"unit\":\"px\",\"value\":0.0}}\"><div class=\"sqs-block-content\"><div class=\"sqs-html-content\"><\/div><\/div><span style=\"font-size: revert; background-color: rgba(0, 0, 0, 0.2); color: initial;\">Pyh\u00e4n Patrickin p\u00e4iv\u00e4\u00e4 on juhlittu Greenvilless\u00e4 monin tavoin vuodesta 1918 l\u00e4htien, alkaen Camp Sevieriss\u00e4 harjoitelleiden sotilaiden paraatista ja jatkuen vuosien varrella festivaaleilla, konserteilla, teatteriesityksill\u00e4 ja jopa py\u00f6r\u00e4ilykilpailuilla.\u00a0<\/span><\/div><div id=\"yui_3_17_2_1_1708889917594_192\" class=\"row sqs-row\"><div class=\"col sqs-col-8 span-8\" id=\"yui_3_17_2_1_1708889917594_191\"><div id=\"block-9b68428d3dc4235f06c2\" class=\"sqs-block html-block sqs-block-html\" data-block-type=\"2\" data-border-radii=\"{\"topleft\":{\"unit\":\"px\",\"value\":0.0},\"topright\":{\"unit\":\"px\",\"value\":0.0},\"bottomleft\":{\"unit\":\"px\",\"value\":0.0},\"bottomright\":{\"unit\":\"px\",\"value\":0.0}}\"><div id=\"yui_3_17_2_1_1708889917594_190\" class=\"sqs-block-content\"><div id=\"yui_3_17_2_1_1708889917594_189\" class=\"sqs-html-content\"><p class=\"\">Vuonna 2023 osallistujam\u00e4\u00e4r\u00e4mme oli yksi suurimmista, mit\u00e4 olisimme voineet kuvitella. Arvostamme yhteis\u00f6n tukea ja kasvavaa tapahtumaamme kohtaan osoittamaa innostusta ja suunnittelemme parhaillaan paluuta suurempana ja parempana kuin koskaan vuonna 2024! Odotamme innolla tulevia p\u00e4ivi\u00e4, jolloin voimme juhlistaa irlantilaista perint\u00f6\u00e4 muiden irlantilaisten amerikkalaisten ja Upstaten asukkaiden kanssa, ja arvostamme kiinnostustanne Greenvillen Pyh\u00e4n Patrickin p\u00e4iv\u00e4n komiteaa kohtaan.<\/p><\/div><\/div><\/div><\/div><\/div><p style=\"text-align: center;\"><a href=\"https:\/\/www.gvlstpatricks.com\/\">https:\/\/www.gvlstpatricks.com\/<\/a><\/p> <p style=\"text-align: center;\">Greenvillen Pyh\u00e4n Patrickin p\u00e4iv\u00e4n paraati- ja festivaalikomitean j\u00e4rjest\u00e4m\u00e4<\/p><\/p>","protected":false},"excerpt":{"rendered":"","protected":false},"featured_media":70445,"template":"","ui-event-category":[28],"class_list":["post-89219","ui-events","type-ui-events","status-publish","has-post-thumbnail","hentry","ui-event-category-ui-month"],"acf":[],"event_meta":{"start_datetime":"1710583200","start_datetime_formatted":"2024-03-16T10:00:00+00:00","end_datetime":0,"end_datetime_formatted":null,"location_name":"","location_address":"Downtown Greenville, South Carolina","price":"Free","cost":"","external_registration_link":"","internal_registration_product":0,"link":"","featured":false},"_links":{"self":[{"href":"https:\/\/upstateinternational.org\/fi\/wp-json\/wp\/v2\/ui-events\/89219","targetHints":{"allow":["GET"]}}],"collection":[{"href":"https:\/\/upstateinternational.org\/fi\/wp-json\/wp\/v2\/ui-events"}],"about":[{"href":"https:\/\/upstateinternational.org\/fi\/wp-json\/wp\/v2\/types\/ui-events"}],"version-history":[{"count":0,"href":"https:\/\/upstateinternational.org\/fi\/wp-json\/wp\/v2\/ui-events\/89219\/revisions"}],"wp:featuredmedia":[{"embeddable":true,"href":"https:\/\/upstateinternational.org\/fi\/wp-json\/wp\/v2\/media\/70445"}],"wp:attachment":[{"href":"https:\/\/upstateinternational.org\/fi\/wp-json\/wp\/v2\/media?parent=89219"}],"wp:term":[{"taxonomy":"ui-event-category","embeddable":true,"href":"https:\/\/upstateinternational.org\/fi\/wp-json\/wp\/v2\/ui-event-category?post=89219"}],"curies":[{"name":"wp","href":"https:\/\/api.w.org\/{rel}","templated":true}]}}

Pyhän Patrickin paraati ja festivaali

<p><p>Paraati 16. maaliskuuta klo 10.00–11.00 ja sen jälkeen festivaali klo 11.00–20.00.</p><div id="block-20d2d7d07ef691626788" class="sqs-block html-block sqs-block-html" data-block-type="2" data-border-radii="{"topleft":{"unit":"px","value":0.0},"topright":{"unit":"px","value":0.0},"bottomleft":{"unit":"px","value":0.0},"bottomright":{"unit":"px","value":0.0}}"><div class="sqs-block-content"><div class="sqs-html-content"></div></div><span style="font-size: revert; background-color: rgba(0, 0, 0, 0.2); color: initial;">Pyhän Patrickin päivää on juhlittu Greenvillessä monin tavoin vuodesta 1918 lähtien, alkaen Camp Sevierissä harjoitelleiden sotilaiden paraatista ja jatkuen vuosien varrella festivaaleilla, konserteilla, teatteriesityksillä ja jopa pyöräilykilpailuilla. </span></div><div id="yui_3_17_2_1_1708889917594_192" class="row sqs-row"><div class="col sqs-col-8 span-8" id="yui_3_17_2_1_1708889917594_191"><div id="block-9b68428d3dc4235f06c2" class="sqs-block html-block sqs-block-html" data-block-type="2" data-border-radii="{"topleft":{"unit":"px","value":0.0},"topright":{"unit":"px","value":0.0},"bottomleft":{"unit":"px","value":0.0},"bottomright":{"unit":"px","value":0.0}}"><div id="yui_3_17_2_1_1708889917594_190" class="sqs-block-content"><div id="yui_3_17_2_1_1708889917594_189" class="sqs-html-content"><p class="">Vuonna 2023 osallistujamäärämme oli yksi suurimmista, mitä olisimme voineet kuvitella. Arvostamme yhteisön tukea ja kasvavaa tapahtumaamme kohtaan osoittamaa innostusta ja suunnittelemme parhaillaan paluuta suurempana ja parempana kuin koskaan vuonna 2024! Odotamme innolla tulevia päiviä, jolloin voimme juhlistaa irlantilaista perintöä muiden irlantilaisten amerikkalaisten ja Upstaten asukkaiden kanssa, ja arvostamme kiinnostustanne Greenvillen Pyhän Patrickin päivän komiteaa kohtaan.</p></div></div></div></div></div><p style="text-align: center;"><a href="https://www.gvlstpatricks.com/">https://www.gvlstpatricks.com/</a></p> <p style="text-align: center;">Greenvillen Pyhän Patrickin päivän paraati- ja festivaalikomitean järjestämä</p></p>
