{"id":60002,"date":"2023-04-21T03:16:29","date_gmt":"2023-04-21T07:16:29","guid":{"rendered":"https:\/\/localhost:10096\/conference-speakers\/chris-richardson\/"},"modified":"2023-08-22T22:35:02","modified_gmt":"2023-08-23T02:35:02","slug":"chris-richardson","status":"publish","type":"conference-speakers","link":"https:\/\/upstateinternational.org\/fr\/conference-speakers\/chris-richardson\/","title":{"rendered":"Chris Richardson"},"content":{"rendered":"<p>\u00a0<\/p>\r\n\r\n\r\n\r\n<p>Chris Richardson est un ancien diplomate am\u00e9ricain, avocat sp\u00e9cialis\u00e9 en immigration et cofondateur d&#039;Argo Visa LLC, la premi\u00e8re entreprise mondiale de conseil en immigration par vid\u00e9oconf\u00e9rence avec d&#039;anciens agents consulaires. Il est \u00e9galement directeur juridique et directeur des op\u00e9rations de BDV Solutions, LLC, une soci\u00e9t\u00e9 de conseil en immigration bas\u00e9e \u00e0 Greenville.<\/p>\r\n\r\n\r\n\r\n<p>Richardson a \u00e9t\u00e9 diplomate am\u00e9ricain au Nig\u00e9ria, au Nicaragua, au Pakistan et en Espagne. Pour ses services, il a re\u00e7u plusieurs distinctions, dont des m\u00e9dailles du m\u00e9rite et une m\u00e9daille d&#039;excellence. Il a d\u00e9missionn\u00e9 du D\u00e9partement d&#039;\u00c9tat en 2018 et a r\u00e9dig\u00e9 une d\u00e9claration sous serment contre le d\u00e9cret anti-musulmans, cit\u00e9e par le juge Stephen Breyer de la Cour supr\u00eame dans l&#039;affaire Trump contre Hawa\u00ef. Il a conseill\u00e9 des membres d\u00e9mocrates et r\u00e9publicains du Congr\u00e8s, ainsi que leurs \u00e9quipes, \u00e0 la Chambre des repr\u00e9sentants et au S\u00e9nat am\u00e9ricains sur les questions d&#039;immigration, de diversit\u00e9 et de politique \u00e9trang\u00e8re. Richardson a pr\u00e9sid\u00e9 le comit\u00e9 sur la politique d&#039;immigration de Pete Buttigieg et a travaill\u00e9 au sein du comit\u00e9 sur la politique d&#039;immigration de la campagne Biden 2020. Il a \u00e9t\u00e9 interview\u00e9 par Mother Jones, Slate Magazine, Reuters, NPR, Embedded, All Things Considered, SCOTUS Blog, la BBC, Georgia Public Radio, The Intercept et l&#039;Atlanta Journal Constitution. Il a \u00e9galement \u00e9t\u00e9 interview\u00e9 par le New York Times, CNN et CBS. Richardson a sign\u00e9 plusieurs tribunes remarqu\u00e9es dans le Los Angeles Times, le Washington Post, le San Francisco Chronicle, Slate Magazine, le Chicago Sun-Times, The Hill et The Nation, portant sur la politique d&#039;immigration et la question de la diversit\u00e9 au sein du D\u00e9partement d&#039;\u00c9tat. Sa tribune publi\u00e9e dans le New York Times sur le racisme au D\u00e9partement d&#039;\u00c9tat a \u00e9t\u00e9 cit\u00e9e par des candidats \u00e0 la pr\u00e9sidence et des membres du Congr\u00e8s comme justifiant la cr\u00e9ation d&#039;un Bureau de la diversit\u00e9 et de l&#039;inclusion au sein de ce d\u00e9partement.<\/p>\r\n\r\n\r\n\r\n<p>Dipl\u00f4m\u00e9 de la facult\u00e9 de droit de l&#039;universit\u00e9 Duke, il a \u00e9galement obtenu son dipl\u00f4me avec la mention summa cum laude de l&#039;universit\u00e9 Emory en 2003. Il est co-auteur du Dictionnaire historique du mouvement des droits civiques (2014) et a donn\u00e9 des conf\u00e9rences sur le mouvement am\u00e9ricain des droits civiques dans des universit\u00e9s et des \u00e9tablissements d&#039;enseignement sup\u00e9rieur du monde entier. Ancien diplomate am\u00e9ricain, avocat sp\u00e9cialis\u00e9 en immigration et fondateur d&#039;Argo Visa<\/p>","protected":false},"excerpt":{"rendered":"","protected":false},"featured_media":58365,"template":"","conference-years":[64,63],"class_list":["post-60002","conference-speakers","type-conference-speakers","status-publish","has-post-thumbnail","hentry","conference-years-2022-conference-speakers","conference-years-2023-conference-speakers"],"acf":[],"_links":{"self":[{"href":"https:\/\/upstateinternational.org\/fr\/wp-json\/wp\/v2\/conference-speakers\/60002","targetHints":{"allow":["GET"]}}],"collection":[{"href":"https:\/\/upstateinternational.org\/fr\/wp-json\/wp\/v2\/conference-speakers"}],"about":[{"href":"https:\/\/upstateinternational.org\/fr\/wp-json\/wp\/v2\/types\/conference-speakers"}],"version-history":[{"count":0,"href":"https:\/\/upstateinternational.org\/fr\/wp-json\/wp\/v2\/conference-speakers\/60002\/revisions"}],"wp:featuredmedia":[{"embeddable":true,"href":"https:\/\/upstateinternational.org\/fr\/wp-json\/wp\/v2\/media\/58365"}],"wp:attachment":[{"href":"https:\/\/upstateinternational.org\/fr\/wp-json\/wp\/v2\/media?parent=60002"}],"wp:term":[{"taxonomy":"conference-years","embeddable":true,"href":"https:\/\/upstateinternational.org\/fr\/wp-json\/wp\/v2\/conference-years?post=60002"}],"curies":[{"name":"wp","href":"https:\/\/api.w.org\/{rel}","templated":true}]}}

<p> </p>



<p>Chris Richardson est un ancien diplomate américain, avocat spécialisé en immigration et cofondateur d&#039;Argo Visa LLC, la première entreprise mondiale de conseil en immigration par vidéoconférence avec d&#039;anciens agents consulaires. Il est également directeur juridique et directeur des opérations de BDV Solutions, LLC, une société de conseil en immigration basée à Greenville.</p>



<p>Richardson a été diplomate américain au Nigéria, au Nicaragua, au Pakistan et en Espagne. Pour ses services, il a reçu plusieurs distinctions, dont des médailles du mérite et une médaille d&#039;excellence. Il a démissionné du Département d&#039;État en 2018 et a rédigé une déclaration sous serment contre le décret anti-musulmans, citée par le juge Stephen Breyer de la Cour suprême dans l&#039;affaire Trump contre Hawaï. Il a conseillé des membres démocrates et républicains du Congrès, ainsi que leurs équipes, à la Chambre des représentants et au Sénat américains sur les questions d&#039;immigration, de diversité et de politique étrangère. Richardson a présidé le comité sur la politique d&#039;immigration de Pete Buttigieg et a travaillé au sein du comité sur la politique d&#039;immigration de la campagne Biden 2020. Il a été interviewé par Mother Jones, Slate Magazine, Reuters, NPR, Embedded, All Things Considered, SCOTUS Blog, la BBC, Georgia Public Radio, The Intercept et l&#039;Atlanta Journal Constitution. Il a également été interviewé par le New York Times, CNN et CBS. Richardson a signé plusieurs tribunes remarquées dans le Los Angeles Times, le Washington Post, le San Francisco Chronicle, Slate Magazine, le Chicago Sun-Times, The Hill et The Nation, portant sur la politique d&#039;immigration et la question de la diversité au sein du Département d&#039;État. Sa tribune publiée dans le New York Times sur le racisme au Département d&#039;État a été citée par des candidats à la présidence et des membres du Congrès comme justifiant la création d&#039;un Bureau de la diversité et de l&#039;inclusion au sein de ce département.</p>



<p>Diplômé de la faculté de droit de l&#039;université Duke, il a également obtenu son diplôme avec la mention summa cum laude de l&#039;université Emory en 2003. Il est co-auteur du Dictionnaire historique du mouvement des droits civiques (2014) et a donné des conférences sur le mouvement américain des droits civiques dans des universités et des établissements d&#039;enseignement supérieur du monde entier. Ancien diplomate américain, avocat spécialisé en immigration et fondateur d&#039;Argo Visa</p>
