{"id":60027,"date":"2023-04-21T10:17:47","date_gmt":"2023-04-21T14:17:47","guid":{"rendered":"https:\/\/localhost:10096\/conference-speakers\/david-manning\/"},"modified":"2023-04-21T10:17:47","modified_gmt":"2023-04-21T14:17:47","slug":"david-manning","status":"publish","type":"conference-speakers","link":"https:\/\/upstateinternational.org\/fr\/conference-speakers\/david-manning\/","title":{"rendered":"David Manning"},"content":{"rendered":"<p>Dave Manning est originaire de Tewksbury, dans le Massachusetts. Il s&#039;est engag\u00e9 dans l&#039;US Air Force en 1972 et, en 1974, a \u00e9t\u00e9 affect\u00e9 au th\u00e9\u00e2tre d&#039;op\u00e9rations europ\u00e9en en tant que logisticien au sein de l&#039;US Air Force in Europe, de l&#039;OTAN, du Service d&#039;\u00e9change de l&#039;Arm\u00e9e de terre et de l&#039;Arm\u00e9e de l&#039;air pour l&#039;Europe et du Commandement europ\u00e9en des \u00c9tats-Unis. Il a pris sa retraite de l&#039;US Air Force en octobre 1997. De 1997 \u00e0 1998, il a occup\u00e9 le poste de chef des op\u00e9rations pour la distribution de v\u00eatements et d&#039;\u00e9quipements militaires (AAFES) en soutien \u00e0 la SFOR dans les Balkans. Aujourd&#039;hui, Dave Manning est conf\u00e9rencier et auteur ind\u00e9pendant, sp\u00e9cialis\u00e9 en relations internationales, histoire militaire et alliances de d\u00e9fense internationales. Il est l&#039;auteur de la s\u00e9rie \u201c\u00a0Global Arms\u00a0\u201d sur l&#039;histoire et la sociologie des relations militaires internationales, ainsi que de l&#039;ouvrage \u00ab\u00a0Defense Education &amp; Training Programs\u00a0: Cultivating and Sustaining Professional Defense Alliance Partnerships\u00a0\u00bb. Il est l&#039;auteur, paru en 2020, de \u00ab Global Arms in Defense of Eurasia \u00bb, une analyse g\u00e9opolitique de l&#039;\u00e9quilibre des pouvoirs en Eurasie.<\/p>","protected":false},"excerpt":{"rendered":"","protected":false},"featured_media":60046,"template":"","conference-years":[64],"class_list":["post-60027","conference-speakers","type-conference-speakers","status-publish","has-post-thumbnail","hentry","conference-years-2022-conference-speakers"],"acf":[],"_links":{"self":[{"href":"https:\/\/upstateinternational.org\/fr\/wp-json\/wp\/v2\/conference-speakers\/60027","targetHints":{"allow":["GET"]}}],"collection":[{"href":"https:\/\/upstateinternational.org\/fr\/wp-json\/wp\/v2\/conference-speakers"}],"about":[{"href":"https:\/\/upstateinternational.org\/fr\/wp-json\/wp\/v2\/types\/conference-speakers"}],"version-history":[{"count":0,"href":"https:\/\/upstateinternational.org\/fr\/wp-json\/wp\/v2\/conference-speakers\/60027\/revisions"}],"wp:featuredmedia":[{"embeddable":true,"href":"https:\/\/upstateinternational.org\/fr\/wp-json\/wp\/v2\/media\/60046"}],"wp:attachment":[{"href":"https:\/\/upstateinternational.org\/fr\/wp-json\/wp\/v2\/media?parent=60027"}],"wp:term":[{"taxonomy":"conference-years","embeddable":true,"href":"https:\/\/upstateinternational.org\/fr\/wp-json\/wp\/v2\/conference-years?post=60027"}],"curies":[{"name":"wp","href":"https:\/\/api.w.org\/{rel}","templated":true}]}}

<p>Dave Manning est originaire de Tewksbury, dans le Massachusetts. Il s&#039;est engagé dans l&#039;US Air Force en 1972 et, en 1974, a été affecté au théâtre d&#039;opérations européen en tant que logisticien au sein de l&#039;US Air Force in Europe, de l&#039;OTAN, du Service d&#039;échange de l&#039;Armée de terre et de l&#039;Armée de l&#039;air pour l&#039;Europe et du Commandement européen des États-Unis. Il a pris sa retraite de l&#039;US Air Force en octobre 1997. De 1997 à 1998, il a occupé le poste de chef des opérations pour la distribution de vêtements et d&#039;équipements militaires (AAFES) en soutien à la SFOR dans les Balkans. Aujourd&#039;hui, Dave Manning est conférencier et auteur indépendant, spécialisé en relations internationales, histoire militaire et alliances de défense internationales. Il est l&#039;auteur de la série “ Global Arms ” sur l&#039;histoire et la sociologie des relations militaires internationales, ainsi que de l&#039;ouvrage « Defense Education &amp; Training Programs : Cultivating and Sustaining Professional Defense Alliance Partnerships ». Il est l&#039;auteur, paru en 2020, de « Global Arms in Defense of Eurasia », une analyse géopolitique de l&#039;équilibre des pouvoirs en Eurasie.</p>
