{"id":60040,"date":"2023-04-21T10:09:48","date_gmt":"2023-04-21T14:09:48","guid":{"rendered":"https:\/\/localhost:10096\/conference-speakers\/burkhard-jaeger\/"},"modified":"2023-04-21T10:09:48","modified_gmt":"2023-04-21T14:09:48","slug":"burkhard-jaeger","status":"publish","type":"conference-speakers","link":"https:\/\/upstateinternational.org\/fr\/conference-speakers\/burkhard-jaeger\/","title":{"rendered":"Burkhard Jaeger"},"content":{"rendered":"<p>Le Dr Burkhard Jaeger est professeur de gestion \u00e0 l&#039;Universit\u00e9 des sciences appliqu\u00e9es de Landshut, en Allemagne, o\u00f9 il enseigne la restructuration, la n\u00e9gociation, les ressources humaines et l&#039;organisation des entreprises. Il est \u00e9galement professeur invit\u00e9 \u00e0 l&#039;Universit\u00e9 de Caroline du Sud Upstate, ancien vice-pr\u00e9sident de Husqvarna et consultant ind\u00e9pendant en management. Le Dr Jaeger est dipl\u00f4m\u00e9 de l&#039;Universit\u00e9 Helmut Schmidt (Universit\u00e9 des forces arm\u00e9es allemandes).<\/p>","protected":false},"excerpt":{"rendered":"","protected":false},"featured_media":58363,"template":"","conference-years":[64],"class_list":["post-60040","conference-speakers","type-conference-speakers","status-publish","has-post-thumbnail","hentry","conference-years-2022-conference-speakers"],"acf":[],"_links":{"self":[{"href":"https:\/\/upstateinternational.org\/fr\/wp-json\/wp\/v2\/conference-speakers\/60040","targetHints":{"allow":["GET"]}}],"collection":[{"href":"https:\/\/upstateinternational.org\/fr\/wp-json\/wp\/v2\/conference-speakers"}],"about":[{"href":"https:\/\/upstateinternational.org\/fr\/wp-json\/wp\/v2\/types\/conference-speakers"}],"version-history":[{"count":0,"href":"https:\/\/upstateinternational.org\/fr\/wp-json\/wp\/v2\/conference-speakers\/60040\/revisions"}],"wp:featuredmedia":[{"embeddable":true,"href":"https:\/\/upstateinternational.org\/fr\/wp-json\/wp\/v2\/media\/58363"}],"wp:attachment":[{"href":"https:\/\/upstateinternational.org\/fr\/wp-json\/wp\/v2\/media?parent=60040"}],"wp:term":[{"taxonomy":"conference-years","embeddable":true,"href":"https:\/\/upstateinternational.org\/fr\/wp-json\/wp\/v2\/conference-years?post=60040"}],"curies":[{"name":"wp","href":"https:\/\/api.w.org\/{rel}","templated":true}]}}

<p>Le Dr Burkhard Jaeger est professeur de gestion à l&#039;Université des sciences appliquées de Landshut, en Allemagne, où il enseigne la restructuration, la négociation, les ressources humaines et l&#039;organisation des entreprises. Il est également professeur invité à l&#039;Université de Caroline du Sud Upstate, ancien vice-président de Husqvarna et consultant indépendant en management. Le Dr Jaeger est diplômé de l&#039;Université Helmut Schmidt (Université des forces armées allemandes).</p>
