{"id":60055,"date":"2023-05-15T18:05:00","date_gmt":"2023-05-15T22:05:00","guid":{"rendered":"https:\/\/localhost:10096\/conference-speakers\/alexander-schad\/"},"modified":"2023-08-22T22:35:04","modified_gmt":"2023-08-23T02:35:04","slug":"alexander-schad","status":"publish","type":"conference-speakers","link":"https:\/\/upstateinternational.org\/fr\/conference-speakers\/alexander-schad\/","title":{"rendered":"Alexandre Schad"},"content":{"rendered":"<p>Alexander Schad est titulaire d&#039;une licence de l&#039;Universit\u00e9 de Caroline du Sud et d&#039;un MBA de la Kellogg School of Business de l&#039;Universit\u00e9 Northwestern. Depuis 23 ans, il travaille chez Nedlloyd Lines (Coral Gables, Floride) et Frederic Schad (R\u00e9publique dominicaine). Il est actuellement pr\u00e9sident du conseil d&#039;administration de cette derni\u00e8re entreprise, une soci\u00e9t\u00e9 de logistique r\u00e9gionale repr\u00e9sentant DHL Global Forwarding dans six pays des Cara\u00efbes. Alexander a \u00e9t\u00e9 pr\u00e9sident de l&#039;Association dominicaine des transitaires (ADACAM), pr\u00e9sident de l&#039;Association des op\u00e9rateurs logistiques dominicains (Asologic), tr\u00e9sorier de l&#039;Association latino-am\u00e9ricaine des transitaires (ALACAT) et pr\u00e9sident du Comit\u00e9 de facilitation du commerce de la Chambre de commerce dominicaine-am\u00e9ricaine. Il si\u00e8ge \u00e9galement au conseil d&#039;administration de Frederic Schad, Haina International Terminals, DR Trade, Dragados del Caribe et Despachos Portuarios Hispaniola, entre autres.<\/p>","protected":false},"excerpt":{"rendered":"","protected":false},"featured_media":58427,"template":"","conference-years":[63],"class_list":["post-60055","conference-speakers","type-conference-speakers","status-publish","has-post-thumbnail","hentry","conference-years-2023-conference-speakers"],"acf":[],"_links":{"self":[{"href":"https:\/\/upstateinternational.org\/fr\/wp-json\/wp\/v2\/conference-speakers\/60055","targetHints":{"allow":["GET"]}}],"collection":[{"href":"https:\/\/upstateinternational.org\/fr\/wp-json\/wp\/v2\/conference-speakers"}],"about":[{"href":"https:\/\/upstateinternational.org\/fr\/wp-json\/wp\/v2\/types\/conference-speakers"}],"version-history":[{"count":0,"href":"https:\/\/upstateinternational.org\/fr\/wp-json\/wp\/v2\/conference-speakers\/60055\/revisions"}],"wp:featuredmedia":[{"embeddable":true,"href":"https:\/\/upstateinternational.org\/fr\/wp-json\/wp\/v2\/media\/58427"}],"wp:attachment":[{"href":"https:\/\/upstateinternational.org\/fr\/wp-json\/wp\/v2\/media?parent=60055"}],"wp:term":[{"taxonomy":"conference-years","embeddable":true,"href":"https:\/\/upstateinternational.org\/fr\/wp-json\/wp\/v2\/conference-years?post=60055"}],"curies":[{"name":"wp","href":"https:\/\/api.w.org\/{rel}","templated":true}]}}

<p>Alexander Schad est titulaire d&#039;une licence de l&#039;Université de Caroline du Sud et d&#039;un MBA de la Kellogg School of Business de l&#039;Université Northwestern. Depuis 23 ans, il travaille chez Nedlloyd Lines (Coral Gables, Floride) et Frederic Schad (République dominicaine). Il est actuellement président du conseil d&#039;administration de cette dernière entreprise, une société de logistique régionale représentant DHL Global Forwarding dans six pays des Caraïbes. Alexander a été président de l&#039;Association dominicaine des transitaires (ADACAM), président de l&#039;Association des opérateurs logistiques dominicains (Asologic), trésorier de l&#039;Association latino-américaine des transitaires (ALACAT) et président du Comité de facilitation du commerce de la Chambre de commerce dominicaine-américaine. Il siège également au conseil d&#039;administration de Frederic Schad, Haina International Terminals, DR Trade, Dragados del Caribe et Despachos Portuarios Hispaniola, entre autres.</p>
