{"id":60062,"date":"2023-07-06T13:49:00","date_gmt":"2023-07-06T17:49:00","guid":{"rendered":"https:\/\/localhost:10096\/conference-speakers\/tom-tyra\/"},"modified":"2023-08-22T22:35:05","modified_gmt":"2023-08-23T02:35:05","slug":"tom-tyra","status":"publish","type":"conference-speakers","link":"https:\/\/upstateinternational.org\/fr\/conference-speakers\/tom-tyra\/","title":{"rendered":"Tom Tyra"},"content":{"rendered":"<p>Tom Tyra a rejoint le district a\u00e9roportuaire de GSP en juin 2018. Il est responsable de la gestion de l&#039;ensemble des programmes de communication et de marketing de l&#039;a\u00e9roport, du recrutement des compagnies a\u00e9riennes, du marketing du fret, de la publicit\u00e9, de l&#039;exp\u00e9rience client et du d\u00e9veloppement des programmes de voyages d&#039;affaires et de loisirs pour GSP. Fort de plus de 30 ans d&#039;exp\u00e9rience dans la gestion a\u00e9roportuaire, il a pr\u00e9c\u00e9demment dirig\u00e9 les programmes de marketing, de relations publiques, de communication et de d\u00e9veloppement des services a\u00e9riens des a\u00e9roports internationaux de Louisville (SDF), de Blue Grass (LEX) et de John Glenn Columbus (CMH). Tom r\u00e9side \u00e0 Greer, en Caroline du Sud, et est dipl\u00f4m\u00e9 de l&#039;Universit\u00e9 de Louisville.<\/p>","protected":false},"excerpt":{"rendered":"","protected":false},"featured_media":60079,"template":"","conference-years":[63],"class_list":["post-60062","conference-speakers","type-conference-speakers","status-publish","has-post-thumbnail","hentry","conference-years-2023-conference-speakers"],"acf":[],"_links":{"self":[{"href":"https:\/\/upstateinternational.org\/fr\/wp-json\/wp\/v2\/conference-speakers\/60062","targetHints":{"allow":["GET"]}}],"collection":[{"href":"https:\/\/upstateinternational.org\/fr\/wp-json\/wp\/v2\/conference-speakers"}],"about":[{"href":"https:\/\/upstateinternational.org\/fr\/wp-json\/wp\/v2\/types\/conference-speakers"}],"version-history":[{"count":0,"href":"https:\/\/upstateinternational.org\/fr\/wp-json\/wp\/v2\/conference-speakers\/60062\/revisions"}],"wp:featuredmedia":[{"embeddable":true,"href":"https:\/\/upstateinternational.org\/fr\/wp-json\/wp\/v2\/media\/60079"}],"wp:attachment":[{"href":"https:\/\/upstateinternational.org\/fr\/wp-json\/wp\/v2\/media?parent=60062"}],"wp:term":[{"taxonomy":"conference-years","embeddable":true,"href":"https:\/\/upstateinternational.org\/fr\/wp-json\/wp\/v2\/conference-years?post=60062"}],"curies":[{"name":"wp","href":"https:\/\/api.w.org\/{rel}","templated":true}]}}

<p>Tom Tyra a rejoint le district aéroportuaire de GSP en juin 2018. Il est responsable de la gestion de l&#039;ensemble des programmes de communication et de marketing de l&#039;aéroport, du recrutement des compagnies aériennes, du marketing du fret, de la publicité, de l&#039;expérience client et du développement des programmes de voyages d&#039;affaires et de loisirs pour GSP. Fort de plus de 30 ans d&#039;expérience dans la gestion aéroportuaire, il a précédemment dirigé les programmes de marketing, de relations publiques, de communication et de développement des services aériens des aéroports internationaux de Louisville (SDF), de Blue Grass (LEX) et de John Glenn Columbus (CMH). Tom réside à Greer, en Caroline du Sud, et est diplômé de l&#039;Université de Louisville.</p>
