{"id":60067,"date":"2023-06-23T10:34:00","date_gmt":"2023-06-23T14:34:00","guid":{"rendered":"https:\/\/localhost:10096\/conference-speakers\/byron-miller\/"},"modified":"2023-08-22T22:35:06","modified_gmt":"2023-08-23T02:35:06","slug":"byron-miller","status":"publish","type":"conference-speakers","link":"https:\/\/upstateinternational.org\/fr\/conference-speakers\/byron-miller\/","title":{"rendered":"Byron Miller"},"content":{"rendered":"<p>Byron Miller dirige tous les efforts de vente, de marketing et de d\u00e9veloppement commercial chez SC Ports, contribuant ainsi \u00e0 la croissance et \u00e0 la diversification de la base de fret de la Caroline du Sud.<\/p>\n<p>Byron a rejoint SC Ports en 1993 et a occup\u00e9 de nombreux postes de direction au sein de l&#039;organisation. Depuis son arriv\u00e9e au sein du groupe commercial en 2012, le port de Charleston s&#039;est hiss\u00e9 parmi les dix ports maritimes \u00e0 la croissance la plus rapide du pays.<\/p>\n<p>Byron a occup\u00e9 plusieurs postes, notamment celui de directeur des ventes, o\u00f9 il a travaill\u00e9 en collaboration avec de nombreux clients importants de SC Ports dans les secteurs de l&#039;automobile, de la fabrication et de la distribution, et a contribu\u00e9 \u00e0 d\u00e9velopper des solutions pour leurs objectifs de cha\u00eene d&#039;approvisionnement de bout en bout.<\/p>\n<p>Originaire de Caroline du Sud, Byron a \u00e9t\u00e9 actif au sein de diverses associations professionnelles et organisations communautaires et a \u00e9t\u00e9 pr\u00e9c\u00e9demment nomm\u00e9 \u201c Leader des transports de l&#039;ann\u00e9e \u201d de la r\u00e9gion de Charleston et membre de l&#039;ann\u00e9e du Propeller Club.<\/p>\n<p>Il a obtenu une licence en commerce et en fran\u00e7ais au College of Charleston, avec une sp\u00e9cialisation en logistique mondiale.<\/p>","protected":false},"excerpt":{"rendered":"","protected":false},"featured_media":60084,"template":"","conference-years":[63],"class_list":["post-60067","conference-speakers","type-conference-speakers","status-publish","has-post-thumbnail","hentry","conference-years-2023-conference-speakers"],"acf":[],"_links":{"self":[{"href":"https:\/\/upstateinternational.org\/fr\/wp-json\/wp\/v2\/conference-speakers\/60067","targetHints":{"allow":["GET"]}}],"collection":[{"href":"https:\/\/upstateinternational.org\/fr\/wp-json\/wp\/v2\/conference-speakers"}],"about":[{"href":"https:\/\/upstateinternational.org\/fr\/wp-json\/wp\/v2\/types\/conference-speakers"}],"version-history":[{"count":0,"href":"https:\/\/upstateinternational.org\/fr\/wp-json\/wp\/v2\/conference-speakers\/60067\/revisions"}],"wp:featuredmedia":[{"embeddable":true,"href":"https:\/\/upstateinternational.org\/fr\/wp-json\/wp\/v2\/media\/60084"}],"wp:attachment":[{"href":"https:\/\/upstateinternational.org\/fr\/wp-json\/wp\/v2\/media?parent=60067"}],"wp:term":[{"taxonomy":"conference-years","embeddable":true,"href":"https:\/\/upstateinternational.org\/fr\/wp-json\/wp\/v2\/conference-years?post=60067"}],"curies":[{"name":"wp","href":"https:\/\/api.w.org\/{rel}","templated":true}]}}

<p>Byron Miller dirige tous les efforts de vente, de marketing et de développement commercial chez SC Ports, contribuant ainsi à la croissance et à la diversification de la base de fret de la Caroline du Sud.</p>
<p>Byron a rejoint SC Ports en 1993 et a occupé de nombreux postes de direction au sein de l&#039;organisation. Depuis son arrivée au sein du groupe commercial en 2012, le port de Charleston s&#039;est hissé parmi les dix ports maritimes à la croissance la plus rapide du pays.</p>
<p>Byron a occupé plusieurs postes, notamment celui de directeur des ventes, où il a travaillé en collaboration avec de nombreux clients importants de SC Ports dans les secteurs de l&#039;automobile, de la fabrication et de la distribution, et a contribué à développer des solutions pour leurs objectifs de chaîne d&#039;approvisionnement de bout en bout.</p>
<p>Originaire de Caroline du Sud, Byron a été actif au sein de diverses associations professionnelles et organisations communautaires et a été précédemment nommé “ Leader des transports de l&#039;année ” de la région de Charleston et membre de l&#039;année du Propeller Club.</p>
<p>Il a obtenu une licence en commerce et en français au College of Charleston, avec une spécialisation en logistique mondiale.</p>
