{"id":60068,"date":"2023-06-23T13:58:00","date_gmt":"2023-06-23T17:58:00","guid":{"rendered":"https:\/\/localhost:10096\/conference-speakers\/rachel-vanderhill\/"},"modified":"2023-08-22T22:35:06","modified_gmt":"2023-08-23T02:35:06","slug":"rachel-vanderhill","status":"publish","type":"conference-speakers","link":"https:\/\/upstateinternational.org\/fr\/conference-speakers\/rachel-vanderhill\/","title":{"rendered":"Rachel Vanderhill"},"content":{"rendered":"<p>Rachel Vanderhill est professeure agr\u00e9g\u00e9e d&#039;affaires internationales et directrice du d\u00e9partement de science politique et d&#039;affaires internationales du Wofford College. De 2021 \u00e0 2022, elle a b\u00e9n\u00e9fici\u00e9 d&#039;une bourse du Council on Foreign Relations (CFR) pour les chercheurs titulaires en relations internationales et a \u00e9t\u00e9 conseill\u00e8re principale sur l&#039;autoritarisme au Centre pour la d\u00e9mocratie, les droits de l&#039;homme et la gouvernance (DRG Center) de l&#039;Agence des \u00c9tats-Unis pour le d\u00e9veloppement international (USAID). Ses recherches actuelles portent sur la r\u00e9pression et la d\u00e9mocratie num\u00e9riques, les politiques de succession autoritaire, le soft power autoritaire, ainsi que la politique, l&#039;\u00e9conomie et la politique \u00e9trang\u00e8re de l&#039;Asie centrale. Parmi ses publications figurent\u00a0: <em>Autocratie et r\u00e9sistance \u00e0 l&#039;\u00e8re d&#039;Internet<\/em>, <em>Promouvoir l&#039;autoritarisme \u00e0 l&#039;\u00e9tranger, <\/em>et avec Sandra F. Joireman et Roza Tulepbayeva, \u201c Entre l\u2019ours et le dragon : le multivectorisme au Kazakhstan comme strat\u00e9gie mod\u00e8le pour les puissances secondaires \u201d, dans <em>Affaires internationales<\/em>. Elle a obtenu sa licence en sciences politiques et en histoire au Calvin College, ainsi que sa ma\u00eetrise et son doctorat en affaires \u00e9trang\u00e8res \u00e0 l&#039;Universit\u00e9 de Virginie.<\/p>","protected":false},"excerpt":{"rendered":"","protected":false},"featured_media":60085,"template":"","conference-years":[63],"class_list":["post-60068","conference-speakers","type-conference-speakers","status-publish","has-post-thumbnail","hentry","conference-years-2023-conference-speakers"],"acf":[],"_links":{"self":[{"href":"https:\/\/upstateinternational.org\/fr\/wp-json\/wp\/v2\/conference-speakers\/60068","targetHints":{"allow":["GET"]}}],"collection":[{"href":"https:\/\/upstateinternational.org\/fr\/wp-json\/wp\/v2\/conference-speakers"}],"about":[{"href":"https:\/\/upstateinternational.org\/fr\/wp-json\/wp\/v2\/types\/conference-speakers"}],"version-history":[{"count":0,"href":"https:\/\/upstateinternational.org\/fr\/wp-json\/wp\/v2\/conference-speakers\/60068\/revisions"}],"wp:featuredmedia":[{"embeddable":true,"href":"https:\/\/upstateinternational.org\/fr\/wp-json\/wp\/v2\/media\/60085"}],"wp:attachment":[{"href":"https:\/\/upstateinternational.org\/fr\/wp-json\/wp\/v2\/media?parent=60068"}],"wp:term":[{"taxonomy":"conference-years","embeddable":true,"href":"https:\/\/upstateinternational.org\/fr\/wp-json\/wp\/v2\/conference-years?post=60068"}],"curies":[{"name":"wp","href":"https:\/\/api.w.org\/{rel}","templated":true}]}}

<p>Rachel Vanderhill est professeure agrégée d&#039;affaires internationales et directrice du département de science politique et d&#039;affaires internationales du Wofford College. De 2021 à 2022, elle a bénéficié d&#039;une bourse du Council on Foreign Relations (CFR) pour les chercheurs titulaires en relations internationales et a été conseillère principale sur l&#039;autoritarisme au Centre pour la démocratie, les droits de l&#039;homme et la gouvernance (DRG Center) de l&#039;Agence des États-Unis pour le développement international (USAID). Ses recherches actuelles portent sur la répression et la démocratie numériques, les politiques de succession autoritaire, le soft power autoritaire, ainsi que la politique, l&#039;économie et la politique étrangère de l&#039;Asie centrale. Parmi ses publications figurent : <em>Autocratie et résistance à l&#039;ère d&#039;Internet</em>, <em>Promouvoir l&#039;autoritarisme à l&#039;étranger, </em>et avec Sandra F. Joireman et Roza Tulepbayeva, “ Entre l’ours et le dragon : le multivectorisme au Kazakhstan comme stratégie modèle pour les puissances secondaires ”, dans <em>Affaires internationales</em>. Elle a obtenu sa licence en sciences politiques et en histoire au Calvin College, ainsi que sa maîtrise et son doctorat en affaires étrangères à l&#039;Université de Virginie.</p>
