{"id":89486,"date":"2025-02-18T12:27:19","date_gmt":"2025-02-18T17:27:19","guid":{"rendered":"https:\/\/ui-hybrid.local\/ui-events\/made-in-america-paid-by-america-tariffs-protectionism-in-a-new-administration\/"},"modified":"2025-02-18T12:27:19","modified_gmt":"2025-02-18T17:27:19","slug":"made-in-america-paid-by-america-tariffs-protectionism-in-a-new-administration","status":"publish","type":"ui-events","link":"https:\/\/upstateinternational.org\/fr\/ui-events\/made-in-america-paid-by-america-tariffs-protectionism-in-a-new-administration\/","title":{"rendered":"Fabriqu\u00e9 aux \u00c9tats-Unis, pay\u00e9 par les Am\u00e9ricains\u00a0? Tarifs douaniers et protectionnisme sous une nouvelle administration"},"content":{"rendered":"<p><strong>World Affairs Council Upstate \u2013 S\u00e9rie \u00ab\u00a0Au-del\u00e0 des gros titres\u00a0\u00bb<\/strong><\/p>\n\n\n\n<p><strong>Dr Scott Baier<\/strong>, Un expert en \u00e9conomie internationale analysera l&#039;escalade du recours aux droits de douane durant le second mandat du pr\u00e9sident Trump et ses cons\u00e9quences consid\u00e9rables. Face aux nouvelles restrictions commerciales visant le Canada, le Mexique, la Chine, la Colombie et l&#039;Union europ\u00e9enne, ainsi qu&#039;aux droits de douane g\u00e9n\u00e9ralis\u00e9s sur l&#039;acier et l&#039;aluminium, cette discussion d\u00e9cortiquera la logique \u00e9conomique de ces politiques, leur efficacit\u00e9 et leur impact sur les entreprises et les consommateurs. L&#039;intervention reviendra \u00e9galement sur les droits de douane instaur\u00e9s lors du premier mandat de Trump et explorera comment ces nouvelles tensions commerciales pourraient remodeler les industries de la r\u00e9gion d&#039;Upstate et de l&#039;ensemble de la Caroline du Sud.<\/p>","protected":false},"excerpt":{"rendered":"","protected":false},"featured_media":82168,"template":"","ui-event-category":[148,21,28,88,26],"class_list":["post-89486","ui-events","type-ui-events","status-publish","has-post-thumbnail","hentry","ui-event-category-beyond-the-headlines","ui-event-category-open-to-public","ui-event-category-ui-month","ui-event-category-wacu-program","ui-event-category-wacu-programming"],"acf":[],"event_meta":{"start_datetime":"1741694400","start_datetime_formatted":"2025-03-11T12:00:00+00:00","end_datetime":"1741699800","end_datetime_formatted":"2025-03-11T13:30:00+00:00","location_name":"Greenville Community Room","location_address":"407 W Broad St, Greenville, SC 29601","price":"Free","cost":"","external_registration_link":"","internal_registration_product":0,"link":"","featured":false},"_links":{"self":[{"href":"https:\/\/upstateinternational.org\/fr\/wp-json\/wp\/v2\/ui-events\/89486","targetHints":{"allow":["GET"]}}],"collection":[{"href":"https:\/\/upstateinternational.org\/fr\/wp-json\/wp\/v2\/ui-events"}],"about":[{"href":"https:\/\/upstateinternational.org\/fr\/wp-json\/wp\/v2\/types\/ui-events"}],"version-history":[{"count":0,"href":"https:\/\/upstateinternational.org\/fr\/wp-json\/wp\/v2\/ui-events\/89486\/revisions"}],"wp:featuredmedia":[{"embeddable":true,"href":"https:\/\/upstateinternational.org\/fr\/wp-json\/wp\/v2\/media\/82168"}],"wp:attachment":[{"href":"https:\/\/upstateinternational.org\/fr\/wp-json\/wp\/v2\/media?parent=89486"}],"wp:term":[{"taxonomy":"ui-event-category","embeddable":true,"href":"https:\/\/upstateinternational.org\/fr\/wp-json\/wp\/v2\/ui-event-category?post=89486"}],"curies":[{"name":"wp","href":"https:\/\/api.w.org\/{rel}","templated":true}]}}

Fabriqué aux États-Unis, payé par les Américains ? Tarifs douaniers et protectionnisme sous une nouvelle administration

<p><strong>World Affairs Council Upstate – Série « Au-delà des gros titres »</strong></p>



<p><strong>Dr Scott Baier</strong>, Un expert en économie internationale analysera l&#039;escalade du recours aux droits de douane durant le second mandat du président Trump et ses conséquences considérables. Face aux nouvelles restrictions commerciales visant le Canada, le Mexique, la Chine, la Colombie et l&#039;Union européenne, ainsi qu&#039;aux droits de douane généralisés sur l&#039;acier et l&#039;aluminium, cette discussion décortiquera la logique économique de ces politiques, leur efficacité et leur impact sur les entreprises et les consommateurs. L&#039;intervention reviendra également sur les droits de douane instaurés lors du premier mandat de Trump et explorera comment ces nouvelles tensions commerciales pourraient remodeler les industries de la région d&#039;Upstate et de l&#039;ensemble de la Caroline du Sud.</p>
