{"id":60002,"date":"2023-04-21T03:16:29","date_gmt":"2023-04-21T07:16:29","guid":{"rendered":"https:\/\/localhost:10096\/conference-speakers\/chris-richardson\/"},"modified":"2023-08-22T22:35:02","modified_gmt":"2023-08-23T02:35:02","slug":"chris-richardson","status":"publish","type":"conference-speakers","link":"https:\/\/upstateinternational.org\/it\/conference-speakers\/chris-richardson\/","title":{"rendered":"Chris Richardson"},"content":{"rendered":"<p>\u00a0<\/p>\r\n\r\n\r\n\r\n<p>Chris Richardson \u00e8 un ex diplomatico statunitense, avvocato specializzato in immigrazione e co-fondatore di Argo Visa LLC, la prima societ\u00e0 al mondo di consulenza tecnologica per l&#039;immigrazione tramite videoconferenza con ex funzionari consolari. \u00c8 anche consulente generale e direttore operativo di BDV Solutions, LLC, una societ\u00e0 di consulenza per l&#039;immigrazione con sede a Greenville.<\/p>\r\n\r\n\r\n\r\n<p>Richardson ha prestato servizio in Nigeria, Nicaragua, Pakistan e Spagna come diplomatico statunitense. Per il suo servizio, Richardson ha vinto diversi premi, tra cui il Meritorious Honors Award e il Superior Honors Award. Si \u00e8 dimesso dal Dipartimento di Stato nel 2018 e ha redatto una dichiarazione giurata contro il Muslim Ban, citata dal giudice della Corte Suprema Stephen Breyer nel caso Trump contro Hawaii. Ha prestato consulenza a membri del Congresso, sia democratici che repubblicani, e ai loro collaboratori alla Camera dei Rappresentanti e al Senato degli Stati Uniti su questioni di immigrazione, diversit\u00e0 e politica estera. Richardson \u00e8 stato presidente della commissione per le politiche sull&#039;immigrazione di Pete Buttigieg e ha lavorato nella commissione per le politiche sull&#039;immigrazione della campagna elettorale di Biden del 2020. Richardson \u00e8 apparso su Mother Jones, Slate Magazine, Reuters, NPR, Embedded, All Things Considered, SCOTUS Blog, BBC, Georgia Public Radio, Intercept e l&#039;Atlanta Journal Constitution. \u00c8 stato inoltre intervistato dal New York Times, dalla CNN e dalla CBS. Richardson ha scritto diversi editoriali di opinione molto apprezzati per il Los Angeles Times, il Washington Post, il San Francisco Chronicle, Slate Magazine, il Chicago Sun-Times, The Hill e The Nation, riguardanti la politica sull&#039;immigrazione e la questione della diversit\u00e0 al Dipartimento di Stato. Il suo articolo per il New York Times sulla questione razziale al Dipartimento di Stato \u00e8 stato citato dai candidati alla presidenza e dai membri del Congresso come la ragione per cui era necessario istituire un Ufficio per la Diversit\u00e0 e l&#039;Inclusione presso il Dipartimento di Stato.<\/p>\r\n\r\n\r\n\r\n<p>Laureato presso la Duke University School of Law e con lode presso la Emory University nel 2003, \u00e8 coautore dell&#039;Historical Dictionary of the Civil Rights Movement (2014) e ha tenuto lezioni sul movimento per i diritti civili americano presso universit\u00e0 e college in tutto il mondo. Ex diplomatico statunitense, avvocato specializzato in immigrazione e fondatore di Argo Visa.<\/p>","protected":false},"excerpt":{"rendered":"","protected":false},"featured_media":58365,"template":"","conference-years":[64,63],"class_list":["post-60002","conference-speakers","type-conference-speakers","status-publish","has-post-thumbnail","hentry","conference-years-2022-conference-speakers","conference-years-2023-conference-speakers"],"acf":[],"_links":{"self":[{"href":"https:\/\/upstateinternational.org\/it\/wp-json\/wp\/v2\/conference-speakers\/60002","targetHints":{"allow":["GET"]}}],"collection":[{"href":"https:\/\/upstateinternational.org\/it\/wp-json\/wp\/v2\/conference-speakers"}],"about":[{"href":"https:\/\/upstateinternational.org\/it\/wp-json\/wp\/v2\/types\/conference-speakers"}],"version-history":[{"count":0,"href":"https:\/\/upstateinternational.org\/it\/wp-json\/wp\/v2\/conference-speakers\/60002\/revisions"}],"wp:featuredmedia":[{"embeddable":true,"href":"https:\/\/upstateinternational.org\/it\/wp-json\/wp\/v2\/media\/58365"}],"wp:attachment":[{"href":"https:\/\/upstateinternational.org\/it\/wp-json\/wp\/v2\/media?parent=60002"}],"wp:term":[{"taxonomy":"conference-years","embeddable":true,"href":"https:\/\/upstateinternational.org\/it\/wp-json\/wp\/v2\/conference-years?post=60002"}],"curies":[{"name":"parola chiave","href":"https:\/\/api.w.org\/{rel}","templated":true}]}}

<p> </p>



<p>Chris Richardson è un ex diplomatico statunitense, avvocato specializzato in immigrazione e co-fondatore di Argo Visa LLC, la prima società al mondo di consulenza tecnologica per l&#039;immigrazione tramite videoconferenza con ex funzionari consolari. È anche consulente generale e direttore operativo di BDV Solutions, LLC, una società di consulenza per l&#039;immigrazione con sede a Greenville.</p>



<p>Richardson ha prestato servizio in Nigeria, Nicaragua, Pakistan e Spagna come diplomatico statunitense. Per il suo servizio, Richardson ha vinto diversi premi, tra cui il Meritorious Honors Award e il Superior Honors Award. Si è dimesso dal Dipartimento di Stato nel 2018 e ha redatto una dichiarazione giurata contro il Muslim Ban, citata dal giudice della Corte Suprema Stephen Breyer nel caso Trump contro Hawaii. Ha prestato consulenza a membri del Congresso, sia democratici che repubblicani, e ai loro collaboratori alla Camera dei Rappresentanti e al Senato degli Stati Uniti su questioni di immigrazione, diversità e politica estera. Richardson è stato presidente della commissione per le politiche sull&#039;immigrazione di Pete Buttigieg e ha lavorato nella commissione per le politiche sull&#039;immigrazione della campagna elettorale di Biden del 2020. Richardson è apparso su Mother Jones, Slate Magazine, Reuters, NPR, Embedded, All Things Considered, SCOTUS Blog, BBC, Georgia Public Radio, Intercept e l&#039;Atlanta Journal Constitution. È stato inoltre intervistato dal New York Times, dalla CNN e dalla CBS. Richardson ha scritto diversi editoriali di opinione molto apprezzati per il Los Angeles Times, il Washington Post, il San Francisco Chronicle, Slate Magazine, il Chicago Sun-Times, The Hill e The Nation, riguardanti la politica sull&#039;immigrazione e la questione della diversità al Dipartimento di Stato. Il suo articolo per il New York Times sulla questione razziale al Dipartimento di Stato è stato citato dai candidati alla presidenza e dai membri del Congresso come la ragione per cui era necessario istituire un Ufficio per la Diversità e l&#039;Inclusione presso il Dipartimento di Stato.</p>



<p>Laureato presso la Duke University School of Law e con lode presso la Emory University nel 2003, è coautore dell&#039;Historical Dictionary of the Civil Rights Movement (2014) e ha tenuto lezioni sul movimento per i diritti civili americano presso università e college in tutto il mondo. Ex diplomatico statunitense, avvocato specializzato in immigrazione e fondatore di Argo Visa.</p>
