{"id":60008,"date":"2023-04-21T10:00:20","date_gmt":"2023-04-21T14:00:20","guid":{"rendered":"https:\/\/localhost:10096\/conference-speakers\/paul-berg\/"},"modified":"2023-04-21T10:00:20","modified_gmt":"2023-04-21T14:00:20","slug":"paul-berg","status":"publish","type":"conference-speakers","link":"https:\/\/upstateinternational.org\/it\/conference-speakers\/paul-berg\/","title":{"rendered":"Paolo Berg"},"content":{"rendered":"<p>Paul Berg, illustre membro del Servizio Esteri degli Stati Uniti dal 1983, ha ricoperto importanti incarichi in Vietnam, Italia, Messico, Colombia, Nuova Guinea, Belgio, Afghanistan e Washington DC. \u00c8 entusiasta di condividere le sue riflessioni in qualit\u00e0 di funzionario del Servizio Esteri appena andato in pensione.<\/p>\r\n\r\n\r\n\r\n<p>Paul Berg, membro del Servizio Esteri degli Stati Uniti dal 1983, ha prestato servizio all&#039;estero come Ministro Consigliere per gli Affari Politici presso l&#039;Ambasciata degli Stati Uniti a Roma; in precedenza, \u00e8 stato Rappresentante Civile Senior presso la Piattaforma Regionale Sud-Ovest a Camp Leatherneck, nella provincia di Helmand, in Afghanistan. \u00c8 stato promosso al Servizio Esteri Senior (SFS) nell&#039;autunno del 2011, dopo un periodo come Vice Capo Missione (DCM) dell&#039;Ambasciata degli Stati Uniti a Port Moresby, Papua Nuova Guinea, accreditata anche a Vanuatu e nelle Isole Salomone. Dal 2007 all&#039;aprile 2009, \u00e8 stato Vice Direttore dell&#039;Ufficio per le Politiche, la Pianificazione e il Coordinamento Regionale del Western Hemisphere Bureau. Dal 2003 al 2006, \u00e8 stato Funzionario Principale del Consolato Generale degli Stati Uniti a Medan, che ha poi riaperto. Durante i suoi tre anni l\u00ec, \u00e8 stato l&#039;uomo di punta del governo statunitense nell&#039;insurrezione di Aceh e ha supervisionato la risposta del governo statunitense allo tsunami di Aceh del dicembre 2004 e al terremoto di Nias del marzo 2005. Nel marzo 2007, il Segretario di Stato Condoleezza Rice gli ha conferito il Distinguished Honor Award per i suoi successi l\u00ec. Ha inoltre ricevuto quattro Superior Honor Award individuali.<\/p>\r\n\r\n\r\n\r\n<p>Prima di prestare servizio in Indonesia, il Sig. Berg \u00e8 stato Direttore del Piano Colombia presso l&#039;Ambasciata degli Stati Uniti a Bogot\u00e0, Colombia, dal 2001 al 2002. \u00c8 stato Vice Capo della Sezione Politica presso l&#039;Ambasciata degli Stati Uniti ad Hanoi, Vietnam, dal 1998 al 2001. In precedenza, ha supervisionato le forze dell&#039;ordine e gli affari politico-militari presso l&#039;Ambasciata degli Stati Uniti a Citt\u00e0 del Messico, dal 1994 al 1997. Ha prestato servizio anche a Roma, Bruxelles, Bombay e Washington, DC. Le lingue parlate dal Sig. Berg sono francese, italiano, arabo, spagnolo, vietnamita, indonesiano e pashtu.<\/p>\r\n\r\n\r\n\r\n<p>Il signor Berg si \u00e8 laureato nel 2007 presso il National War College di Fort McNair, Washington DC, con un Master in Studi Strategici. Ha conseguito una laurea in Giurisprudenza e una laurea triennale in Lettere presso l&#039;Universit\u00e0 del Wisconsin a Madison e un Master in Affari Internazionali presso la Columbia University di New York. Prima di entrare nel Servizio Esteri, \u00e8 stato Direttore Esecutivo ad interim dell&#039;International House di New York e, prima ancora, \u00e8 stato un politico locale nel Wisconsin.<\/p>","protected":false},"excerpt":{"rendered":"","protected":false},"featured_media":58403,"template":"","conference-years":[64],"class_list":["post-60008","conference-speakers","type-conference-speakers","status-publish","has-post-thumbnail","hentry","conference-years-2022-conference-speakers"],"acf":[],"_links":{"self":[{"href":"https:\/\/upstateinternational.org\/it\/wp-json\/wp\/v2\/conference-speakers\/60008","targetHints":{"allow":["GET"]}}],"collection":[{"href":"https:\/\/upstateinternational.org\/it\/wp-json\/wp\/v2\/conference-speakers"}],"about":[{"href":"https:\/\/upstateinternational.org\/it\/wp-json\/wp\/v2\/types\/conference-speakers"}],"version-history":[{"count":0,"href":"https:\/\/upstateinternational.org\/it\/wp-json\/wp\/v2\/conference-speakers\/60008\/revisions"}],"wp:featuredmedia":[{"embeddable":true,"href":"https:\/\/upstateinternational.org\/it\/wp-json\/wp\/v2\/media\/58403"}],"wp:attachment":[{"href":"https:\/\/upstateinternational.org\/it\/wp-json\/wp\/v2\/media?parent=60008"}],"wp:term":[{"taxonomy":"conference-years","embeddable":true,"href":"https:\/\/upstateinternational.org\/it\/wp-json\/wp\/v2\/conference-years?post=60008"}],"curies":[{"name":"parola chiave","href":"https:\/\/api.w.org\/{rel}","templated":true}]}}

<p>Paul Berg, illustre membro del Servizio Esteri degli Stati Uniti dal 1983, ha ricoperto importanti incarichi in Vietnam, Italia, Messico, Colombia, Nuova Guinea, Belgio, Afghanistan e Washington DC. È entusiasta di condividere le sue riflessioni in qualità di funzionario del Servizio Esteri appena andato in pensione.</p>



<p>Paul Berg, membro del Servizio Esteri degli Stati Uniti dal 1983, ha prestato servizio all&#039;estero come Ministro Consigliere per gli Affari Politici presso l&#039;Ambasciata degli Stati Uniti a Roma; in precedenza, è stato Rappresentante Civile Senior presso la Piattaforma Regionale Sud-Ovest a Camp Leatherneck, nella provincia di Helmand, in Afghanistan. È stato promosso al Servizio Esteri Senior (SFS) nell&#039;autunno del 2011, dopo un periodo come Vice Capo Missione (DCM) dell&#039;Ambasciata degli Stati Uniti a Port Moresby, Papua Nuova Guinea, accreditata anche a Vanuatu e nelle Isole Salomone. Dal 2007 all&#039;aprile 2009, è stato Vice Direttore dell&#039;Ufficio per le Politiche, la Pianificazione e il Coordinamento Regionale del Western Hemisphere Bureau. Dal 2003 al 2006, è stato Funzionario Principale del Consolato Generale degli Stati Uniti a Medan, che ha poi riaperto. Durante i suoi tre anni lì, è stato l&#039;uomo di punta del governo statunitense nell&#039;insurrezione di Aceh e ha supervisionato la risposta del governo statunitense allo tsunami di Aceh del dicembre 2004 e al terremoto di Nias del marzo 2005. Nel marzo 2007, il Segretario di Stato Condoleezza Rice gli ha conferito il Distinguished Honor Award per i suoi successi lì. Ha inoltre ricevuto quattro Superior Honor Award individuali.</p>



<p>Prima di prestare servizio in Indonesia, il Sig. Berg è stato Direttore del Piano Colombia presso l&#039;Ambasciata degli Stati Uniti a Bogotà, Colombia, dal 2001 al 2002. È stato Vice Capo della Sezione Politica presso l&#039;Ambasciata degli Stati Uniti ad Hanoi, Vietnam, dal 1998 al 2001. In precedenza, ha supervisionato le forze dell&#039;ordine e gli affari politico-militari presso l&#039;Ambasciata degli Stati Uniti a Città del Messico, dal 1994 al 1997. Ha prestato servizio anche a Roma, Bruxelles, Bombay e Washington, DC. Le lingue parlate dal Sig. Berg sono francese, italiano, arabo, spagnolo, vietnamita, indonesiano e pashtu.</p>



<p>Il signor Berg si è laureato nel 2007 presso il National War College di Fort McNair, Washington DC, con un Master in Studi Strategici. Ha conseguito una laurea in Giurisprudenza e una laurea triennale in Lettere presso l&#039;Università del Wisconsin a Madison e un Master in Affari Internazionali presso la Columbia University di New York. Prima di entrare nel Servizio Esteri, è stato Direttore Esecutivo ad interim dell&#039;International House di New York e, prima ancora, è stato un politico locale nel Wisconsin.</p>
