{"id":60016,"date":"2023-04-21T10:10:37","date_gmt":"2023-04-21T14:10:37","guid":{"rendered":"https:\/\/localhost:10096\/conference-speakers\/sean-adam\/"},"modified":"2023-04-21T10:10:37","modified_gmt":"2023-04-21T14:10:37","slug":"sean-adam","status":"publish","type":"conference-speakers","link":"https:\/\/upstateinternational.org\/it\/conference-speakers\/sean-adam\/","title":{"rendered":"Se\u00e1n Adam"},"content":{"rendered":"<p>Se\u00e1n Adam \u00e8 Vicepresidente per la Strategia di Mercato e l&#039;Innovazione di AFL. Se\u00e1n ha conseguito un master in Ingegneria Elettrica presso il Massachusetts Institute of Technology e vanta oltre 25 anni di esperienza nel settore dei semiconduttori e delle telecomunicazioni, con particolare attenzione alle soluzioni e alle architetture basate su sistemi. Se\u00e1n detiene oltre 15 brevetti tra sistemi e prodotti software e hardware. Oggi, Se\u00e1n si occupa di sviluppare e guidare la strategia di crescita complessiva di AFL nei mercati chiave.<\/p>","protected":false},"excerpt":{"rendered":"","protected":false},"featured_media":58417,"template":"","conference-years":[64],"class_list":["post-60016","conference-speakers","type-conference-speakers","status-publish","has-post-thumbnail","hentry","conference-years-2022-conference-speakers"],"acf":[],"_links":{"self":[{"href":"https:\/\/upstateinternational.org\/it\/wp-json\/wp\/v2\/conference-speakers\/60016","targetHints":{"allow":["GET"]}}],"collection":[{"href":"https:\/\/upstateinternational.org\/it\/wp-json\/wp\/v2\/conference-speakers"}],"about":[{"href":"https:\/\/upstateinternational.org\/it\/wp-json\/wp\/v2\/types\/conference-speakers"}],"version-history":[{"count":0,"href":"https:\/\/upstateinternational.org\/it\/wp-json\/wp\/v2\/conference-speakers\/60016\/revisions"}],"wp:featuredmedia":[{"embeddable":true,"href":"https:\/\/upstateinternational.org\/it\/wp-json\/wp\/v2\/media\/58417"}],"wp:attachment":[{"href":"https:\/\/upstateinternational.org\/it\/wp-json\/wp\/v2\/media?parent=60016"}],"wp:term":[{"taxonomy":"conference-years","embeddable":true,"href":"https:\/\/upstateinternational.org\/it\/wp-json\/wp\/v2\/conference-years?post=60016"}],"curies":[{"name":"parola chiave","href":"https:\/\/api.w.org\/{rel}","templated":true}]}}

Seán Adam

<p>Seán Adam è Vicepresidente per la Strategia di Mercato e l&#039;Innovazione di AFL. Seán ha conseguito un master in Ingegneria Elettrica presso il Massachusetts Institute of Technology e vanta oltre 25 anni di esperienza nel settore dei semiconduttori e delle telecomunicazioni, con particolare attenzione alle soluzioni e alle architetture basate su sistemi. Seán detiene oltre 15 brevetti tra sistemi e prodotti software e hardware. Oggi, Seán si occupa di sviluppare e guidare la strategia di crescita complessiva di AFL nei mercati chiave.</p>
