{"id":60043,"date":"2023-04-21T10:14:13","date_gmt":"2023-04-21T14:14:13","guid":{"rendered":"https:\/\/localhost:10096\/conference-speakers\/akan-malici\/"},"modified":"2023-04-21T10:14:13","modified_gmt":"2023-04-21T14:14:13","slug":"akan-malici","status":"publish","type":"conference-speakers","link":"https:\/\/upstateinternational.org\/it\/conference-speakers\/akan-malici\/","title":{"rendered":"Akan Malici"},"content":{"rendered":"<p>Akan Malici proviene da una famiglia turca e nord-macedone\/albanese. \u00c8 cresciuto in Germania e ha conseguito la laurea triennale in Letteratura e Scienze Politiche presso l&#039;Universit\u00e0 di Tubinga. \u00c8 arrivato negli Stati Uniti per la laurea specialistica nel 2000 e ha conseguito il dottorato di ricerca presso l&#039;Arizona State University nel 2004. Il Dott. Malici insegna alla Furman University dal 2005. I suoi interessi accademici riguardano la politica estera americana e la sicurezza internazionale, ed \u00e8 autore o coautore di diversi libri, tra cui &quot;\u201c<em>Quando i leader imparano e quando no: Mikhail Gorbachev e Kim Il Sung alla fine della Guerra Fredda,<\/em>\u201d \u201c<em>Presidenti degli Stati Uniti ed errori di politica estera<\/em>,&quot; E &quot;\u201d<em>Teoria dei ruoli e conflitto di ruolo nelle relazioni tra Stati Uniti e Iran: nemici che ci siamo creati<\/em>.\u201d<\/p>","protected":false},"excerpt":{"rendered":"","protected":false},"featured_media":60048,"template":"","conference-years":[64],"class_list":["post-60043","conference-speakers","type-conference-speakers","status-publish","has-post-thumbnail","hentry","conference-years-2022-conference-speakers"],"acf":[],"_links":{"self":[{"href":"https:\/\/upstateinternational.org\/it\/wp-json\/wp\/v2\/conference-speakers\/60043","targetHints":{"allow":["GET"]}}],"collection":[{"href":"https:\/\/upstateinternational.org\/it\/wp-json\/wp\/v2\/conference-speakers"}],"about":[{"href":"https:\/\/upstateinternational.org\/it\/wp-json\/wp\/v2\/types\/conference-speakers"}],"version-history":[{"count":0,"href":"https:\/\/upstateinternational.org\/it\/wp-json\/wp\/v2\/conference-speakers\/60043\/revisions"}],"wp:featuredmedia":[{"embeddable":true,"href":"https:\/\/upstateinternational.org\/it\/wp-json\/wp\/v2\/media\/60048"}],"wp:attachment":[{"href":"https:\/\/upstateinternational.org\/it\/wp-json\/wp\/v2\/media?parent=60043"}],"wp:term":[{"taxonomy":"conference-years","embeddable":true,"href":"https:\/\/upstateinternational.org\/it\/wp-json\/wp\/v2\/conference-years?post=60043"}],"curies":[{"name":"parola chiave","href":"https:\/\/api.w.org\/{rel}","templated":true}]}}

<p>Akan Malici proviene da una famiglia turca e nord-macedone/albanese. È cresciuto in Germania e ha conseguito la laurea triennale in Letteratura e Scienze Politiche presso l&#039;Università di Tubinga. È arrivato negli Stati Uniti per la laurea specialistica nel 2000 e ha conseguito il dottorato di ricerca presso l&#039;Arizona State University nel 2004. Il Dott. Malici insegna alla Furman University dal 2005. I suoi interessi accademici riguardano la politica estera americana e la sicurezza internazionale, ed è autore o coautore di diversi libri, tra cui &quot;“<em>Quando i leader imparano e quando no: Mikhail Gorbachev e Kim Il Sung alla fine della Guerra Fredda,</em>” “<em>Presidenti degli Stati Uniti ed errori di politica estera</em>,&quot; E &quot;”<em>Teoria dei ruoli e conflitto di ruolo nelle relazioni tra Stati Uniti e Iran: nemici che ci siamo creati</em>.”</p>
