{"id":60044,"date":"2023-04-21T10:15:02","date_gmt":"2023-04-21T14:15:02","guid":{"rendered":"https:\/\/localhost:10096\/conference-speakers\/samantha-spratt\/"},"modified":"2023-04-21T10:15:02","modified_gmt":"2023-04-21T14:15:02","slug":"samantha-spratt","status":"publish","type":"conference-speakers","link":"https:\/\/upstateinternational.org\/it\/conference-speakers\/samantha-spratt\/","title":{"rendered":"Samantha Spratt"},"content":{"rendered":"<p>Samantha Castro Spratt \u00e8 la direttrice esecutiva della Camera di commercio europeo-americana delle Caroline, un&#039;organizzazione che si occupa di promuovere il commercio bilaterale e gli investimenti tra le Caroline e l&#039;Europa.<br \/><br \/>\u00c8 anche avvocato abilitato all&#039;esercizio della professione forense in Brasile e Managing Principal di Global Assist Consulting, una societ\u00e0 di sviluppo commerciale internazionale focalizzata sull&#039;assistenza alle aziende nell&#039;espansione con successo nei mercati internazionali. Tra i suoi clienti figura il CCFI (Carolina Center for Foreign Investment), dove sfrutta la sua esperienza aziendale e legale per gestire le relazioni con gli investitori internazionali.<br \/><br \/>Samantha ha iniziato la sua carriera nel 1994 presso il Grupo Tecsat, un&#039;azienda di telecomunicazioni con sede a S\u00e3o Jos\u00e9 dos Campos, in Brasile, come membro del team legale interno. Nel 2000 si \u00e8 trasferita negli Stati Uniti per proseguire la sua carriera professionale e ha conseguito un MBA presso la Rockford University, nell&#039;Illinois. Da allora, ha lavorato in diverse questioni legate al business internazionale e ha assistito le aziende nelle negoziazioni contrattuali, nella conformit\u00e0 normativa, nella pianificazione strategica e nelle iniziative di sviluppo aziendale.<br \/><br \/>Prima di entrare in Global Assist Consulting, ha lavorato per otto anni nella divisione internazionale di Wahl Clipper Corporation, leader mondiale nel settore della toelettatura professionale e domestica. Ha ricoperto il ruolo di Wahl International Compliance Manager, aiutando l&#039;azienda ad aprire filiali in Brasile, Russia e India e a negoziare contratti con i distributori in tutto il mondo. Nel 2011 \u00e8 diventata Direttore Wahl per l&#039;America Latina, implementando strategie di successo in contesti multiculturali e multicanale e contribuendo alla crescita redditizia del business in America Latina.<br \/><br \/>Dopo aver vissuto di nuovo in Brasile per tre anni, nel 2015 si \u00e8 trasferita nella Carolina del Sud con la sua famiglia.<br \/><br \/>Oltre al suo lavoro presso EACC-Carolinas e Global Assist Consulting, \u00e8 una coach di meditazione e consapevolezza e fondatrice di Greenville Meditation, che aiuta le persone a trovare l&#039;equilibrio e a vivere meglio attraverso il potere della meditazione.<\/p>","protected":false},"excerpt":{"rendered":"","protected":false},"featured_media":58415,"template":"","conference-years":[64],"class_list":["post-60044","conference-speakers","type-conference-speakers","status-publish","has-post-thumbnail","hentry","conference-years-2022-conference-speakers"],"acf":[],"_links":{"self":[{"href":"https:\/\/upstateinternational.org\/it\/wp-json\/wp\/v2\/conference-speakers\/60044","targetHints":{"allow":["GET"]}}],"collection":[{"href":"https:\/\/upstateinternational.org\/it\/wp-json\/wp\/v2\/conference-speakers"}],"about":[{"href":"https:\/\/upstateinternational.org\/it\/wp-json\/wp\/v2\/types\/conference-speakers"}],"version-history":[{"count":0,"href":"https:\/\/upstateinternational.org\/it\/wp-json\/wp\/v2\/conference-speakers\/60044\/revisions"}],"wp:featuredmedia":[{"embeddable":true,"href":"https:\/\/upstateinternational.org\/it\/wp-json\/wp\/v2\/media\/58415"}],"wp:attachment":[{"href":"https:\/\/upstateinternational.org\/it\/wp-json\/wp\/v2\/media?parent=60044"}],"wp:term":[{"taxonomy":"conference-years","embeddable":true,"href":"https:\/\/upstateinternational.org\/it\/wp-json\/wp\/v2\/conference-years?post=60044"}],"curies":[{"name":"parola chiave","href":"https:\/\/api.w.org\/{rel}","templated":true}]}}

<p>Samantha Castro Spratt è la direttrice esecutiva della Camera di commercio europeo-americana delle Caroline, un&#039;organizzazione che si occupa di promuovere il commercio bilaterale e gli investimenti tra le Caroline e l&#039;Europa.<br /><br />È anche avvocato abilitato all&#039;esercizio della professione forense in Brasile e Managing Principal di Global Assist Consulting, una società di sviluppo commerciale internazionale focalizzata sull&#039;assistenza alle aziende nell&#039;espansione con successo nei mercati internazionali. Tra i suoi clienti figura il CCFI (Carolina Center for Foreign Investment), dove sfrutta la sua esperienza aziendale e legale per gestire le relazioni con gli investitori internazionali.<br /><br />Samantha ha iniziato la sua carriera nel 1994 presso il Grupo Tecsat, un&#039;azienda di telecomunicazioni con sede a São José dos Campos, in Brasile, come membro del team legale interno. Nel 2000 si è trasferita negli Stati Uniti per proseguire la sua carriera professionale e ha conseguito un MBA presso la Rockford University, nell&#039;Illinois. Da allora, ha lavorato in diverse questioni legate al business internazionale e ha assistito le aziende nelle negoziazioni contrattuali, nella conformità normativa, nella pianificazione strategica e nelle iniziative di sviluppo aziendale.<br /><br />Prima di entrare in Global Assist Consulting, ha lavorato per otto anni nella divisione internazionale di Wahl Clipper Corporation, leader mondiale nel settore della toelettatura professionale e domestica. Ha ricoperto il ruolo di Wahl International Compliance Manager, aiutando l&#039;azienda ad aprire filiali in Brasile, Russia e India e a negoziare contratti con i distributori in tutto il mondo. Nel 2011 è diventata Direttore Wahl per l&#039;America Latina, implementando strategie di successo in contesti multiculturali e multicanale e contribuendo alla crescita redditizia del business in America Latina.<br /><br />Dopo aver vissuto di nuovo in Brasile per tre anni, nel 2015 si è trasferita nella Carolina del Sud con la sua famiglia.<br /><br />Oltre al suo lavoro presso EACC-Carolinas e Global Assist Consulting, è una coach di meditazione e consapevolezza e fondatrice di Greenville Meditation, che aiuta le persone a trovare l&#039;equilibrio e a vivere meglio attraverso il potere della meditazione.</p>
