{"id":60057,"date":"2023-06-09T11:07:00","date_gmt":"2023-06-09T15:07:00","guid":{"rendered":"https:\/\/localhost:10096\/conference-speakers\/marie-yovanovitch\/"},"modified":"2023-08-22T22:35:04","modified_gmt":"2023-08-23T02:35:04","slug":"marie-yovanovitch","status":"publish","type":"conference-speakers","link":"https:\/\/upstateinternational.org\/pt\/conference-speakers\/marie-yovanovitch\/","title":{"rendered":"Maria Yovanovitch"},"content":{"rendered":"<p><span style=\"font-weight: 400;\">Marie Yovanovitch \u00e9 autora do best-seller autobiogr\u00e1fico &quot;Lessons from the Edge&quot; (Li\u00e7\u00f5es da Fronteira), pesquisadora n\u00e3o residente do Instituto de Estudos Diplom\u00e1ticos da Universidade de Georgetown e pesquisadora s\u00eanior da Funda\u00e7\u00e3o Carnegie para a Paz Internacional. Durante seus trinta e tr\u00eas anos de carreira diplom\u00e1tica, atuou como embaixadora dos EUA no Quirguist\u00e3o, na Arm\u00eania e na Ucr\u00e2nia. Trabalhou tamb\u00e9m na R\u00fassia, no Reino Unido, no Canad\u00e1 e na Som\u00e1lia, al\u00e9m de ter ocupado diversos cargos em Washington, incluindo o de Subsecret\u00e1ria Adjunta Principal para Assuntos Europeus e Eurasi\u00e1ticos, onde coordenou pol\u00edticas sobre quest\u00f5es de seguran\u00e7a europeia e global.<\/span><\/p>\n<p>\u00a0<\/p>","protected":false},"excerpt":{"rendered":"","protected":false},"featured_media":58444,"template":"","conference-years":[63],"class_list":["post-60057","conference-speakers","type-conference-speakers","status-publish","has-post-thumbnail","hentry","conference-years-2023-conference-speakers"],"acf":[],"_links":{"self":[{"href":"https:\/\/upstateinternational.org\/pt\/wp-json\/wp\/v2\/conference-speakers\/60057","targetHints":{"allow":["GET"]}}],"collection":[{"href":"https:\/\/upstateinternational.org\/pt\/wp-json\/wp\/v2\/conference-speakers"}],"about":[{"href":"https:\/\/upstateinternational.org\/pt\/wp-json\/wp\/v2\/types\/conference-speakers"}],"version-history":[{"count":0,"href":"https:\/\/upstateinternational.org\/pt\/wp-json\/wp\/v2\/conference-speakers\/60057\/revisions"}],"wp:featuredmedia":[{"embeddable":true,"href":"https:\/\/upstateinternational.org\/pt\/wp-json\/wp\/v2\/media\/58444"}],"wp:attachment":[{"href":"https:\/\/upstateinternational.org\/pt\/wp-json\/wp\/v2\/media?parent=60057"}],"wp:term":[{"taxonomy":"conference-years","embeddable":true,"href":"https:\/\/upstateinternational.org\/pt\/wp-json\/wp\/v2\/conference-years?post=60057"}],"curies":[{"name":"wp","href":"https:\/\/api.w.org\/{rel}","templated":true}]}}

<p><span style="font-weight: 400;">Marie Yovanovitch é autora do best-seller autobiográfico &quot;Lessons from the Edge&quot; (Lições da Fronteira), pesquisadora não residente do Instituto de Estudos Diplomáticos da Universidade de Georgetown e pesquisadora sênior da Fundação Carnegie para a Paz Internacional. Durante seus trinta e três anos de carreira diplomática, atuou como embaixadora dos EUA no Quirguistão, na Armênia e na Ucrânia. Trabalhou também na Rússia, no Reino Unido, no Canadá e na Somália, além de ter ocupado diversos cargos em Washington, incluindo o de Subsecretária Adjunta Principal para Assuntos Europeus e Eurasiáticos, onde coordenou políticas sobre questões de segurança europeia e global.</span></p>
<p> </p>
