{"id":60063,"date":"2023-06-22T15:05:00","date_gmt":"2023-06-22T19:05:00","guid":{"rendered":"https:\/\/localhost:10096\/conference-speakers\/john-morrow\/"},"modified":"2023-08-22T22:35:05","modified_gmt":"2023-08-23T02:35:05","slug":"john-morrow","status":"publish","type":"conference-speakers","link":"https:\/\/upstateinternational.org\/pt\/conference-speakers\/john-morrow\/","title":{"rendered":"Jo\u00e3o Morrow"},"content":{"rendered":"<p>Executivo s\u00eanior com mais de 28 anos de experi\u00eancia progressiva em Cadeia de Suprimentos Global, Desenvolvimento de Neg\u00f3cios Estrat\u00e9gicos e Transporte na Am\u00e9rica do Norte. Sou reconhecido consistentemente como um l\u00edder vision\u00e1rio multifacetado com expertise internacional e desenvolvimento de mercados multinacionais. A constru\u00e7\u00e3o de fortes relacionamentos comerciais e interpessoais, o desenvolvimento de estrat\u00e9gias globais bem-sucedidas e a cria\u00e7\u00e3o de solu\u00e7\u00f5es criativas para a cadeia de suprimentos contribu\u00edram para me tornar o l\u00edder comprometido e confi\u00e1vel que sou hoje.<\/p>\n<p>Sou bacharel em Hist\u00f3ria pela Universidade Estadual de Ohio. Desde 1994, ocupei importantes cargos de lideran\u00e7a na Maersk, Schneider, The World Group e Pegasus Logistics.<\/p>\n<p>Morei em Nova Jersey, Virg\u00ednia e me mudei para Greenville, Carolina do Sul, em 2019 com minha esposa Karen. Minha fam\u00edlia se completa com minha filha Erin (28), compradora da Beall&#039;s em St. Petersburg, Fl\u00f3rida, e meu filho Sean (25), diretor de sustentabilidade da Universidade Mary Washington em Fredericksburg, Virg\u00ednia.<\/p>","protected":false},"excerpt":{"rendered":"","protected":false},"featured_media":60080,"template":"","conference-years":[63],"class_list":["post-60063","conference-speakers","type-conference-speakers","status-publish","has-post-thumbnail","hentry","conference-years-2023-conference-speakers"],"acf":[],"_links":{"self":[{"href":"https:\/\/upstateinternational.org\/pt\/wp-json\/wp\/v2\/conference-speakers\/60063","targetHints":{"allow":["GET"]}}],"collection":[{"href":"https:\/\/upstateinternational.org\/pt\/wp-json\/wp\/v2\/conference-speakers"}],"about":[{"href":"https:\/\/upstateinternational.org\/pt\/wp-json\/wp\/v2\/types\/conference-speakers"}],"version-history":[{"count":0,"href":"https:\/\/upstateinternational.org\/pt\/wp-json\/wp\/v2\/conference-speakers\/60063\/revisions"}],"wp:featuredmedia":[{"embeddable":true,"href":"https:\/\/upstateinternational.org\/pt\/wp-json\/wp\/v2\/media\/60080"}],"wp:attachment":[{"href":"https:\/\/upstateinternational.org\/pt\/wp-json\/wp\/v2\/media?parent=60063"}],"wp:term":[{"taxonomy":"conference-years","embeddable":true,"href":"https:\/\/upstateinternational.org\/pt\/wp-json\/wp\/v2\/conference-years?post=60063"}],"curies":[{"name":"wp","href":"https:\/\/api.w.org\/{rel}","templated":true}]}}

João Morrow

<p>Executivo sênior com mais de 28 anos de experiência progressiva em Cadeia de Suprimentos Global, Desenvolvimento de Negócios Estratégicos e Transporte na América do Norte. Sou reconhecido consistentemente como um líder visionário multifacetado com expertise internacional e desenvolvimento de mercados multinacionais. A construção de fortes relacionamentos comerciais e interpessoais, o desenvolvimento de estratégias globais bem-sucedidas e a criação de soluções criativas para a cadeia de suprimentos contribuíram para me tornar o líder comprometido e confiável que sou hoje.</p>
<p>Sou bacharel em História pela Universidade Estadual de Ohio. Desde 1994, ocupei importantes cargos de liderança na Maersk, Schneider, The World Group e Pegasus Logistics.</p>
<p>Morei em Nova Jersey, Virgínia e me mudei para Greenville, Carolina do Sul, em 2019 com minha esposa Karen. Minha família se completa com minha filha Erin (28), compradora da Beall&#039;s em St. Petersburg, Flórida, e meu filho Sean (25), diretor de sustentabilidade da Universidade Mary Washington em Fredericksburg, Virgínia.</p>
