{"id":60068,"date":"2023-06-23T13:58:00","date_gmt":"2023-06-23T17:58:00","guid":{"rendered":"https:\/\/localhost:10096\/conference-speakers\/rachel-vanderhill\/"},"modified":"2023-08-22T22:35:06","modified_gmt":"2023-08-23T02:35:06","slug":"rachel-vanderhill","status":"publish","type":"conference-speakers","link":"https:\/\/upstateinternational.org\/pt\/conference-speakers\/rachel-vanderhill\/","title":{"rendered":"Rachel Vanderhill"},"content":{"rendered":"<p>A Dra. Rachel Vanderhill \u00e9 professora associada de Rela\u00e7\u00f5es Internacionais e chefe do Departamento de Governo e Rela\u00e7\u00f5es Internacionais do Wofford College. De 2021 a 2022, foi bolsista do Conselho de Rela\u00e7\u00f5es Exteriores (Council on Foreign Relations) na \u00e1rea de Rela\u00e7\u00f5es Internacionais para Professores Titulares e Assessora S\u00eanior em autoritarismo no Centro para Democracia, Direitos Humanos e Governan\u00e7a (DRG Center) da Ag\u00eancia dos Estados Unidos para o Desenvolvimento Internacional (USAID). Sua pesquisa atual concentra-se em repress\u00e3o digital e democracia digital, pol\u00edtica de sucess\u00e3o autorit\u00e1ria, poder brando autorit\u00e1rio e a pol\u00edtica, economia e pol\u00edtica externa da \u00c1sia Central. As publica\u00e7\u00f5es da Dra. Vanderhill incluem... <em>Autocracia e Resist\u00eancia na Era da Internet<\/em>, <em>Promovendo o autoritarismo no exterior, <\/em>e com Sandra F. Joireman e Roza Tulepbayeva, \u201cEntre o Urso e o Drag\u00e3o: Multivectorismo no Cazaquist\u00e3o como Estrat\u00e9gia Modelo para Pot\u00eancias Secund\u00e1rias\u201d, em <em>Rela\u00e7\u00f5es Internacionais<\/em>. Ela obteve seu bacharelado em ci\u00eancia pol\u00edtica e hist\u00f3ria pelo Calvin College e seu mestrado e doutorado em rela\u00e7\u00f5es internacionais pela Universidade da Virg\u00ednia.<\/p>","protected":false},"excerpt":{"rendered":"","protected":false},"featured_media":60085,"template":"","conference-years":[63],"class_list":["post-60068","conference-speakers","type-conference-speakers","status-publish","has-post-thumbnail","hentry","conference-years-2023-conference-speakers"],"acf":[],"_links":{"self":[{"href":"https:\/\/upstateinternational.org\/pt\/wp-json\/wp\/v2\/conference-speakers\/60068","targetHints":{"allow":["GET"]}}],"collection":[{"href":"https:\/\/upstateinternational.org\/pt\/wp-json\/wp\/v2\/conference-speakers"}],"about":[{"href":"https:\/\/upstateinternational.org\/pt\/wp-json\/wp\/v2\/types\/conference-speakers"}],"version-history":[{"count":0,"href":"https:\/\/upstateinternational.org\/pt\/wp-json\/wp\/v2\/conference-speakers\/60068\/revisions"}],"wp:featuredmedia":[{"embeddable":true,"href":"https:\/\/upstateinternational.org\/pt\/wp-json\/wp\/v2\/media\/60085"}],"wp:attachment":[{"href":"https:\/\/upstateinternational.org\/pt\/wp-json\/wp\/v2\/media?parent=60068"}],"wp:term":[{"taxonomy":"conference-years","embeddable":true,"href":"https:\/\/upstateinternational.org\/pt\/wp-json\/wp\/v2\/conference-years?post=60068"}],"curies":[{"name":"wp","href":"https:\/\/api.w.org\/{rel}","templated":true}]}}

<p>A Dra. Rachel Vanderhill é professora associada de Relações Internacionais e chefe do Departamento de Governo e Relações Internacionais do Wofford College. De 2021 a 2022, foi bolsista do Conselho de Relações Exteriores (Council on Foreign Relations) na área de Relações Internacionais para Professores Titulares e Assessora Sênior em autoritarismo no Centro para Democracia, Direitos Humanos e Governança (DRG Center) da Agência dos Estados Unidos para o Desenvolvimento Internacional (USAID). Sua pesquisa atual concentra-se em repressão digital e democracia digital, política de sucessão autoritária, poder brando autoritário e a política, economia e política externa da Ásia Central. As publicações da Dra. Vanderhill incluem... <em>Autocracia e Resistência na Era da Internet</em>, <em>Promovendo o autoritarismo no exterior, </em>e com Sandra F. Joireman e Roza Tulepbayeva, “Entre o Urso e o Dragão: Multivectorismo no Cazaquistão como Estratégia Modelo para Potências Secundárias”, em <em>Relações Internacionais</em>. Ela obteve seu bacharelado em ciência política e história pelo Calvin College e seu mestrado e doutorado em relações internacionais pela Universidade da Virgínia.</p>
