{"id":60069,"date":"2023-06-27T13:33:00","date_gmt":"2023-06-27T17:33:00","guid":{"rendered":"https:\/\/localhost:10096\/conference-speakers\/brian-shea\/"},"modified":"2023-10-20T05:24:31","modified_gmt":"2023-10-20T09:24:31","slug":"brian-shea","status":"publish","type":"conference-speakers","link":"https:\/\/upstateinternational.org\/pt\/conference-speakers\/brian-shea\/","title":{"rendered":"Brian Shea"},"content":{"rendered":"<p>Brian Shea \u00e9 s\u00f3cio e cofundador da Simon Everett, Ltd., onde lidera projetos de pesquisa e an\u00e1lise e presta servi\u00e7os de consultoria estrat\u00e9gica para ag\u00eancias governamentais, l\u00edderes estaduais e locais e empresas de diversos setores. Atualmente, ele lidera uma iniciativa estadual em nome do Gabinete do Governador e do Departamento de Com\u00e9rcio para promover o ecossistema de ciberseguran\u00e7a da Carolina do Sul, tendo anteriormente liderado um estudo para inventariar e avaliar o cen\u00e1rio cibern\u00e9tico e a competitividade do estado.<\/p>\n\n\n\n<p>Brian dedicou quase duas d\u00e9cadas ao apoio anal\u00edtico e de planejamento estrat\u00e9gico de uma ampla gama de organiza\u00e7\u00f5es, abordando temas como gest\u00e3o organizacional para a Associa\u00e7\u00e3o Nacional de Procuradores-Gerais; treinamento em estudos de \u00e1reas estrangeiras para o Departamento de Estado dos EUA; gest\u00e3o de riscos para o Gabinete do Diretor de Intelig\u00eancia Nacional; e perspectivas tecnol\u00f3gicas futuras para o Laborat\u00f3rio de Pesquisa da For\u00e7a A\u00e9rea. Antes de sua carreira como consultor, Brian serviu na For\u00e7a A\u00e9rea por 12 anos como analista de intelig\u00eancia criptol\u00f3gica em l\u00edngua \u00e1rabe e instrutor de idiomas militares, incluindo seis anos designado para a Ag\u00eancia de Seguran\u00e7a Nacional.<\/p>","protected":false},"excerpt":{"rendered":"","protected":false},"featured_media":60086,"template":"","conference-years":[63],"class_list":["post-60069","conference-speakers","type-conference-speakers","status-publish","has-post-thumbnail","hentry","conference-years-2023-conference-speakers"],"acf":[],"_links":{"self":[{"href":"https:\/\/upstateinternational.org\/pt\/wp-json\/wp\/v2\/conference-speakers\/60069","targetHints":{"allow":["GET"]}}],"collection":[{"href":"https:\/\/upstateinternational.org\/pt\/wp-json\/wp\/v2\/conference-speakers"}],"about":[{"href":"https:\/\/upstateinternational.org\/pt\/wp-json\/wp\/v2\/types\/conference-speakers"}],"version-history":[{"count":0,"href":"https:\/\/upstateinternational.org\/pt\/wp-json\/wp\/v2\/conference-speakers\/60069\/revisions"}],"wp:featuredmedia":[{"embeddable":true,"href":"https:\/\/upstateinternational.org\/pt\/wp-json\/wp\/v2\/media\/60086"}],"wp:attachment":[{"href":"https:\/\/upstateinternational.org\/pt\/wp-json\/wp\/v2\/media?parent=60069"}],"wp:term":[{"taxonomy":"conference-years","embeddable":true,"href":"https:\/\/upstateinternational.org\/pt\/wp-json\/wp\/v2\/conference-years?post=60069"}],"curies":[{"name":"wp","href":"https:\/\/api.w.org\/{rel}","templated":true}]}}

<p>Brian Shea é sócio e cofundador da Simon Everett, Ltd., onde lidera projetos de pesquisa e análise e presta serviços de consultoria estratégica para agências governamentais, líderes estaduais e locais e empresas de diversos setores. Atualmente, ele lidera uma iniciativa estadual em nome do Gabinete do Governador e do Departamento de Comércio para promover o ecossistema de cibersegurança da Carolina do Sul, tendo anteriormente liderado um estudo para inventariar e avaliar o cenário cibernético e a competitividade do estado.</p>



<p>Brian dedicou quase duas décadas ao apoio analítico e de planejamento estratégico de uma ampla gama de organizações, abordando temas como gestão organizacional para a Associação Nacional de Procuradores-Gerais; treinamento em estudos de áreas estrangeiras para o Departamento de Estado dos EUA; gestão de riscos para o Gabinete do Diretor de Inteligência Nacional; e perspectivas tecnológicas futuras para o Laboratório de Pesquisa da Força Aérea. Antes de sua carreira como consultor, Brian serviu na Força Aérea por 12 anos como analista de inteligência criptológica em língua árabe e instrutor de idiomas militares, incluindo seis anos designado para a Agência de Segurança Nacional.</p>
