{"id":62250,"date":"2023-10-01T14:08:00","date_gmt":"2023-10-01T18:08:00","guid":{"rendered":"https:\/\/localhost:10096\/conference-speakers\/david-olave\/"},"modified":"2023-10-20T05:51:12","modified_gmt":"2023-10-20T09:51:12","slug":"david-olave","status":"publish","type":"conference-speakers","link":"https:\/\/upstateinternational.org\/pt\/conference-speakers\/david-olave\/","title":{"rendered":"David Olave"},"content":{"rendered":"<p style=\"font-weight: 400;\">David Olave \u00e9 Associado e Consultor de Pol\u00edtica Comercial da Sandler, Travis &amp; Rosenberg, PA. Ele utiliza uma combina\u00e7\u00e3o \u00fanica de experi\u00eancia em direito aduaneiro, negocia\u00e7\u00f5es comerciais, procedimentos legislativos, lobby e engajamento com a sociedade civil para assessorar clientes em quest\u00f5es jur\u00eddicas, no impacto da legisla\u00e7\u00e3o relacionada ao com\u00e9rcio e para trabalhar com o governo dos EUA a fim de atender \u00e0s necessidades dos clientes. Suas \u00e1reas de especializa\u00e7\u00e3o incluem negocia\u00e7\u00f5es de acordos de livre com\u00e9rcio, programas de prefer\u00eancias, normas internacionais de trabalho e responsabilidade social corporativa, transpar\u00eancia da cadeia de suprimentos e desenvolvimento de estrat\u00e9gias eficazes de rela\u00e7\u00f5es governamentais e comunica\u00e7\u00e3o para os clientes da firma. Ele representou os interesses de clientes perante as Comiss\u00f5es de Or\u00e7amento e Finan\u00e7as da C\u00e2mara dos Representantes, de Finan\u00e7as do Senado, de Rela\u00e7\u00f5es Exteriores da C\u00e2mara e de Rela\u00e7\u00f5es Exteriores do Senado, bem como perante diferentes ag\u00eancias federais, incluindo a Alf\u00e2ndega e Prote\u00e7\u00e3o de Fronteiras dos EUA, o Departamento de Seguran\u00e7a Interna, o Representante Comercial dos EUA, o Departamento do Trabalho, o Departamento do Com\u00e9rcio, o Departamento de Estado e a Comiss\u00e3o de Com\u00e9rcio Internacional.<\/p>\n<p style=\"font-weight: 400;\">O Sr. Olave \u00e9 formado em Direito pela Faculdade de Direito Columbus da Universidade Cat\u00f3lica da Am\u00e9rica, possui mestrado em pol\u00edtica de com\u00e9rcio internacional pela Universidade George Mason e bacharelado em pol\u00edtica internacional e neg\u00f3cios pela Universidade Brigham Young. Ele \u00e9 fluente em espanhol e portugu\u00eas.<\/p>","protected":false},"excerpt":{"rendered":"","protected":false},"featured_media":62271,"template":"","conference-years":[63],"class_list":["post-62250","conference-speakers","type-conference-speakers","status-publish","has-post-thumbnail","hentry","conference-years-2023-conference-speakers"],"acf":[],"_links":{"self":[{"href":"https:\/\/upstateinternational.org\/pt\/wp-json\/wp\/v2\/conference-speakers\/62250","targetHints":{"allow":["GET"]}}],"collection":[{"href":"https:\/\/upstateinternational.org\/pt\/wp-json\/wp\/v2\/conference-speakers"}],"about":[{"href":"https:\/\/upstateinternational.org\/pt\/wp-json\/wp\/v2\/types\/conference-speakers"}],"version-history":[{"count":0,"href":"https:\/\/upstateinternational.org\/pt\/wp-json\/wp\/v2\/conference-speakers\/62250\/revisions"}],"wp:featuredmedia":[{"embeddable":true,"href":"https:\/\/upstateinternational.org\/pt\/wp-json\/wp\/v2\/media\/62271"}],"wp:attachment":[{"href":"https:\/\/upstateinternational.org\/pt\/wp-json\/wp\/v2\/media?parent=62250"}],"wp:term":[{"taxonomy":"conference-years","embeddable":true,"href":"https:\/\/upstateinternational.org\/pt\/wp-json\/wp\/v2\/conference-years?post=62250"}],"curies":[{"name":"wp","href":"https:\/\/api.w.org\/{rel}","templated":true}]}}

<p style="font-weight: 400;">David Olave é Associado e Consultor de Política Comercial da Sandler, Travis &amp; Rosenberg, PA. Ele utiliza uma combinação única de experiência em direito aduaneiro, negociações comerciais, procedimentos legislativos, lobby e engajamento com a sociedade civil para assessorar clientes em questões jurídicas, no impacto da legislação relacionada ao comércio e para trabalhar com o governo dos EUA a fim de atender às necessidades dos clientes. Suas áreas de especialização incluem negociações de acordos de livre comércio, programas de preferências, normas internacionais de trabalho e responsabilidade social corporativa, transparência da cadeia de suprimentos e desenvolvimento de estratégias eficazes de relações governamentais e comunicação para os clientes da firma. Ele representou os interesses de clientes perante as Comissões de Orçamento e Finanças da Câmara dos Representantes, de Finanças do Senado, de Relações Exteriores da Câmara e de Relações Exteriores do Senado, bem como perante diferentes agências federais, incluindo a Alfândega e Proteção de Fronteiras dos EUA, o Departamento de Segurança Interna, o Representante Comercial dos EUA, o Departamento do Trabalho, o Departamento do Comércio, o Departamento de Estado e a Comissão de Comércio Internacional.</p>
<p style="font-weight: 400;">O Sr. Olave é formado em Direito pela Faculdade de Direito Columbus da Universidade Católica da América, possui mestrado em política de comércio internacional pela Universidade George Mason e bacharelado em política internacional e negócios pela Universidade Brigham Young. Ele é fluente em espanhol e português.</p>
