{"id":89538,"date":"2025-04-03T11:33:48","date_gmt":"2025-04-03T15:33:48","guid":{"rendered":"https:\/\/ui-hybrid.local\/ui-events\/summer-camp-for-esl-students\/"},"modified":"2025-04-03T11:33:48","modified_gmt":"2025-04-03T15:33:48","slug":"summer-camp-for-esl-students","status":"publish","type":"ui-events","link":"https:\/\/upstateinternational.org\/pt\/ui-events\/summer-camp-for-esl-students\/","title":{"rendered":"Acampamento de ver\u00e3o para estudantes de ingl\u00eas como segunda l\u00edngua."},"content":{"rendered":"<p><strong>Projeto de Alfabetiza\u00e7\u00e3o Carlina<\/strong><\/p>\n\n\n\n<p>J\u00e1 iniciamos as inscri\u00e7\u00f5es para o acampamento de ver\u00e3o de 2025!<\/p>\n\n\n\n<h4 class=\"wp-block-heading\">Detalhes do acampamento de ver\u00e3o:<\/h4>\n\n\n\n<p>Localiza\u00e7\u00e3o: Greenville, Carolina do Sul<\/p>\n\n\n\n<p>**<strong>Dura\u00e7\u00e3o: 2 a 20 de junho e 7 a 25 de julho<\/strong><\/p>\n\n\n\n<ul class=\"wp-block-list\">\n<li>Para alunos de 7 a 12 anos matriculados em um programa de Ingl\u00eas como Segunda L\u00edngua (ESL) em sua escola.<\/li>\n\n\n\n<li>De segunda a sexta-feira: das 8h30 \u00e0s 15h30.<\/li>\n\n\n\n<li>Foco acad\u00eamico em alfabetiza\u00e7\u00e3o em ingl\u00eas de segunda a quinta-feira, com projetos e atividades recreativas inclu\u00eddas.\u00a0<\/li>\n\n\n\n<li>Sextas-feiras divertidas com atividades recreativas, projetos e palestrantes convidados.<\/li>\n\n\n\n<li><strong>Apadrinhe uma crian\u00e7a: $40 por semana ou $240 por 6 semanas.<\/strong><\/li>\n\n\n\n<li>Bolsas de estudo parciais est\u00e3o dispon\u00edveis mediante inscri\u00e7\u00e3o no acampamento.<\/li>\n\n\n\n<li>Para se inscrever no acampamento ou solicitar formul\u00e1rios de bolsas de estudo, envie um e-mail para: \u00a0<a href=\"mailto:tracy@carolinaliteracyproject.org\" target=\"_blank\" rel=\"noreferrer noopener\">tracy@carolinaliteracyproject.org<\/a><\/li>\n<\/ul>\n\n\n\n<p><\/p>\n\n\n\n<p>Saiba mais sobre <a href=\"https:\/\/carolinaliteracyproject.org\/camp-info-1\" data-type=\"link\" data-id=\"https:\/\/carolinaliteracyproject.org\/camp-info-1\">Projeto de Alfabetiza\u00e7\u00e3o da Carolina<\/a>!<\/p>\n\n\n\n<p><\/p>","protected":false},"excerpt":{"rendered":"","protected":false},"featured_media":83667,"template":"","ui-event-category":[21],"class_list":["post-89538","ui-events","type-ui-events","status-publish","has-post-thumbnail","hentry","ui-event-category-open-to-public"],"acf":[],"event_meta":{"start_datetime":"1748853000","start_datetime_formatted":"2025-06-02T08:30:00+00:00","end_datetime":"1748878200","end_datetime_formatted":"2025-06-02T15:30:00+00:00","location_name":"Greenville","location_address":"","price":"$40 a week","cost":"","external_registration_link":"https:\/\/carolinaliteracyproject.org\/camp-info-1","internal_registration_product":0,"link":"","featured":false},"_links":{"self":[{"href":"https:\/\/upstateinternational.org\/pt\/wp-json\/wp\/v2\/ui-events\/89538","targetHints":{"allow":["GET"]}}],"collection":[{"href":"https:\/\/upstateinternational.org\/pt\/wp-json\/wp\/v2\/ui-events"}],"about":[{"href":"https:\/\/upstateinternational.org\/pt\/wp-json\/wp\/v2\/types\/ui-events"}],"version-history":[{"count":0,"href":"https:\/\/upstateinternational.org\/pt\/wp-json\/wp\/v2\/ui-events\/89538\/revisions"}],"wp:featuredmedia":[{"embeddable":true,"href":"https:\/\/upstateinternational.org\/pt\/wp-json\/wp\/v2\/media\/83667"}],"wp:attachment":[{"href":"https:\/\/upstateinternational.org\/pt\/wp-json\/wp\/v2\/media?parent=89538"}],"wp:term":[{"taxonomy":"ui-event-category","embeddable":true,"href":"https:\/\/upstateinternational.org\/pt\/wp-json\/wp\/v2\/ui-event-category?post=89538"}],"curies":[{"name":"wp","href":"https:\/\/api.w.org\/{rel}","templated":true}]}}

Acampamento de verão para estudantes de inglês como segunda língua.

<p><strong>Projeto de Alfabetização Carlina</strong></p>



<p>Já iniciamos as inscrições para o acampamento de verão de 2025!</p>



<h4 class="wp-block-heading">Detalhes do acampamento de verão:</h4>



<p>Localização: Greenville, Carolina do Sul</p>



<p>**<strong>Duração: 2 a 20 de junho e 7 a 25 de julho</strong></p>



<ul class="wp-block-list">
<li>Para alunos de 7 a 12 anos matriculados em um programa de Inglês como Segunda Língua (ESL) em sua escola.</li>



<li>De segunda a sexta-feira: das 8h30 às 15h30.</li>



<li>Foco acadêmico em alfabetização em inglês de segunda a quinta-feira, com projetos e atividades recreativas incluídas. </li>



<li>Sextas-feiras divertidas com atividades recreativas, projetos e palestrantes convidados.</li>



<li><strong>Apadrinhe uma criança: $40 por semana ou $240 por 6 semanas.</strong></li>



<li>Bolsas de estudo parciais estão disponíveis mediante inscrição no acampamento.</li>



<li>Para se inscrever no acampamento ou solicitar formulários de bolsas de estudo, envie um e-mail para:  <a href="mailto:tracy@carolinaliteracyproject.org" target="_blank" rel="noreferrer noopener">tracy@carolinaliteracyproject.org</a></li>
</ul>



<p></p>



<p>Saiba mais sobre <a href="https://carolinaliteracyproject.org/camp-info-1" data-type="link" data-id="https://carolinaliteracyproject.org/camp-info-1">Projeto de Alfabetização da Carolina</a>!</p>



<p></p>
