{"id":89578,"date":"2025-07-19T13:40:17","date_gmt":"2025-07-19T17:40:17","guid":{"rendered":"https:\/\/ui-hybrid.local\/ui-events\/international-fracophonie-day\/"},"modified":"2025-07-19T13:40:17","modified_gmt":"2025-07-19T17:40:17","slug":"international-fracophonie-day","status":"publish","type":"ui-events","link":"https:\/\/upstateinternational.org\/pt\/ui-events\/international-fracophonie-day\/","title":{"rendered":"Dia Internacional da Fracofonia"},"content":{"rendered":"<p>A data de 20 de mar\u00e7o foi escolhida para celebrar o anivers\u00e1rio da Ag\u00eancia de Coopera\u00e7\u00e3o Cultural e T\u00e9cnica (ACCT), fundada em 20 de mar\u00e7o de 1970 em Niamey, N\u00edger. Essa ag\u00eancia representa o primeiro passo rumo \u00e0 coopera\u00e7\u00e3o franc\u00f3fona, que um pouco mais tarde se tornaria a Organiza\u00e7\u00e3o Internacional da Francofonia.<\/p>\n\n\n\n<p>A l\u00edngua francesa sempre ocupou um lugar importante entre os idiomas. Primeiro, s\u00edmbolo de cultura e criatividade, depois vetor da democracia e do humanismo, valores que a UNESCO busca promover. A UNESCO ama, fala e promove o franc\u00eas \u2013 uma de suas seis l\u00ednguas oficiais e uma de suas duas l\u00ednguas de trabalho. Mas, de forma mais ampla, ao celebrar a Francofonia, a UNESCO celebra a diversidade cultural e lingu\u00edstica que comp\u00f5e o mundo.<\/p>\n\n\n\n<p>Celebrar a Francofonia \u00e9 reconhecer o potencial da l\u00edngua e da cultura para unir pessoas, criar espa\u00e7os de solidariedade e compreens\u00e3o m\u00fatua e refletir juntos sobre o nosso futuro comum. A Organiza\u00e7\u00e3o das Na\u00e7\u00f5es Unidas para a Educa\u00e7\u00e3o, a Ci\u00eancia e a Cultura (UNESCO) e a Organiza\u00e7\u00e3o Internacional da Francofonia (OIF) partilham esta vis\u00e3o comum que coloca a cultura e a l\u00edngua no centro de qualquer esfor\u00e7o duradouro pela paz e pelo desenvolvimento.<\/p>\n\n\n\n<p>Mais informa\u00e7\u00f5es:<\/p>\n\n\n\n<p>UNESCO: <a href=\"https:\/\/www.unesco.org\/en\/days\/francophonie\">https:\/\/www.unesco.org\/en\/days\/francophonie<\/a><\/p>\n\n\n\n<p>A Organiza\u00e7\u00e3o Internacional da Francofonia (OIF): <a href=\"https:\/\/www.francophonie.org\/\">https:\/\/www.francophonie.org\/<\/a><\/p>\n\n\n\n<p><\/p>","protected":false},"excerpt":{"rendered":"","protected":false},"featured_media":86505,"template":"","ui-event-category":[21,149],"class_list":["post-89578","ui-events","type-ui-events","status-publish","has-post-thumbnail","hentry","ui-event-category-open-to-public","ui-event-category-other"],"acf":[],"event_meta":{"start_datetime":"1773964800","start_datetime_formatted":"2026-03-20T00:00:00+00:00","end_datetime":"1773964800","end_datetime_formatted":"2026-03-20T00:00:00+00:00","location_name":"Worldwide","location_address":"","price":"Free","cost":"","external_registration_link":"","internal_registration_product":0,"link":"","featured":false},"_links":{"self":[{"href":"https:\/\/upstateinternational.org\/pt\/wp-json\/wp\/v2\/ui-events\/89578","targetHints":{"allow":["GET"]}}],"collection":[{"href":"https:\/\/upstateinternational.org\/pt\/wp-json\/wp\/v2\/ui-events"}],"about":[{"href":"https:\/\/upstateinternational.org\/pt\/wp-json\/wp\/v2\/types\/ui-events"}],"version-history":[{"count":0,"href":"https:\/\/upstateinternational.org\/pt\/wp-json\/wp\/v2\/ui-events\/89578\/revisions"}],"wp:featuredmedia":[{"embeddable":true,"href":"https:\/\/upstateinternational.org\/pt\/wp-json\/wp\/v2\/media\/86505"}],"wp:attachment":[{"href":"https:\/\/upstateinternational.org\/pt\/wp-json\/wp\/v2\/media?parent=89578"}],"wp:term":[{"taxonomy":"ui-event-category","embeddable":true,"href":"https:\/\/upstateinternational.org\/pt\/wp-json\/wp\/v2\/ui-event-category?post=89578"}],"curies":[{"name":"wp","href":"https:\/\/api.w.org\/{rel}","templated":true}]}}

<p>A data de 20 de março foi escolhida para celebrar o aniversário da Agência de Cooperação Cultural e Técnica (ACCT), fundada em 20 de março de 1970 em Niamey, Níger. Essa agência representa o primeiro passo rumo à cooperação francófona, que um pouco mais tarde se tornaria a Organização Internacional da Francofonia.</p>



<p>A língua francesa sempre ocupou um lugar importante entre os idiomas. Primeiro, símbolo de cultura e criatividade, depois vetor da democracia e do humanismo, valores que a UNESCO busca promover. A UNESCO ama, fala e promove o francês – uma de suas seis línguas oficiais e uma de suas duas línguas de trabalho. Mas, de forma mais ampla, ao celebrar a Francofonia, a UNESCO celebra a diversidade cultural e linguística que compõe o mundo.</p>



<p>Celebrar a Francofonia é reconhecer o potencial da língua e da cultura para unir pessoas, criar espaços de solidariedade e compreensão mútua e refletir juntos sobre o nosso futuro comum. A Organização das Nações Unidas para a Educação, a Ciência e a Cultura (UNESCO) e a Organização Internacional da Francofonia (OIF) partilham esta visão comum que coloca a cultura e a língua no centro de qualquer esforço duradouro pela paz e pelo desenvolvimento.</p>



<p>Mais informações:</p>



<p>UNESCO: <a href="https://www.unesco.org/en/days/francophonie">https://www.unesco.org/en/days/francophonie</a></p>



<p>A Organização Internacional da Francofonia (OIF): <a href="https://www.francophonie.org/">https://www.francophonie.org/</a></p>



<p></p>
